Warning: file(http://www.wunderground.com/climate/extremes.asp): failed to open stream: HTTP request failed! HTTP/1.0 500 Internal Server Error in /homepages/6/d330860172/htdocs/usaextremes.php on line 55

Warning: implode(): Invalid arguments passed in /homepages/6/d330860172/htdocs/usaextremes.php on line 55

NOAA Style Climate Reports for Lebanon, TN

NOAA style reports

NOAA-style Climate Reports

2018: Jan | Feb | Mar | Apr | May | Jun | Jul | Aug | Sep | Oct | Nov | Dec 
2017: Jan | Feb | Mar | Apr | May | Jun | Jul | Aug | Sep | Oct | Nov | Dec 
2016: Jan | Feb | Mar | Apr | May | Jun | Jul | Aug | Sep | Oct | Nov | Dec 
2015: Jan | Feb | Mar | Apr | May | Jun | Jul | Aug | Sep | Oct | Nov | Dec 
2014: Jan | Feb | Mar | Apr | May | Jun | Jul | Aug | Sep | Oct | Nov | Dec 
2013: Jan | Feb | Mar | Apr | May | Jun | Jul | Aug | Sep | Oct | Nov | Dec 
2012: Jan | Feb | Mar | Apr | May | Jun | Jul | Aug | Sep | Oct | Nov | Dec 
2011: Jan | Feb | Mar | Apr | May | Jun | Jul | Aug | Sep | Oct | Nov | Dec 
2010: Jan | Feb | Mar | Apr | May | Jun | Jul | Aug | Sep | Oct | Nov | Dec 
2009: Jan | Feb | Mar | Apr | May | Jun | Jul | Aug | Sep | Oct | Nov | Dec 
2008: Jan | Feb | Mar | Apr | May | Jun | Jul | Aug | Sep | Oct | Nov | Dec 
2007: Jan | Feb | Mar | Apr | May | Jun | Jul | Aug | Sep | Oct | Nov | Dec 
2006: Jan | Feb | Mar | Apr | May | Jun | Jul | Aug | Sep | Oct | Nov | Dec 
2005: Jan | Feb | Mar | Apr | May | Jun | Jul | Aug | Sep | Oct | Nov | Dec 
2004: Jan | Feb | Mar | Apr | May | Jun | Jul | Aug | Sep | Oct | Nov | Dec 
2003: Jan | Feb | Mar | Apr | May | Jun | Jul | Aug | Sep | Oct | Nov | Dec 
2002: Jan | Feb | Mar | Apr | May | Jun | Jul | Aug | Sep | Oct | Nov | Dec 
2001: Jan | Feb | Mar | Apr | May | Jun | Jul | Aug | Sep | Oct | Nov | Dec 
2000: Jan | Feb | Mar | Apr | May | Jun | Jul | Aug | Sep | Oct | Nov | Dec 
1999: Jan | Feb | Mar | Apr | May | Jun | Jul | Aug | Sep | Oct | Nov | Dec 
1998: Jan | Feb | Mar | Apr | May | Jun | Jul | Aug | Sep | Oct | Nov | Dec 
1997: Jan | Feb | Mar | Apr | May | Jun | Jul | Aug | Sep | Oct | Nov | Dec 
1996: Jan | Feb | Mar | Apr | May | Jun | Jul | Aug | Sep | Oct | Nov | Dec 
1995: Jan | Feb | Mar | Apr | May | Jun | Jul | Aug | Sep | Oct | Nov | Dec 

Report for 2013 04
MONTHLY CLIMATOLOGICAL SUMMARY for APR. 2013 NAME: HornSpri CITY: Lebanon STATE: TN ELEV: 612 ft LAT: 36 14' 05" N LONG: 86 22' 55" W TEMPERATURE (F), RAIN (in), WIND SPEED (mph) HEAT COOL AVG MEAN DEG DEG WIND DOM DAY TEMP HIGH TIME LOW TIME DAYS DAYS RAIN SPEED HIGH TIME DIR ------------------------------------------------------------------------------------ 1 --- 61.3 16:24 42.6 00:00 13.1 0.0 0.00 3.4 17.0 17:05 NW 2 44.4 52.0 12:47 36.8 4:32 20.6 0.0 0.00 2.0 13.0 11:09 NNW 3 44.1 55.8 15:02 32.4 6:51 20.9 0.0 0.00 4.0 22.0 9:49 NE 4 44.4 47.2 17:55 41.6 10:24 20.6 0.0 0.32 2.1 9.0 2:33 NE 5 54.0 67.6 17:15 40.5 7:10 11.0 0.0 0.00 1.9 16.0 14:36 WNW 6 56.8 73.0 16:59 40.5 7:08 8.3 0.0 0.00 2.1 15.0 17:05 S 7 65.6 76.0 16:16 55.1 6:33 0.0 0.6 0.00 4.4 21.0 13:05 S 8 67.3 77.7 16:55 56.8 0:01 0.0 2.3 0.00 3.8 18.0 11:05 S 9 70.6 77.8 16:21 63.4 5:01 0.0 5.6 0.00 2.5 14.0 12:05 SSE 10 75.6 85.5 16:27 65.6 4:56 0.0 10.6 0.00 3.1 16.0 15:03 SSE 11 64.2 75.7 12:37 52.7 23:59 0.8 0.0 1.43 3.9 22.0 13:27 SSE 12 54.5 66.2 16:13 42.8 7:09 10.5 0.0 0.01 4.3 21.0 16:14 WSW 13 53.9 68.6 16:23 39.3 6:58 11.1 0.0 0.00 1.5 12.0 12:20 E 14 60.6 74.9 13:30 46.3 6:17 4.4 0.0 0.00 3.1 21.0 15:42 E 15 68.5 80.2 16:02 56.8 5:35 0.0 3.5 0.00 2.0 15.0 14:27 S 16 72.7 80.4 14:22 65.0 5:52 0.0 7.7 0.00 2.9 14.0 11:33 SSE 17 78.5 87.8 15:47 69.2 5:35 0.0 13.5 0.00 3.6 27.0 16:31 S 18 75.6 82.3 15:28 68.8 6:32 0.0 10.6 0.00 5.4 23.0 14:05 SSE 19 56.3 74.1 0:01 38.4 23:55 8.8 0.0 1.43 6.1 30.0 2:24 WSW 20 49.3 62.6 16:10 35.9 6:46 15.8 0.0 0.00 1.8 18.0 14:25 SW 21 53.3 69.4 17:10 37.3 6:29 11.7 0.0 0.00 1.4 13.0 14:26 NE 22 58.3 74.7 16:59 42.0 6:29 6.7 0.0 0.00 1.1 12.0 15:50 ESE 23 64.0 76.3 15:46 51.6 2:36 1.0 0.0 0.00 2.8 15.0 10:29 S 24 55.8 65.5 7:30 46.2 23:58 9.2 0.0 0.68 4.2 30.0 8:46 S 25 51.4 67.7 17:02 35.1 6:35 13.6 0.0 0.00 1.2 12.0 12:27 NW 26 52.2 62.7 11:28 41.7 3:36 12.8 0.0 0.09 1.6 15.0 16:32 ENE 27 55.5 60.5 17:08 50.6 3:39 9.5 0.0 3.45 2.8 20.0 22:28 E 28 62.4 69.2 15:29 55.7 23:45 2.6 0.0 0.80 2.8 15.0 2:01 SW 29 62.5 73.6 17:22 51.5 6:17 2.5 0.0 0.00 0.5 8.0 15:11 NW 30 65.6 82.3 16:27 48.9 6:34 0.0 0.6 0.00 0.8 10.0 12:52 E ------------------------------------------------------------------------------------- 59.9 87.8 17 32.4 3 215.0 54.8 8.21 2.8 30.0 19 S Max >= 90.0: 0 Max <= 32.0: 0 Min <= 32.0: 0 Min <= 0.0: 0 Max Rain: 3.45 ON 04/27/13 Days of Rain: 7 (>.01 in) 6 (>.1 in) 3 (>1 in) Heat Base: 65.0 Cool Base: 65.0 Method: (High + Low) / 2