Warning: file(http://www.wunderground.com/climate/extremes.asp): failed to open stream: HTTP request failed! HTTP/1.0 500 Internal Server Error in /homepages/6/d330860172/htdocs/usaextremes.php on line 55

Warning: implode(): Invalid arguments passed in /homepages/6/d330860172/htdocs/usaextremes.php on line 55

NOAA Style Climate Reports for Lebanon, TN

NOAA style reports

NOAA-style Climate Reports

2018: Jan | Feb | Mar | Apr | May | Jun | Jul | Aug | Sep | Oct | Nov | Dec 
2017: Jan | Feb | Mar | Apr | May | Jun | Jul | Aug | Sep | Oct | Nov | Dec 
2016: Jan | Feb | Mar | Apr | May | Jun | Jul | Aug | Sep | Oct | Nov | Dec 
2015: Jan | Feb | Mar | Apr | May | Jun | Jul | Aug | Sep | Oct | Nov | Dec 
2014: Jan | Feb | Mar | Apr | May | Jun | Jul | Aug | Sep | Oct | Nov | Dec 
2013: Jan | Feb | Mar | Apr | May | Jun | Jul | Aug | Sep | Oct | Nov | Dec 
2012: Jan | Feb | Mar | Apr | May | Jun | Jul | Aug | Sep | Oct | Nov | Dec 
2011: Jan | Feb | Mar | Apr | May | Jun | Jul | Aug | Sep | Oct | Nov | Dec 
2010: Jan | Feb | Mar | Apr | May | Jun | Jul | Aug | Sep | Oct | Nov | Dec 
2009: Jan | Feb | Mar | Apr | May | Jun | Jul | Aug | Sep | Oct | Nov | Dec 
2008: Jan | Feb | Mar | Apr | May | Jun | Jul | Aug | Sep | Oct | Nov | Dec 
2007: Jan | Feb | Mar | Apr | May | Jun | Jul | Aug | Sep | Oct | Nov | Dec 
2006: Jan | Feb | Mar | Apr | May | Jun | Jul | Aug | Sep | Oct | Nov | Dec 
2005: Jan | Feb | Mar | Apr | May | Jun | Jul | Aug | Sep | Oct | Nov | Dec 
2004: Jan | Feb | Mar | Apr | May | Jun | Jul | Aug | Sep | Oct | Nov | Dec 
2003: Jan | Feb | Mar | Apr | May | Jun | Jul | Aug | Sep | Oct | Nov | Dec 
2002: Jan | Feb | Mar | Apr | May | Jun | Jul | Aug | Sep | Oct | Nov | Dec 
2001: Jan | Feb | Mar | Apr | May | Jun | Jul | Aug | Sep | Oct | Nov | Dec 
2000: Jan | Feb | Mar | Apr | May | Jun | Jul | Aug | Sep | Oct | Nov | Dec 
1999: Jan | Feb | Mar | Apr | May | Jun | Jul | Aug | Sep | Oct | Nov | Dec 
1998: Jan | Feb | Mar | Apr | May | Jun | Jul | Aug | Sep | Oct | Nov | Dec 
1997: Jan | Feb | Mar | Apr | May | Jun | Jul | Aug | Sep | Oct | Nov | Dec 
1996: Jan | Feb | Mar | Apr | May | Jun | Jul | Aug | Sep | Oct | Nov | Dec 
1995: Jan | Feb | Mar | Apr | May | Jun | Jul | Aug | Sep | Oct | Nov | Dec 

Report for 2013 05
MONTHLY CLIMATOLOGICAL SUMMARY for MAY. 2013 NAME: HornSpri CITY: Lebanon STATE: TN ELEV: 612 ft LAT: 36 14' 05" N LONG: 86 22' 55" W TEMPERATURE (F), RAIN (in), WIND SPEED (mph) HEAT COOL AVG MEAN DEG DEG WIND DOM DAY TEMP HIGH TIME LOW TIME DAYS DAYS RAIN SPEED HIGH TIME DIR ------------------------------------------------------------------------------------ 1 67.9 80.8 14:24 55.1 6:24 0.0 2.9 0.00 0.7 11.0 14:32 ENE 2 66.9 76.0 16:33 57.9 6:27 0.0 1.9 0.00 1.0 10.0 10:30 E 3 67.6 75.2 13:03 60.1 6:43 0.0 2.6 0.00 2.9 28.0 16:49 ESE 4 54.2 62.8 0:01 45.5 20:20 10.8 0.0 2.08 1.6 11.0 2:45 SW 5 51.3 56.6 18:28 46.0 0:01 13.7 0.0 0.29 1.2 8.0 5:00 W 6 56.2 64.3 14:01 48.0 00:00 8.8 0.0 0.20 1.2 16.0 7:55 NW 7 58.8 71.3 16:25 46.3 4:51 6.2 0.0 0.00 0.7 12.0 14:09 W 8 65.4 78.0 14:33 52.8 3:26 0.0 0.4 0.00 1.2 13.0 13:35 SW 9 69.2 83.0 16:15 55.4 5:38 0.0 4.2 0.00 0.9 11.0 13:15 SW 10 67.4 71.7 17:31 63.2 11:56 0.0 2.4 0.52 1.2 14.0 15:16 SSW 11 60.0 65.4 15:19 54.5 22:26 5.0 0.0 0.07 2.1 17.0 15:37 NW 12 53.7 63.9 16:23 43.4 6:30 11.3 0.0 0.00 2.7 18.0 0:43 NW 13 54.8 70.5 16:01 39.0 5:49 10.3 0.0 0.00 1.4 15.0 13:02 WNW 14 66.0 85.7 16:33 46.3 5:44 0.0 1.0 0.00 2.1 21.0 15:26 SSW 15 74.9 87.1 15:50 62.7 6:25 0.0 9.9 0.00 2.3 18.0 15:39 SW 16 75.7 85.6 15:54 65.8 6:32 0.0 10.7 0.00 1.1 15.0 11:04 SW 17 66.4 68.8 15:36 64.0 5:48 0.0 1.4 0.65 1.0 9.0 14:07 E 18 73.3 81.4 15:14 65.2 2:36 0.0 8.3 0.03 0.8 10.0 11:28 SW 19 75.5 82.7 15:48 68.3 23:58 0.0 10.5 0.68 1.2 16.0 16:09 E 20 74.6 84.3 16:14 64.9 5:56 0.0 9.6 0.00 0.9 10.0 15:37 S 21 75.3 84.5 12:11 66.1 14:44 0.0 10.3 0.26 1.3 30.0 13:03 SW 22 72.2 80.0 15:54 64.4 6:03 0.0 7.2 0.01 1.9 16.0 15:07 SW 23 69.4 76.0 14:55 62.8 23:33 0.0 4.4 0.00 2.8 20.0 16:45 SW 24 62.0 71.6 16:36 52.4 00:00 3.0 0.0 0.00 3.1 17.0 1:53 NNW 25 63.3 78.1 16:36 48.6 6:09 1.7 0.0 0.00 1.1 13.0 15:05 E 26 69.3 82.5 16:30 56.0 2:00 0.0 4.3 0.00 1.7 11.0 9:03 E 27 72.9 86.8 15:46 59.1 4:46 0.0 7.9 0.00 1.2 19.0 13:22 SW 28 78.7 88.5 16:03 68.8 6:00 0.0 13.7 0.00 1.5 18.0 12:00 SSW 29 78.6 88.1 16:34 69.0 5:50 0.0 13.6 0.00 0.9 13.0 15:42 SSW 30 78.3 85.8 16:20 70.7 6:00 0.0 13.3 0.00 1.4 16.0 18:16 ESE 31 77.9 83.2 16:04 72.6 5:43 0.0 12.9 0.01 1.0 12.0 11:32 ESE ------------------------------------------------------------------------------------- 67.7 88.5 28 39.0 13 70.9 153.4 4.80 1.5 30.0 21 SW Max >= 90.0: 0 Max <= 32.0: 0 Min <= 32.0: 0 Min <= 0.0: 0 Max Rain: 2.08 ON 05/04/13 Days of Rain: 9 (>.01 in) 7 (>.1 in) 1 (>1 in) Heat Base: 65.0 Cool Base: 65.0 Method: (High + Low) / 2