Warning: file(http://www.wunderground.com/climate/extremes.asp): failed to open stream: HTTP request failed! HTTP/1.0 500 Internal Server Error in /homepages/6/d330860172/htdocs/usaextremes.php on line 55

Warning: implode(): Invalid arguments passed in /homepages/6/d330860172/htdocs/usaextremes.php on line 55

NOAA Style Climate Reports for Lebanon, TN

NOAA style reports

NOAA-style Climate Reports

2018: Jan | Feb | Mar | Apr | May | Jun | Jul | Aug | Sep | Oct | Nov | Dec 
2017: Jan | Feb | Mar | Apr | May | Jun | Jul | Aug | Sep | Oct | Nov | Dec 
2016: Jan | Feb | Mar | Apr | May | Jun | Jul | Aug | Sep | Oct | Nov | Dec 
2015: Jan | Feb | Mar | Apr | May | Jun | Jul | Aug | Sep | Oct | Nov | Dec 
2014: Jan | Feb | Mar | Apr | May | Jun | Jul | Aug | Sep | Oct | Nov | Dec 
2013: Jan | Feb | Mar | Apr | May | Jun | Jul | Aug | Sep | Oct | Nov | Dec 
2012: Jan | Feb | Mar | Apr | May | Jun | Jul | Aug | Sep | Oct | Nov | Dec 
2011: Jan | Feb | Mar | Apr | May | Jun | Jul | Aug | Sep | Oct | Nov | Dec 
2010: Jan | Feb | Mar | Apr | May | Jun | Jul | Aug | Sep | Oct | Nov | Dec 
2009: Jan | Feb | Mar | Apr | May | Jun | Jul | Aug | Sep | Oct | Nov | Dec 
2008: Jan | Feb | Mar | Apr | May | Jun | Jul | Aug | Sep | Oct | Nov | Dec 
2007: Jan | Feb | Mar | Apr | May | Jun | Jul | Aug | Sep | Oct | Nov | Dec 
2006: Jan | Feb | Mar | Apr | May | Jun | Jul | Aug | Sep | Oct | Nov | Dec 
2005: Jan | Feb | Mar | Apr | May | Jun | Jul | Aug | Sep | Oct | Nov | Dec 
2004: Jan | Feb | Mar | Apr | May | Jun | Jul | Aug | Sep | Oct | Nov | Dec 
2003: Jan | Feb | Mar | Apr | May | Jun | Jul | Aug | Sep | Oct | Nov | Dec 
2002: Jan | Feb | Mar | Apr | May | Jun | Jul | Aug | Sep | Oct | Nov | Dec 
2001: Jan | Feb | Mar | Apr | May | Jun | Jul | Aug | Sep | Oct | Nov | Dec 
2000: Jan | Feb | Mar | Apr | May | Jun | Jul | Aug | Sep | Oct | Nov | Dec 
1999: Jan | Feb | Mar | Apr | May | Jun | Jul | Aug | Sep | Oct | Nov | Dec 
1998: Jan | Feb | Mar | Apr | May | Jun | Jul | Aug | Sep | Oct | Nov | Dec 
1997: Jan | Feb | Mar | Apr | May | Jun | Jul | Aug | Sep | Oct | Nov | Dec 
1996: Jan | Feb | Mar | Apr | May | Jun | Jul | Aug | Sep | Oct | Nov | Dec 
1995: Jan | Feb | Mar | Apr | May | Jun | Jul | Aug | Sep | Oct | Nov | Dec 

Report for 2013 06
MONTHLY CLIMATOLOGICAL SUMMARY for JUN. 2013 NAME: HornSpri CITY: Lebanon STATE: TN ELEV: 612 ft LAT: 36 14' 05" N LONG: 86 22' 55" W TEMPERATURE (F), RAIN (in), WIND SPEED (mph) HEAT COOL AVG MEAN DEG DEG WIND DOM DAY TEMP HIGH TIME LOW TIME DAYS DAYS RAIN SPEED HIGH TIME DIR ------------------------------------------------------------------------------------ 1 77.1 85.7 13:52 68.6 23:15 0.0 12.1 0.59 2.0 23.0 16:45 SW 2 72.2 78.9 16:28 65.5 23:58 0.0 7.2 0.02 0.7 9.0 10:20 NNW 3 69.2 77.9 16:22 60.5 6:18 0.0 4.2 0.00 1.5 11.0 11:16 NW 4 70.7 83.5 16:53 57.8 5:43 0.0 5.7 0.00 1.2 9.0 7:25 ENE 5 71.9 81.4 16:19 62.5 4:57 0.0 6.9 0.05 0.5 17.0 9:28 SW 6 74.3 80.1 17:09 68.5 6:21 0.0 9.3 0.05 0.7 11.0 9:52 SW 7 72.4 78.7 14:14 66.2 5:38 0.0 7.4 0.12 0.6 19.0 16:35 NNW 8 73.7 82.8 16:55 64.5 23:55 0.0 8.7 0.01 0.8 9.0 13:36 SW 9 71.3 79.7 16:59 62.8 1:55 0.0 6.3 0.41 1.0 15.0 7:36 ESE 10 75.9 83.9 13:46 67.8 3:52 0.0 10.9 0.38 1.7 19.0 14:54 SW 11 78.8 91.6 16:49 66.1 6:04 0.0 13.8 0.00 0.6 10.0 12:51 SW 12 85.1 93.7 16:20 76.4 0:07 0.0 20.1 0.00 2.1 13.0 15:30 SW 13 79.9 87.9 12:36 71.8 23:55 0.0 14.9 0.02 5.2 24.0 12:34 SW 14 72.2 84.3 16:27 60.0 6:33 0.0 7.2 0.00 1.6 13.0 15:07 NNW 15 74.8 89.4 16:29 60.3 5:49 0.0 9.8 0.00 0.4 9.0 14:32 SW 16 78.1 87.1 13:58 69.2 3:07 0.0 13.1 0.00 1.3 13.0 11:51 SW 17 78.8 87.6 14:28 69.9 23:55 0.0 13.8 0.15 0.6 18.0 16:55 SW 18 75.1 82.9 17:02 67.2 9:54 0.0 10.1 0.80 1.8 17.0 9:36 NNW 19 76.7 87.8 16:48 65.6 5:28 0.0 11.7 0.00 0.8 8.0 7:22 NNE 20 77.6 88.7 13:43 66.5 6:15 0.0 12.6 0.00 0.9 11.0 18:11 ENE 21 76.6 87.7 15:57 65.5 5:43 0.0 11.6 0.00 1.1 19.0 16:03 ESE 22 78.6 89.7 16:19 67.4 5:59 0.0 13.6 0.00 0.5 11.0 10:06 SW 23 77.1 87.6 14:29 66.6 6:05 0.0 12.1 0.00 0.7 10.0 14:25 WSW 24 78.9 85.9 11:25 71.9 1:14 0.0 13.9 0.17 0.6 11.0 12:46 SW 25 80.6 90.3 16:30 70.9 1:14 0.0 15.6 0.00 0.8 10.0 12:08 SW 26 82.4 91.4 16:05 73.5 5:40 0.0 17.4 0.00 2.5 19.0 17:25 SW 27 83.6 93.7 16:17 73.4 3:40 0.0 18.6 0.00 2.8 22.0 1:23 SW 28 80.6 88.4 16:58 72.7 5:40 0.0 15.6 0.02 1.5 13.0 9:26 SW 29 76.4 87.0 16:14 65.8 5:25 0.0 11.4 0.00 2.6 18.0 11:39 SW 30 73.1 83.6 16:26 62.5 6:04 0.0 8.1 0.00 1.1 11.0 13:29 W ------------------------------------------------------------------------------------- 76.4 93.7 12 57.8 4 0.0 343.4 2.79 1.3 24.0 13 SW Max >= 90.0: 5 Max <= 32.0: 0 Min <= 32.0: 0 Min <= 0.0: 0 Max Rain: 0.80 ON 06/18/13 Days of Rain: 12 (>.01 in) 7 (>.1 in) 0 (>1 in) Heat Base: 65.0 Cool Base: 65.0 Method: (High + Low) / 2