Warning: file(http://www.wunderground.com/climate/extremes.asp): failed to open stream: HTTP request failed! HTTP/1.0 500 Internal Server Error in /homepages/6/d330860172/htdocs/usaextremes.php on line 55

Warning: implode(): Invalid arguments passed in /homepages/6/d330860172/htdocs/usaextremes.php on line 55

NOAA Style Climate Reports for Lebanon, TN

NOAA style reports

NOAA-style Climate Reports

2018: Jan | Feb | Mar | Apr | May | Jun | Jul | Aug | Sep | Oct | Nov | Dec 
2017: Jan | Feb | Mar | Apr | May | Jun | Jul | Aug | Sep | Oct | Nov | Dec 
2016: Jan | Feb | Mar | Apr | May | Jun | Jul | Aug | Sep | Oct | Nov | Dec 
2015: Jan | Feb | Mar | Apr | May | Jun | Jul | Aug | Sep | Oct | Nov | Dec 
2014: Jan | Feb | Mar | Apr | May | Jun | Jul | Aug | Sep | Oct | Nov | Dec 
2013: Jan | Feb | Mar | Apr | May | Jun | Jul | Aug | Sep | Oct | Nov | Dec 
2012: Jan | Feb | Mar | Apr | May | Jun | Jul | Aug | Sep | Oct | Nov | Dec 
2011: Jan | Feb | Mar | Apr | May | Jun | Jul | Aug | Sep | Oct | Nov | Dec 
2010: Jan | Feb | Mar | Apr | May | Jun | Jul | Aug | Sep | Oct | Nov | Dec 
2009: Jan | Feb | Mar | Apr | May | Jun | Jul | Aug | Sep | Oct | Nov | Dec 
2008: Jan | Feb | Mar | Apr | May | Jun | Jul | Aug | Sep | Oct | Nov | Dec 
2007: Jan | Feb | Mar | Apr | May | Jun | Jul | Aug | Sep | Oct | Nov | Dec 
2006: Jan | Feb | Mar | Apr | May | Jun | Jul | Aug | Sep | Oct | Nov | Dec 
2005: Jan | Feb | Mar | Apr | May | Jun | Jul | Aug | Sep | Oct | Nov | Dec 
2004: Jan | Feb | Mar | Apr | May | Jun | Jul | Aug | Sep | Oct | Nov | Dec 
2003: Jan | Feb | Mar | Apr | May | Jun | Jul | Aug | Sep | Oct | Nov | Dec 
2002: Jan | Feb | Mar | Apr | May | Jun | Jul | Aug | Sep | Oct | Nov | Dec 
2001: Jan | Feb | Mar | Apr | May | Jun | Jul | Aug | Sep | Oct | Nov | Dec 
2000: Jan | Feb | Mar | Apr | May | Jun | Jul | Aug | Sep | Oct | Nov | Dec 
1999: Jan | Feb | Mar | Apr | May | Jun | Jul | Aug | Sep | Oct | Nov | Dec 
1998: Jan | Feb | Mar | Apr | May | Jun | Jul | Aug | Sep | Oct | Nov | Dec 
1997: Jan | Feb | Mar | Apr | May | Jun | Jul | Aug | Sep | Oct | Nov | Dec 
1996: Jan | Feb | Mar | Apr | May | Jun | Jul | Aug | Sep | Oct | Nov | Dec 
1995: Jan | Feb | Mar | Apr | May | Jun | Jul | Aug | Sep | Oct | Nov | Dec 

Report for 2013 07
MONTHLY CLIMATOLOGICAL SUMMARY for JUL. 2013 NAME: HornSpri CITY: Lebanon STATE: TN ELEV: 612 ft LAT: 36 14' 05" N LONG: 86 22' 55" W TEMPERATURE (F), RAIN (in), WIND SPEED (mph) HEAT COOL AVG MEAN DEG DEG WIND DOM DAY TEMP HIGH TIME LOW TIME DAYS DAYS RAIN SPEED HIGH TIME DIR ------------------------------------------------------------------------------------ 1 74.4 83.8 14:42 65.0 6:16 0.0 9.4 0.00 1.3 16.0 15:50 SW 2 73.1 83.1 16:24 63.1 3:26 0.0 8.1 0.00 1.5 16.0 12:46 SW 3 73.8 83.9 14:03 63.7 6:22 0.0 8.8 0.00 0.8 13.0 19:08 ESE 4 69.3 72.3 0:01 66.2 13:23 0.0 4.3 2.15 1.6 10.0 13:02 E 5 72.3 77.6 15:46 67.1 0:01 0.0 7.3 0.29 0.4 8.0 19:22 ESE 6 69.7 72.3 15:02 67.0 9:06 0.0 4.7 1.01 1.2 10.0 18:14 E 7 77.0 87.3 16:54 66.7 2:47 0.0 12.0 0.00 0.4 10.0 1:58 W 8 80.8 89.6 16:26 71.9 5:48 0.0 15.8 0.00 0.4 7.0 8:16 SW 9 82.8 92.1 15:13 73.5 3:46 0.0 17.8 0.00 0.9 11.0 13:26 SW 10 81.7 91.4 16:32 71.9 23:10 0.0 16.7 0.51 1.3 14.0 12:21 SW 11 78.4 87.2 14:15 69.6 5:54 0.0 13.4 0.02 1.1 11.0 15:23 NNW 12 74.5 83.2 16:14 65.8 00:00 0.0 9.5 0.00 2.3 15.0 10:03 NNE 13 73.1 85.8 16:41 60.4 6:00 0.0 8.1 0.00 1.4 9.0 9:19 ENE 14 77.7 86.5 16:40 68.9 3:34 0.0 12.7 0.04 1.7 14.0 16:41 E 15 80.6 89.2 16:18 72.1 5:55 0.0 15.6 0.00 1.3 11.0 16:18 E 16 81.9 93.0 16:50 70.9 6:19 0.0 16.9 0.00 0.8 9.0 13:55 NE 17 83.9 94.9 16:19 72.9 5:52 0.0 18.9 0.00 1.0 10.0 11:33 NE 18 83.1 90.5 12:50 75.6 23:59 0.0 18.1 0.00 0.3 18.0 14:33 NE 19 83.2 93.6 16:28 72.8 5:22 0.0 18.2 0.00 0.8 10.0 9:45 SW 20 81.4 91.8 15:26 70.9 23:33 0.0 16.4 0.10 1.6 24.0 21:44 SW 21 77.8 85.5 11:43 70.0 3:09 0.0 12.8 0.04 0.9 19.0 12:16 SW 22 74.3 77.1 18:19 71.5 00:00 0.0 9.3 0.35 2.1 16.0 9:13 SW 23 79.1 88.3 15:58 69.8 6:09 0.0 14.1 0.00 1.4 12.0 15:12 SW 24 78.2 86.3 15:15 70.0 23:58 0.0 13.2 0.00 1.5 13.0 17:44 NNW 25 73.0 84.0 17:01 62.0 5:55 0.0 8.0 0.00 1.3 11.0 12:34 NW 26 73.8 85.8 16:38 61.8 6:03 0.0 8.8 0.00 0.6 11.0 14:46 NW 27 76.9 85.2 16:26 68.6 6:51 0.0 11.9 0.10 1.3 13.0 15:34 W 28 69.1 78.3 14:36 59.8 6:33 0.0 4.1 0.00 1.2 9.0 2:11 NNW 29 69.1 80.5 12:12 57.6 6:36 0.0 4.1 0.00 0.7 8.0 10:55 NE 30 73.6 83.6 12:53 63.5 6:29 0.0 8.6 0.38 1.0 10.0 18:56 E 31 75.6 83.3 16:11 67.9 3:45 0.0 10.6 0.19 0.9 13.0 2:48 SW ------------------------------------------------------------------------------------- 76.5 94.9 17 57.6 29 0.0 357.7 5.18 1.1 24.0 20 SW Max >= 90.0: 7 Max <= 32.0: 0 Min <= 32.0: 0 Min <= 0.0: 0 Max Rain: 2.15 ON 07/04/13 Days of Rain: 12 (>.01 in) 7 (>.1 in) 2 (>1 in) Heat Base: 65.0 Cool Base: 65.0 Method: (High + Low) / 2