Warning: file(http://www.wunderground.com/climate/extremes.asp): failed to open stream: HTTP request failed! HTTP/1.0 500 Internal Server Error in /homepages/6/d330860172/htdocs/usaextremes.php on line 55

Warning: implode(): Invalid arguments passed in /homepages/6/d330860172/htdocs/usaextremes.php on line 55

NOAA Style Climate Reports for Lebanon, TN

NOAA style reports

NOAA-style Climate Reports

2018: Jan | Feb | Mar | Apr | May | Jun | Jul | Aug | Sep | Oct | Nov | Dec 
2017: Jan | Feb | Mar | Apr | May | Jun | Jul | Aug | Sep | Oct | Nov | Dec 
2016: Jan | Feb | Mar | Apr | May | Jun | Jul | Aug | Sep | Oct | Nov | Dec 
2015: Jan | Feb | Mar | Apr | May | Jun | Jul | Aug | Sep | Oct | Nov | Dec 
2014: Jan | Feb | Mar | Apr | May | Jun | Jul | Aug | Sep | Oct | Nov | Dec 
2013: Jan | Feb | Mar | Apr | May | Jun | Jul | Aug | Sep | Oct | Nov | Dec 
2012: Jan | Feb | Mar | Apr | May | Jun | Jul | Aug | Sep | Oct | Nov | Dec 
2011: Jan | Feb | Mar | Apr | May | Jun | Jul | Aug | Sep | Oct | Nov | Dec 
2010: Jan | Feb | Mar | Apr | May | Jun | Jul | Aug | Sep | Oct | Nov | Dec 
2009: Jan | Feb | Mar | Apr | May | Jun | Jul | Aug | Sep | Oct | Nov | Dec 
2008: Jan | Feb | Mar | Apr | May | Jun | Jul | Aug | Sep | Oct | Nov | Dec 
2007: Jan | Feb | Mar | Apr | May | Jun | Jul | Aug | Sep | Oct | Nov | Dec 
2006: Jan | Feb | Mar | Apr | May | Jun | Jul | Aug | Sep | Oct | Nov | Dec 
2005: Jan | Feb | Mar | Apr | May | Jun | Jul | Aug | Sep | Oct | Nov | Dec 
2004: Jan | Feb | Mar | Apr | May | Jun | Jul | Aug | Sep | Oct | Nov | Dec 
2003: Jan | Feb | Mar | Apr | May | Jun | Jul | Aug | Sep | Oct | Nov | Dec 
2002: Jan | Feb | Mar | Apr | May | Jun | Jul | Aug | Sep | Oct | Nov | Dec 
2001: Jan | Feb | Mar | Apr | May | Jun | Jul | Aug | Sep | Oct | Nov | Dec 
2000: Jan | Feb | Mar | Apr | May | Jun | Jul | Aug | Sep | Oct | Nov | Dec 
1999: Jan | Feb | Mar | Apr | May | Jun | Jul | Aug | Sep | Oct | Nov | Dec 
1998: Jan | Feb | Mar | Apr | May | Jun | Jul | Aug | Sep | Oct | Nov | Dec 
1997: Jan | Feb | Mar | Apr | May | Jun | Jul | Aug | Sep | Oct | Nov | Dec 
1996: Jan | Feb | Mar | Apr | May | Jun | Jul | Aug | Sep | Oct | Nov | Dec 
1995: Jan | Feb | Mar | Apr | May | Jun | Jul | Aug | Sep | Oct | Nov | Dec 

Report for 2013 08
MONTHLY CLIMATOLOGICAL SUMMARY for AUG. 2013 NAME: HornSpri CITY: Lebanon STATE: TN ELEV: 612 ft LAT: 36 14' 05" N LONG: 86 22' 55" W TEMPERATURE (F), RAIN (in), WIND SPEED (mph) HEAT COOL AVG MEAN DEG DEG WIND DOM DAY TEMP HIGH TIME LOW TIME DAYS DAYS RAIN SPEED HIGH TIME DIR ------------------------------------------------------------------------------------ 1 75.7 83.3 17:01 68.0 23:59 0.0 10.7 0.00 1.4 11.0 10:56 WNW 2 74.7 86.3 16:38 63.1 6:19 0.0 9.7 0.00 0.4 8.0 10:44 ESE 3 76.9 83.5 15:28 70.3 6:15 0.0 11.9 0.00 1.1 11.0 12:10 SW 4 76.3 85.2 16:49 67.3 23:54 0.0 11.3 0.00 1.7 11.0 10:02 NNW 5 72.2 82.8 14:08 61.5 5:46 0.0 7.2 0.00 0.6 8.0 8:50 W 6 76.6 82.3 15:49 70.9 0:01 0.0 11.6 0.01 0.0 1.0 9:26 S 7 77.1 80.2 15:45 74.1 12:05 0.0 12.1 0.10 0.2 13.0 10:37 SW 8 73.3 74.8 0:01 71.7 9:08 0.0 8.3 5.46 0.0 1.0 5:53 NNE 9 80.7 89.5 15:43 71.8 0:09 0.0 15.7 0.02 0.6 11.0 9:31 SW 10 80.3 88.5 16:21 72.0 6:14 0.0 15.3 0.00 1.1 13.0 10:03 WSW 11 80.6 86.6 15:48 74.5 6:18 0.0 15.6 0.01 0.8 10.0 14:06 SW 12 76.9 82.3 17:17 71.5 11:23 0.0 11.9 0.43 0.6 23.0 10:46 SW 13 78.0 84.2 14:54 71.8 4:42 0.0 13.0 0.00 2.1 13.0 16:13 SW 14 68.9 77.6 16:12 60.3 23:58 0.0 3.9 0.00 2.5 14.0 10:57 N 15 68.3 80.5 17:01 56.2 6:17 0.0 3.3 0.00 1.2 9.0 8:20 NE 16 71.3 77.6 17:04 64.9 6:41 0.0 6.3 0.06 0.5 8.0 13:38 NE 17 73.4 79.1 16:43 67.8 5:03 0.0 8.4 0.01 0.8 8.0 16:03 SW 18 72.8 77.7 15:42 67.8 6:27 0.0 7.8 0.00 0.8 9.0 15:46 E 19 75.9 85.0 16:48 66.9 5:43 0.0 10.9 0.00 0.4 6.0 14:26 NE 20 77.1 83.2 12:26 71.1 23:59 0.0 12.1 0.07 1.1 13.0 13:18 ENE 21 77.5 85.7 17:02 69.3 5:55 0.0 12.5 0.27 0.7 12.0 12:49 SW 22 80.1 90.7 15:55 69.5 6:48 0.0 15.1 0.00 0.5 9.0 15:20 SW 23 78.8 88.0 14:35 69.6 6:42 0.0 13.8 0.00 0.6 8.0 14:12 NE 24 79.1 90.1 16:56 68.0 5:59 0.0 14.1 0.00 1.5 13.0 14:41 NE 25 77.9 88.8 16:19 67.0 6:18 0.0 12.9 0.00 0.6 9.0 14:39 ENE 26 76.8 89.1 16:21 64.4 6:11 0.0 11.8 0.00 0.4 9.0 10:31 SW 27 77.4 89.3 16:02 65.6 6:38 0.0 12.4 0.00 0.8 10.0 11:48 WSW 28 80.3 90.8 16:10 69.7 7:03 0.0 15.3 0.00 1.1 12.0 11:16 WSW 29 82.3 92.6 16:45 72.0 3:58 0.0 17.3 0.00 1.4 12.0 15:35 SW 30 84.4 95.6 16:20 73.2 6:42 0.0 19.4 0.00 1.1 13.0 14:46 WSW 31 83.4 93.5 16:35 73.3 6:29 0.0 18.4 0.02 1.0 13.0 12:58 SW ------------------------------------------------------------------------------------- 76.9 95.6 30 56.2 15 0.0 369.7 6.46 0.9 23.0 12 SW Max >= 90.0: 6 Max <= 32.0: 0 Min <= 32.0: 0 Min <= 0.0: 0 Max Rain: 5.46 ON 08/08/13 Days of Rain: 8 (>.01 in) 3 (>.1 in) 1 (>1 in) Heat Base: 65.0 Cool Base: 65.0 Method: (High + Low) / 2