Warning: file(http://www.wunderground.com/climate/extremes.asp): failed to open stream: HTTP request failed! HTTP/1.0 500 Internal Server Error in /homepages/6/d330860172/htdocs/usaextremes.php on line 55

Warning: implode(): Invalid arguments passed in /homepages/6/d330860172/htdocs/usaextremes.php on line 55

NOAA Style Climate Reports for Lebanon, TN

NOAA style reports

NOAA-style Climate Reports

2018: Jan | Feb | Mar | Apr | May | Jun | Jul | Aug | Sep | Oct | Nov | Dec 
2017: Jan | Feb | Mar | Apr | May | Jun | Jul | Aug | Sep | Oct | Nov | Dec 
2016: Jan | Feb | Mar | Apr | May | Jun | Jul | Aug | Sep | Oct | Nov | Dec 
2015: Jan | Feb | Mar | Apr | May | Jun | Jul | Aug | Sep | Oct | Nov | Dec 
2014: Jan | Feb | Mar | Apr | May | Jun | Jul | Aug | Sep | Oct | Nov | Dec 
2013: Jan | Feb | Mar | Apr | May | Jun | Jul | Aug | Sep | Oct | Nov | Dec 
2012: Jan | Feb | Mar | Apr | May | Jun | Jul | Aug | Sep | Oct | Nov | Dec 
2011: Jan | Feb | Mar | Apr | May | Jun | Jul | Aug | Sep | Oct | Nov | Dec 
2010: Jan | Feb | Mar | Apr | May | Jun | Jul | Aug | Sep | Oct | Nov | Dec 
2009: Jan | Feb | Mar | Apr | May | Jun | Jul | Aug | Sep | Oct | Nov | Dec 
2008: Jan | Feb | Mar | Apr | May | Jun | Jul | Aug | Sep | Oct | Nov | Dec 
2007: Jan | Feb | Mar | Apr | May | Jun | Jul | Aug | Sep | Oct | Nov | Dec 
2006: Jan | Feb | Mar | Apr | May | Jun | Jul | Aug | Sep | Oct | Nov | Dec 
2005: Jan | Feb | Mar | Apr | May | Jun | Jul | Aug | Sep | Oct | Nov | Dec 
2004: Jan | Feb | Mar | Apr | May | Jun | Jul | Aug | Sep | Oct | Nov | Dec 
2003: Jan | Feb | Mar | Apr | May | Jun | Jul | Aug | Sep | Oct | Nov | Dec 
2002: Jan | Feb | Mar | Apr | May | Jun | Jul | Aug | Sep | Oct | Nov | Dec 
2001: Jan | Feb | Mar | Apr | May | Jun | Jul | Aug | Sep | Oct | Nov | Dec 
2000: Jan | Feb | Mar | Apr | May | Jun | Jul | Aug | Sep | Oct | Nov | Dec 
1999: Jan | Feb | Mar | Apr | May | Jun | Jul | Aug | Sep | Oct | Nov | Dec 
1998: Jan | Feb | Mar | Apr | May | Jun | Jul | Aug | Sep | Oct | Nov | Dec 
1997: Jan | Feb | Mar | Apr | May | Jun | Jul | Aug | Sep | Oct | Nov | Dec 
1996: Jan | Feb | Mar | Apr | May | Jun | Jul | Aug | Sep | Oct | Nov | Dec 
1995: Jan | Feb | Mar | Apr | May | Jun | Jul | Aug | Sep | Oct | Nov | Dec 

Report for 2013 09
MONTHLY CLIMATOLOGICAL SUMMARY for SEP. 2013 NAME: HornSpri CITY: Lebanon STATE: TN ELEV: 612 ft LAT: 36 14' 05" N LONG: 86 22' 55" W TEMPERATURE (F), RAIN (in), WIND SPEED (mph) HEAT COOL AVG MEAN DEG DEG WIND DOM DAY TEMP HIGH TIME LOW TIME DAYS DAYS RAIN SPEED HIGH TIME DIR ------------------------------------------------------------------------------------ 1 76.2 81.9 17:11 70.4 9:02 0.0 11.2 0.06 1.7 20.0 3:41 SW 2 78.0 86.1 14:04 69.9 5:06 0.0 13.0 0.16 1.1 13.0 15:44 SW 3 75.6 84.5 16:04 66.6 23:56 0.0 10.6 0.00 1.1 11.0 13:19 NNW 4 72.6 83.3 16:38 61.8 6:52 0.0 7.6 0.00 0.7 9.0 11:04 NE 5 72.2 85.3 16:52 59.1 7:00 0.0 7.2 0.00 0.9 10.0 12:52 NE 6 74.7 88.2 16:46 61.2 6:51 0.0 9.7 0.00 1.2 14.0 11:12 NE 7 77.4 91.9 16:40 62.9 6:39 0.0 12.4 0.00 0.7 10.0 14:46 W 8 78.7 89.0 15:31 68.4 4:12 0.0 13.7 0.00 0.4 8.0 12:39 ENE 9 82.2 92.8 15:50 71.5 6:58 0.0 17.2 0.00 0.6 9.0 10:09 SW 10 80.6 90.3 13:16 70.8 23:48 0.0 15.6 0.88 0.8 19.0 15:44 E 11 78.1 87.8 16:00 68.3 6:39 0.0 13.1 0.01 1.3 20.0 16:30 E 12 76.2 83.8 11:25 68.6 4:34 0.0 11.2 0.00 1.6 19.0 16:48 SW 13 66.7 75.3 16:30 58.1 23:57 0.0 1.7 0.00 2.7 16.0 10:25 NNW 14 63.9 75.8 16:48 51.9 6:53 1.1 0.0 0.00 1.9 14.0 8:03 NNE 15 68.8 85.2 16:43 52.5 5:51 0.0 3.8 0.00 0.9 13.0 13:51 SW 16 68.4 77.8 16:33 59.0 6:57 0.0 3.4 0.00 0.6 8.0 12:25 NNW 17 72.0 81.5 17:15 62.5 6:50 0.0 7.0 0.00 1.0 8.0 8:06 NE 18 73.6 80.6 15:43 66.6 7:14 0.0 8.6 0.00 0.6 13.0 10:35 SW 19 78.2 88.3 16:51 68.0 6:21 0.0 13.2 0.00 0.6 13.0 10:11 SSW 20 78.1 85.9 14:29 70.2 6:40 0.0 13.1 0.41 0.9 14.0 9:50 SSW 21 65.0 73.1 17:02 56.9 23:17 0.0 0.0 0.82 2.2 21.0 2:52 NW 22 62.9 75.2 16:32 50.6 7:14 2.1 0.0 0.00 1.5 13.0 10:20 NNE 23 66.9 82.1 17:20 51.8 3:56 0.0 1.9 0.00 0.9 8.0 8:19 ENE 24 68.6 80.1 16:51 57.1 7:05 0.0 3.6 0.36 0.7 12.0 16:51 ESE 25 67.6 72.2 17:45 63.0 23:54 0.0 2.6 0.06 0.4 7.0 9:40 NE 26 69.8 79.7 17:19 59.8 23:56 0.0 4.8 0.00 0.9 10.0 14:47 E 27 68.1 82.5 17:14 53.7 6:51 0.0 3.1 0.00 0.7 8.0 16:29 ENE 28 70.2 81.3 17:12 59.0 7:10 0.0 5.2 0.00 0.6 12.0 11:43 SW 29 66.2 73.5 14:18 58.8 23:57 0.0 1.2 0.00 0.4 8.0 8:51 SW 30 68.0 77.9 17:09 58.1 2:17 0.0 3.0 0.00 1.0 14.0 11:09 SSW ------------------------------------------------------------------------------------- 72.2 92.8 9 50.6 22 3.3 218.3 2.76 1.0 21.0 21 SW Max >= 90.0: 3 Max <= 32.0: 0 Min <= 32.0: 0 Min <= 0.0: 0 Max Rain: 0.88 ON 09/10/13 Days of Rain: 7 (>.01 in) 5 (>.1 in) 0 (>1 in) Heat Base: 65.0 Cool Base: 65.0 Method: (High + Low) / 2