Warning: file(http://www.wunderground.com/climate/extremes.asp): failed to open stream: HTTP request failed! HTTP/1.0 500 Internal Server Error in /homepages/6/d330860172/htdocs/usaextremes.php on line 55

Warning: implode(): Invalid arguments passed in /homepages/6/d330860172/htdocs/usaextremes.php on line 55

NOAA Style Climate Reports for Lebanon, TN

NOAA style reports

NOAA-style Climate Reports

2018: Jan | Feb | Mar | Apr | May | Jun | Jul | Aug | Sep | Oct | Nov | Dec 
2017: Jan | Feb | Mar | Apr | May | Jun | Jul | Aug | Sep | Oct | Nov | Dec 
2016: Jan | Feb | Mar | Apr | May | Jun | Jul | Aug | Sep | Oct | Nov | Dec 
2015: Jan | Feb | Mar | Apr | May | Jun | Jul | Aug | Sep | Oct | Nov | Dec 
2014: Jan | Feb | Mar | Apr | May | Jun | Jul | Aug | Sep | Oct | Nov | Dec 
2013: Jan | Feb | Mar | Apr | May | Jun | Jul | Aug | Sep | Oct | Nov | Dec 
2012: Jan | Feb | Mar | Apr | May | Jun | Jul | Aug | Sep | Oct | Nov | Dec 
2011: Jan | Feb | Mar | Apr | May | Jun | Jul | Aug | Sep | Oct | Nov | Dec 
2010: Jan | Feb | Mar | Apr | May | Jun | Jul | Aug | Sep | Oct | Nov | Dec 
2009: Jan | Feb | Mar | Apr | May | Jun | Jul | Aug | Sep | Oct | Nov | Dec 
2008: Jan | Feb | Mar | Apr | May | Jun | Jul | Aug | Sep | Oct | Nov | Dec 
2007: Jan | Feb | Mar | Apr | May | Jun | Jul | Aug | Sep | Oct | Nov | Dec 
2006: Jan | Feb | Mar | Apr | May | Jun | Jul | Aug | Sep | Oct | Nov | Dec 
2005: Jan | Feb | Mar | Apr | May | Jun | Jul | Aug | Sep | Oct | Nov | Dec 
2004: Jan | Feb | Mar | Apr | May | Jun | Jul | Aug | Sep | Oct | Nov | Dec 
2003: Jan | Feb | Mar | Apr | May | Jun | Jul | Aug | Sep | Oct | Nov | Dec 
2002: Jan | Feb | Mar | Apr | May | Jun | Jul | Aug | Sep | Oct | Nov | Dec 
2001: Jan | Feb | Mar | Apr | May | Jun | Jul | Aug | Sep | Oct | Nov | Dec 
2000: Jan | Feb | Mar | Apr | May | Jun | Jul | Aug | Sep | Oct | Nov | Dec 
1999: Jan | Feb | Mar | Apr | May | Jun | Jul | Aug | Sep | Oct | Nov | Dec 
1998: Jan | Feb | Mar | Apr | May | Jun | Jul | Aug | Sep | Oct | Nov | Dec 
1997: Jan | Feb | Mar | Apr | May | Jun | Jul | Aug | Sep | Oct | Nov | Dec 
1996: Jan | Feb | Mar | Apr | May | Jun | Jul | Aug | Sep | Oct | Nov | Dec 
1995: Jan | Feb | Mar | Apr | May | Jun | Jul | Aug | Sep | Oct | Nov | Dec 

Report for 2013 10
MONTHLY CLIMATOLOGICAL SUMMARY for OCT. 2013 NAME: HornSpri CITY: Lebanon STATE: TN ELEV: 612 ft LAT: 36 14' 05" N LONG: 86 22' 55" W TEMPERATURE (F), RAIN (in), WIND SPEED (mph) HEAT COOL AVG MEAN DEG DEG WIND DOM DAY TEMP HIGH TIME LOW TIME DAYS DAYS RAIN SPEED HIGH TIME DIR ------------------------------------------------------------------------------------ 1 71.8 81.6 16:03 62.1 6:48 0.0 6.8 0.00 0.6 11.0 11:29 SW 2 73.1 76.7 14:48 69.5 6:51 0.0 8.1 0.00 0.5 8.0 9:42 WSW 3 76.4 84.7 17:01 68.2 21:55 0.0 11.4 0.00 0.5 11.0 12:11 SSW 4 73.8 83.4 17:10 64.2 6:55 0.0 8.8 0.00 0.3 10.0 12:05 ESE 5 76.9 87.0 15:57 66.9 7:00 0.0 11.9 0.00 0.7 13.0 10:59 S 6 65.4 75.2 0:01 55.6 23:59 0.0 0.4 1.47 1.8 17.0 13:13 SW 7 56.3 65.7 17:08 46.9 7:25 8.7 0.0 0.00 1.6 13.0 12:34 NNW 8 58.6 71.4 17:26 45.8 5:58 6.4 0.0 0.00 2.0 15.0 10:10 NE 9 64.3 77.4 17:31 51.2 7:26 0.7 0.0 0.00 0.5 9.0 15:16 NE 10 67.5 77.2 16:31 57.8 6:13 0.0 2.5 0.00 0.9 13.0 13:20 NE 11 64.8 77.8 17:17 51.7 7:01 0.3 0.0 0.00 0.4 9.0 13:53 ENE 12 64.6 77.6 13:31 51.6 7:11 0.4 0.0 0.00 0.3 9.0 13:34 ENE 13 68.1 78.6 16:06 57.5 6:05 0.0 3.1 0.00 1.1 10.0 14:02 NNW 14 64.9 74.3 14:52 55.5 7:35 0.1 0.0 0.00 1.5 11.0 12:07 NE 15 67.3 73.6 16:12 61.1 4:16 0.0 2.3 0.00 0.9 13.0 8:11 S 16 65.1 69.1 13:25 61.0 23:54 0.0 0.1 0.16 0.9 10.0 10:10 SSW 17 55.0 61.1 16:40 49.0 23:55 10.0 0.0 0.07 1.2 13.0 8:03 NW 18 54.4 62.4 17:17 46.4 7:04 10.6 0.0 0.00 0.3 7.0 12:02 ESE 19 48.4 57.1 10:23 39.8 23:51 16.6 0.0 0.00 1.5 18.0 10:35 SW 20 48.3 62.2 17:10 34.5 7:38 16.7 0.0 0.00 0.4 10.0 12:46 ENE 21 53.7 69.9 15:23 37.4 6:57 11.3 0.0 0.00 1.0 14.0 14:25 SW 22 53.2 58.5 16:57 47.8 21:06 11.8 0.0 0.14 0.9 11.0 4:11 SSW 23 44.7 51.4 16:40 38.0 22:21 20.3 0.0 0.00 3.2 21.0 6:19 WSW 24 44.0 53.2 14:49 34.7 00:00 21.0 0.0 0.00 1.7 17.0 16:04 NW 25 38.7 49.5 16:25 27.9 7:44 26.3 0.0 0.00 0.9 10.0 12:12 NW 26 42.8 58.3 15:50 27.3 7:19 22.2 0.0 0.00 1.5 17.0 11:54 SSW 27 56.1 63.2 15:15 49.0 6:28 8.9 0.0 0.00 0.3 9.0 14:33 SSW 28 57.2 61.7 17:20 52.7 23:36 7.8 0.0 0.01 0.4 8.0 9:21 SSW 29 59.2 69.6 15:26 48.8 7:25 5.8 0.0 0.00 1.0 8.0 8:13 E 30 70.0 77.9 13:25 62.1 5:34 0.0 5.0 0.00 1.6 19.0 11:56 SSW 31 66.8 70.9 21:36 62.6 10:54 0.0 1.8 0.96 4.0 35.0 22:09 S ------------------------------------------------------------------------------------- 60.4 87.0 5 27.3 26 205.9 62.2 2.81 1.1 35.0 31 SSW Max >= 90.0: 0 Max <= 32.0: 0 Min <= 32.0: 2 Min <= 0.0: 0 Max Rain: 1.47 ON 10/06/13 Days of Rain: 5 (>.01 in) 4 (>.1 in) 1 (>1 in) Heat Base: 65.0 Cool Base: 65.0 Method: (High + Low) / 2