Warning: file(http://www.wunderground.com/climate/extremes.asp): failed to open stream: HTTP request failed! HTTP/1.0 500 Internal Server Error in /homepages/6/d330860172/htdocs/usaextremes.php on line 55

Warning: implode(): Invalid arguments passed in /homepages/6/d330860172/htdocs/usaextremes.php on line 55

NOAA Style Climate Reports for Lebanon, TN

NOAA style reports

NOAA-style Climate Reports

2018: Jan | Feb | Mar | Apr | May | Jun | Jul | Aug | Sep | Oct | Nov | Dec 
2017: Jan | Feb | Mar | Apr | May | Jun | Jul | Aug | Sep | Oct | Nov | Dec 
2016: Jan | Feb | Mar | Apr | May | Jun | Jul | Aug | Sep | Oct | Nov | Dec 
2015: Jan | Feb | Mar | Apr | May | Jun | Jul | Aug | Sep | Oct | Nov | Dec 
2014: Jan | Feb | Mar | Apr | May | Jun | Jul | Aug | Sep | Oct | Nov | Dec 
2013: Jan | Feb | Mar | Apr | May | Jun | Jul | Aug | Sep | Oct | Nov | Dec 
2012: Jan | Feb | Mar | Apr | May | Jun | Jul | Aug | Sep | Oct | Nov | Dec 
2011: Jan | Feb | Mar | Apr | May | Jun | Jul | Aug | Sep | Oct | Nov | Dec 
2010: Jan | Feb | Mar | Apr | May | Jun | Jul | Aug | Sep | Oct | Nov | Dec 
2009: Jan | Feb | Mar | Apr | May | Jun | Jul | Aug | Sep | Oct | Nov | Dec 
2008: Jan | Feb | Mar | Apr | May | Jun | Jul | Aug | Sep | Oct | Nov | Dec 
2007: Jan | Feb | Mar | Apr | May | Jun | Jul | Aug | Sep | Oct | Nov | Dec 
2006: Jan | Feb | Mar | Apr | May | Jun | Jul | Aug | Sep | Oct | Nov | Dec 
2005: Jan | Feb | Mar | Apr | May | Jun | Jul | Aug | Sep | Oct | Nov | Dec 
2004: Jan | Feb | Mar | Apr | May | Jun | Jul | Aug | Sep | Oct | Nov | Dec 
2003: Jan | Feb | Mar | Apr | May | Jun | Jul | Aug | Sep | Oct | Nov | Dec 
2002: Jan | Feb | Mar | Apr | May | Jun | Jul | Aug | Sep | Oct | Nov | Dec 
2001: Jan | Feb | Mar | Apr | May | Jun | Jul | Aug | Sep | Oct | Nov | Dec 
2000: Jan | Feb | Mar | Apr | May | Jun | Jul | Aug | Sep | Oct | Nov | Dec 
1999: Jan | Feb | Mar | Apr | May | Jun | Jul | Aug | Sep | Oct | Nov | Dec 
1998: Jan | Feb | Mar | Apr | May | Jun | Jul | Aug | Sep | Oct | Nov | Dec 
1997: Jan | Feb | Mar | Apr | May | Jun | Jul | Aug | Sep | Oct | Nov | Dec 
1996: Jan | Feb | Mar | Apr | May | Jun | Jul | Aug | Sep | Oct | Nov | Dec 
1995: Jan | Feb | Mar | Apr | May | Jun | Jul | Aug | Sep | Oct | Nov | Dec 

Report for 2013 11
MONTHLY CLIMATOLOGICAL SUMMARY for NOV. 2013 NAME: HornSpri CITY: Lebanon STATE: TN ELEV: 612 ft LAT: 36 14' 05" N LONG: 86 22' 55" W TEMPERATURE (F), RAIN (in), WIND SPEED (mph) HEAT COOL AVG MEAN DEG DEG WIND DOM DAY TEMP HIGH TIME LOW TIME DAYS DAYS RAIN SPEED HIGH TIME DIR ------------------------------------------------------------------------------------ 1 59.1 68.7 15:14 49.5 23:57 5.9 0.0 0.00 2.9 21.0 1:03 SW 2 51.5 60.2 13:45 42.8 7:14 13.5 0.0 0.01 2.0 17.0 17:43 NW 3 45.8 57.1 16:11 34.5 6:46 19.2 0.0 0.00 1.2 11.0 10:53 E 4 51.6 65.3 14:07 37.9 3:49 13.4 0.0 0.00 1.1 11.0 9:31 ESE 5 58.2 69.9 15:30 46.4 6:21 6.8 0.0 0.00 0.8 12.0 15:45 ESE 6 62.2 72.6 12:28 51.8 23:59 2.8 0.0 0.31 2.9 25.0 23:00 S 7 43.1 53.2 15:15 32.9 23:59 21.9 0.0 0.08 3.3 19.0 4:52 NW 8 42.3 55.0 15:33 29.7 6:40 22.7 0.0 0.00 0.8 12.0 13:00 NE 9 45.8 60.4 14:40 31.3 4:29 19.2 0.0 0.00 2.0 20.0 13:05 SSW 10 49.3 63.0 13:26 35.7 23:50 15.7 0.0 0.00 1.5 13.0 13:01 NNW 11 48.7 66.1 15:40 31.2 6:55 16.3 0.0 0.00 0.6 8.0 11:04 ENE 12 40.7 54.1 2:07 27.2 23:57 24.3 0.0 0.01 6.1 25.0 9:22 NNW 13 32.8 43.7 16:06 21.9 6:02 32.2 0.0 0.00 1.0 11.0 10:40 NNW 14 40.3 56.8 14:43 23.7 5:02 24.8 0.0 0.00 1.4 13.0 10:25 SSE 15 46.4 57.9 12:38 34.9 4:00 18.6 0.0 0.11 0.4 7.0 10:48 ENE 16 54.2 65.6 13:44 42.7 0:57 10.8 0.0 0.02 2.5 14.0 23:28 SSE 17 63.0 68.7 19:30 57.3 23:58 2.0 0.0 0.96 5.2 33.0 19:32 S 18 50.7 60.3 14:54 41.1 7:03 14.3 0.0 0.01 2.8 16.0 14:27 NW 19 42.8 49.7 14:18 35.9 23:54 22.2 0.0 0.00 3.6 18.0 8:44 NNE 20 46.3 61.2 12:48 31.3 4:29 18.8 0.0 0.00 1.9 16.0 12:38 E 21 52.4 64.8 14:49 40.0 3:09 12.6 0.0 0.00 2.1 14.0 15:19 SSE 22 52.6 59.4 0:01 45.8 23:51 12.4 0.0 0.47 3.3 20.0 13:18 NW 23 35.8 45.8 0:01 25.8 23:57 29.2 0.0 0.00 6.0 25.0 17:46 NW 24 27.7 34.1 13:45 21.3 6:42 37.3 0.0 0.00 3.8 17.0 11:26 NNE 25 33.8 41.4 13:38 26.2 0:01 31.2 0.0 0.16 1.5 10.0 14:51 E 26 35.9 38.3 14:42 33.5 0:02 29.1 0.0 0.76 4.4 21.0 19:12 NW 27 26.3 34.8 0:27 17.7 23:59 38.8 0.0 0.00 5.7 24.0 7:06 NW 28 29.2 42.8 15:16 15.6 6:17 35.8 0.0 0.00 0.7 9.0 14:15 S 29 35.3 48.9 14:47 21.6 6:35 29.8 0.0 0.00 0.9 11.0 10:40 ENE 30 41.6 57.5 14:50 25.7 6:05 23.4 0.0 0.00 2.2 17.0 12:55 S ------------------------------------------------------------------------------------- 44.8 72.6 6 15.6 28 604.9 0.0 2.90 2.5 33.0 17 NW Max >= 90.0: 0 Max <= 32.0: 0 Min <= 32.0: 14 Min <= 0.0: 0 Max Rain: 0.96 ON 11/17/13 Days of Rain: 8 (>.01 in) 6 (>.1 in) 0 (>1 in) Heat Base: 65.0 Cool Base: 65.0 Method: (High + Low) / 2