Warning: file(http://www.wunderground.com/climate/extremes.asp): failed to open stream: HTTP request failed! HTTP/1.0 500 Internal Server Error in /homepages/6/d330860172/htdocs/usaextremes.php on line 55

Warning: implode(): Invalid arguments passed in /homepages/6/d330860172/htdocs/usaextremes.php on line 55

NOAA Style Climate Reports for Lebanon, TN

NOAA style reports

NOAA-style Climate Reports

2018: Jan | Feb | Mar | Apr | May | Jun | Jul | Aug | Sep | Oct | Nov | Dec 
2017: Jan | Feb | Mar | Apr | May | Jun | Jul | Aug | Sep | Oct | Nov | Dec 
2016: Jan | Feb | Mar | Apr | May | Jun | Jul | Aug | Sep | Oct | Nov | Dec 
2015: Jan | Feb | Mar | Apr | May | Jun | Jul | Aug | Sep | Oct | Nov | Dec 
2014: Jan | Feb | Mar | Apr | May | Jun | Jul | Aug | Sep | Oct | Nov | Dec 
2013: Jan | Feb | Mar | Apr | May | Jun | Jul | Aug | Sep | Oct | Nov | Dec 
2012: Jan | Feb | Mar | Apr | May | Jun | Jul | Aug | Sep | Oct | Nov | Dec 
2011: Jan | Feb | Mar | Apr | May | Jun | Jul | Aug | Sep | Oct | Nov | Dec 
2010: Jan | Feb | Mar | Apr | May | Jun | Jul | Aug | Sep | Oct | Nov | Dec 
2009: Jan | Feb | Mar | Apr | May | Jun | Jul | Aug | Sep | Oct | Nov | Dec 
2008: Jan | Feb | Mar | Apr | May | Jun | Jul | Aug | Sep | Oct | Nov | Dec 
2007: Jan | Feb | Mar | Apr | May | Jun | Jul | Aug | Sep | Oct | Nov | Dec 
2006: Jan | Feb | Mar | Apr | May | Jun | Jul | Aug | Sep | Oct | Nov | Dec 
2005: Jan | Feb | Mar | Apr | May | Jun | Jul | Aug | Sep | Oct | Nov | Dec 
2004: Jan | Feb | Mar | Apr | May | Jun | Jul | Aug | Sep | Oct | Nov | Dec 
2003: Jan | Feb | Mar | Apr | May | Jun | Jul | Aug | Sep | Oct | Nov | Dec 
2002: Jan | Feb | Mar | Apr | May | Jun | Jul | Aug | Sep | Oct | Nov | Dec 
2001: Jan | Feb | Mar | Apr | May | Jun | Jul | Aug | Sep | Oct | Nov | Dec 
2000: Jan | Feb | Mar | Apr | May | Jun | Jul | Aug | Sep | Oct | Nov | Dec 
1999: Jan | Feb | Mar | Apr | May | Jun | Jul | Aug | Sep | Oct | Nov | Dec 
1998: Jan | Feb | Mar | Apr | May | Jun | Jul | Aug | Sep | Oct | Nov | Dec 
1997: Jan | Feb | Mar | Apr | May | Jun | Jul | Aug | Sep | Oct | Nov | Dec 
1996: Jan | Feb | Mar | Apr | May | Jun | Jul | Aug | Sep | Oct | Nov | Dec 
1995: Jan | Feb | Mar | Apr | May | Jun | Jul | Aug | Sep | Oct | Nov | Dec 

Report for 2013 12
MONTHLY CLIMATOLOGICAL SUMMARY for DEC. 2013 NAME: HornSpri CITY: Lebanon STATE: TN ELEV: 612 ft LAT: 36 14' 05" N LONG: 86 22' 55" W TEMPERATURE (F), RAIN (in), WIND SPEED (mph) HEAT COOL AVG MEAN DEG DEG WIND DOM DAY TEMP HIGH TIME LOW TIME DAYS DAYS RAIN SPEED HIGH TIME DIR ------------------------------------------------------------------------------------ 1 46.3 52.7 13:53 40.0 1:47 18.7 0.0 0.00 1.9 9.0 3:15 S 2 51.9 54.8 14:52 49.0 7:06 13.1 0.0 0.00 1.3 8.0 20:55 S 3 54.2 59.3 14:01 49.0 5:45 10.8 0.0 0.00 1.0 8.0 14:28 ESE 4 65.1 75.1 13:48 55.1 0:01 0.0 0.1 0.00 4.7 18.0 13:23 S 5 53.0 68.5 10:17 37.4 23:53 12.0 0.0 1.68 4.4 19.0 10:29 S 6 34.4 37.4 0:01 31.4 23:59 30.6 0.0 1.47 4.8 19.0 22:22 NNW 7 31.2 32.5 14:38 29.9 5:52 33.8 0.0 0.01 5.2 16.0 0:44 N 8 37.6 43.0 20:17 32.2 0:01 27.4 0.0 0.54 2.4 14.0 22:57 ENE 9 36.1 41.2 0:01 31.0 23:52 28.9 0.0 0.01 2.8 14.0 23:37 NW 10 33.1 38.8 15:14 27.4 7:44 31.9 0.0 0.08 2.6 17.0 7:04 NW 11 32.8 44.8 15:09 20.9 7:08 32.2 0.0 0.00 2.6 16.0 21:45 NW 12 27.0 35.6 15:22 18.5 7:30 38.0 0.0 0.00 1.6 15.0 0:20 NW 13 31.8 45.4 13:37 18.2 6:57 33.2 0.0 0.00 0.7 10.0 13:25 ESE 14 42.9 50.1 11:52 35.7 23:57 22.1 0.0 0.60 4.9 20.0 17:47 W 15 32.9 35.7 0:01 30.1 00:00 32.1 0.0 0.00 3.5 19.0 1:22 W 16 40.8 53.2 15:40 28.3 1:17 24.3 0.0 0.00 3.2 17.0 12:04 S 17 42.2 56.4 13:32 27.9 23:59 22.8 0.0 0.00 3.6 22.0 15:03 SSW 18 36.2 49.1 15:04 23.2 7:04 28.8 0.0 0.00 1.4 10.0 13:55 S 19 52.0 62.4 14:28 41.5 2:46 13.0 0.0 0.00 4.4 15.0 12:23 S 20 58.7 63.3 15:33 54.1 0:01 6.3 0.0 0.05 5.1 18.0 16:11 S 21 67.8 74.2 21:50 61.3 23:24 0.0 2.8 0.99 6.6 41.0 21:57 S 22 51.8 61.4 0:01 42.1 23:52 13.3 0.0 0.41 3.1 17.0 23:13 S 23 35.4 42.1 0:01 28.7 23:56 29.6 0.0 0.00 4.9 18.0 0:45 NW 24 25.3 30.3 14:00 20.3 22:24 39.7 0.0 0.00 2.9 16.0 9:18 NW 25 31.3 44.8 15:10 17.7 7:37 33.8 0.0 0.00 1.6 12.0 11:59 S 26 35.0 43.8 15:09 26.1 7:36 30.0 0.0 0.00 1.4 12.0 11:19 SSW 27 37.3 51.6 14:55 23.1 5:35 27.7 0.0 0.00 0.2 5.0 10:48 WNW 28 35.2 44.5 15:04 25.8 5:51 29.8 0.0 0.46 0.5 7.0 13:51 NE 29 42.9 52.3 15:24 33.6 23:57 22.1 0.0 0.24 2.7 19.0 18:59 SW 30 29.6 33.6 0:01 25.6 23:58 35.4 0.0 0.00 2.0 13.0 0:37 NW 31 31.7 40.9 15:02 22.4 3:24 33.3 0.0 0.00 0.9 8.0 5:02 SW ------------------------------------------------------------------------------------- 40.7 75.1 4 17.7 25 754.7 2.8 6.54 2.9 41.0 21 S Max >= 90.0: 0 Max <= 32.0: 1 Min <= 32.0: 19 Min <= 0.0: 0 Max Rain: 1.68 ON 12/05/13 Days of Rain: 10 (>.01 in) 8 (>.1 in) 2 (>1 in) Heat Base: 65.0 Cool Base: 65.0 Method: (High + Low) / 2