Warning: file(http://www.wunderground.com/climate/extremes.asp): failed to open stream: HTTP request failed! HTTP/1.0 500 Internal Server Error in /homepages/6/d330860172/htdocs/usaextremes.php on line 55

Warning: implode(): Invalid arguments passed in /homepages/6/d330860172/htdocs/usaextremes.php on line 55

NOAA Style Climate Reports for Lebanon, TN

NOAA style reports

NOAA-style Climate Reports

2018: Jan | Feb | Mar | Apr | May | Jun | Jul | Aug | Sep | Oct | Nov | Dec 
2017: Jan | Feb | Mar | Apr | May | Jun | Jul | Aug | Sep | Oct | Nov | Dec 
2016: Jan | Feb | Mar | Apr | May | Jun | Jul | Aug | Sep | Oct | Nov | Dec 
2015: Jan | Feb | Mar | Apr | May | Jun | Jul | Aug | Sep | Oct | Nov | Dec 
2014: Jan | Feb | Mar | Apr | May | Jun | Jul | Aug | Sep | Oct | Nov | Dec 
2013: Jan | Feb | Mar | Apr | May | Jun | Jul | Aug | Sep | Oct | Nov | Dec 
2012: Jan | Feb | Mar | Apr | May | Jun | Jul | Aug | Sep | Oct | Nov | Dec 
2011: Jan | Feb | Mar | Apr | May | Jun | Jul | Aug | Sep | Oct | Nov | Dec 
2010: Jan | Feb | Mar | Apr | May | Jun | Jul | Aug | Sep | Oct | Nov | Dec 
2009: Jan | Feb | Mar | Apr | May | Jun | Jul | Aug | Sep | Oct | Nov | Dec 
2008: Jan | Feb | Mar | Apr | May | Jun | Jul | Aug | Sep | Oct | Nov | Dec 
2007: Jan | Feb | Mar | Apr | May | Jun | Jul | Aug | Sep | Oct | Nov | Dec 
2006: Jan | Feb | Mar | Apr | May | Jun | Jul | Aug | Sep | Oct | Nov | Dec 
2005: Jan | Feb | Mar | Apr | May | Jun | Jul | Aug | Sep | Oct | Nov | Dec 
2004: Jan | Feb | Mar | Apr | May | Jun | Jul | Aug | Sep | Oct | Nov | Dec 
2003: Jan | Feb | Mar | Apr | May | Jun | Jul | Aug | Sep | Oct | Nov | Dec 
2002: Jan | Feb | Mar | Apr | May | Jun | Jul | Aug | Sep | Oct | Nov | Dec 
2001: Jan | Feb | Mar | Apr | May | Jun | Jul | Aug | Sep | Oct | Nov | Dec 
2000: Jan | Feb | Mar | Apr | May | Jun | Jul | Aug | Sep | Oct | Nov | Dec 
1999: Jan | Feb | Mar | Apr | May | Jun | Jul | Aug | Sep | Oct | Nov | Dec 
1998: Jan | Feb | Mar | Apr | May | Jun | Jul | Aug | Sep | Oct | Nov | Dec 
1997: Jan | Feb | Mar | Apr | May | Jun | Jul | Aug | Sep | Oct | Nov | Dec 
1996: Jan | Feb | Mar | Apr | May | Jun | Jul | Aug | Sep | Oct | Nov | Dec 
1995: Jan | Feb | Mar | Apr | May | Jun | Jul | Aug | Sep | Oct | Nov | Dec 

Report for 2014 01
MONTHLY CLIMATOLOGICAL SUMMARY for JAN. 2014 NAME: HornSpri CITY: Lebanon STATE: TN ELEV: 612 ft LAT: 36 14' 05" N LONG: 86 22' 55" W TEMPERATURE (F), RAIN (in), WIND SPEED (mph) HEAT COOL AVG MEAN DEG DEG WIND DOM DAY TEMP HIGH TIME LOW TIME DAYS DAYS RAIN SPEED HIGH TIME DIR ------------------------------------------------------------------------------------ 1 35.4 49.9 15:11 20.9 7:21 29.6 0.0 0.00 1.5 13.0 11:45 SSE 2 32.3 44.8 0:01 19.9 23:53 32.7 0.0 0.31 6.7 28.0 13:00 WNW 3 20.8 27.2 16:06 14.3 7:08 44.3 0.0 0.00 2.7 16.0 0:14 E 4 31.5 45.8 15:04 17.2 3:27 33.5 0.0 0.00 2.4 18.0 10:51 S 5 38.8 57.7 12:52 19.9 23:58 26.2 0.0 0.39 7.0 32.0 20:01 S 6 11.9 19.8 0:03 4.1 23:56 53.0 0.0 0.00 6.7 24.0 1:29 W 7 10.1 20.0 16:04 0.1 6:20 55.0 0.0 0.00 1.5 12.0 22:16 S 8 27.4 40.3 15:04 14.5 2:27 37.6 0.0 0.00 1.4 13.0 0:18 S 9 37.8 45.5 11:46 30.1 0:52 27.2 0.0 0.06 1.4 10.0 15:43 E 10 52.3 59.6 23:00 44.9 0:05 12.8 0.0 0.00 3.7 23.0 23:02 SSE 11 48.7 58.4 0:03 39.0 23:43 16.3 0.0 0.97 5.8 25.0 12:58 SW 12 43.7 55.5 15:21 31.8 5:47 21.3 0.0 0.00 2.3 14.0 23:31 S 13 49.7 52.4 5:12 46.9 8:21 15.3 0.0 0.71 5.1 20.0 9:09 S 14 45.3 56.2 15:23 34.4 7:45 19.7 0.0 0.00 2.5 22.0 20:07 SSW 15 30.9 38.9 1:14 22.8 23:59 34.2 0.0 0.00 2.8 15.0 15:08 NW 16 33.4 47.1 16:02 19.8 3:38 31.6 0.0 0.01 2.6 22.0 14:46 S 17 30.1 35.6 6:38 24.7 23:54 34.8 0.0 0.00 5.6 23.0 12:55 W 18 30.0 42.8 20:32 17.2 5:23 35.0 0.0 0.00 3.3 20.0 16:14 S 19 40.9 47.2 15:44 34.6 8:20 24.1 0.0 0.00 4.1 19.0 7:19 SSW 20 47.5 59.8 15:31 35.3 22:50 17.5 0.0 0.00 2.1 15.0 14:51 SSW 21 27.4 39.5 1:57 15.2 23:53 37.7 0.0 0.00 6.3 36.0 10:03 WNW 22 19.4 27.9 15:33 10.8 6:51 45.7 0.0 0.00 1.6 12.0 12:48 SSW 23 14.4 19.8 6:08 9.0 23:58 50.6 0.0 0.00 4.9 22.0 8:56 NW 24 15.5 27.7 15:48 3.3 5:45 49.5 0.0 0.00 2.7 15.0 11:36 S 25 34.5 46.1 15:05 22.9 0:01 30.5 0.0 0.00 6.5 24.0 3:42 SSW 26 39.6 60.3 14:38 18.9 3:36 25.4 0.0 0.00 4.8 26.0 13:29 S 27 32.8 49.4 0:01 16.3 23:56 32.2 0.0 0.00 6.7 28.0 6:09 NW 28 13.4 18.0 15:43 8.9 23:52 51.5 0.0 0.00 4.0 16.0 3:51 NNW 29 13.8 25.9 15:52 1.8 6:41 51.2 0.0 0.00 0.7 10.0 12:32 ENE 30 24.6 41.9 15:13 7.3 4:30 40.4 0.0 0.00 2.7 14.0 12:00 S 31 41.0 49.7 22:52 32.3 4:44 24.0 0.0 0.00 2.4 13.0 22:01 S ------------------------------------------------------------------------------------- 31.4 60.3 26 0.1 7 1040.1 0.0 2.45 3.7 36.0 21 S Max >= 90.0: 0 Max <= 32.0: 8 Min <= 32.0: 24 Min <= 0.0: 0 Max Rain: 0.97 ON 01/11/14 Days of Rain: 5 (>.01 in) 4 (>.1 in) 0 (>1 in) Heat Base: 65.0 Cool Base: 65.0 Method: (High + Low) / 2