Warning: file(http://www.wunderground.com/climate/extremes.asp): failed to open stream: HTTP request failed! HTTP/1.0 500 Internal Server Error in /homepages/6/d330860172/htdocs/usaextremes.php on line 55

Warning: implode(): Invalid arguments passed in /homepages/6/d330860172/htdocs/usaextremes.php on line 55

NOAA Style Climate Reports for Lebanon, TN

NOAA style reports

NOAA-style Climate Reports

2018: Jan | Feb | Mar | Apr | May | Jun | Jul | Aug | Sep | Oct | Nov | Dec 
2017: Jan | Feb | Mar | Apr | May | Jun | Jul | Aug | Sep | Oct | Nov | Dec 
2016: Jan | Feb | Mar | Apr | May | Jun | Jul | Aug | Sep | Oct | Nov | Dec 
2015: Jan | Feb | Mar | Apr | May | Jun | Jul | Aug | Sep | Oct | Nov | Dec 
2014: Jan | Feb | Mar | Apr | May | Jun | Jul | Aug | Sep | Oct | Nov | Dec 
2013: Jan | Feb | Mar | Apr | May | Jun | Jul | Aug | Sep | Oct | Nov | Dec 
2012: Jan | Feb | Mar | Apr | May | Jun | Jul | Aug | Sep | Oct | Nov | Dec 
2011: Jan | Feb | Mar | Apr | May | Jun | Jul | Aug | Sep | Oct | Nov | Dec 
2010: Jan | Feb | Mar | Apr | May | Jun | Jul | Aug | Sep | Oct | Nov | Dec 
2009: Jan | Feb | Mar | Apr | May | Jun | Jul | Aug | Sep | Oct | Nov | Dec 
2008: Jan | Feb | Mar | Apr | May | Jun | Jul | Aug | Sep | Oct | Nov | Dec 
2007: Jan | Feb | Mar | Apr | May | Jun | Jul | Aug | Sep | Oct | Nov | Dec 
2006: Jan | Feb | Mar | Apr | May | Jun | Jul | Aug | Sep | Oct | Nov | Dec 
2005: Jan | Feb | Mar | Apr | May | Jun | Jul | Aug | Sep | Oct | Nov | Dec 
2004: Jan | Feb | Mar | Apr | May | Jun | Jul | Aug | Sep | Oct | Nov | Dec 
2003: Jan | Feb | Mar | Apr | May | Jun | Jul | Aug | Sep | Oct | Nov | Dec 
2002: Jan | Feb | Mar | Apr | May | Jun | Jul | Aug | Sep | Oct | Nov | Dec 
2001: Jan | Feb | Mar | Apr | May | Jun | Jul | Aug | Sep | Oct | Nov | Dec 
2000: Jan | Feb | Mar | Apr | May | Jun | Jul | Aug | Sep | Oct | Nov | Dec 
1999: Jan | Feb | Mar | Apr | May | Jun | Jul | Aug | Sep | Oct | Nov | Dec 
1998: Jan | Feb | Mar | Apr | May | Jun | Jul | Aug | Sep | Oct | Nov | Dec 
1997: Jan | Feb | Mar | Apr | May | Jun | Jul | Aug | Sep | Oct | Nov | Dec 
1996: Jan | Feb | Mar | Apr | May | Jun | Jul | Aug | Sep | Oct | Nov | Dec 
1995: Jan | Feb | Mar | Apr | May | Jun | Jul | Aug | Sep | Oct | Nov | Dec 

Report for 2014 02
MONTHLY CLIMATOLOGICAL SUMMARY for FEB. 2014 NAME: HornSpri CITY: Lebanon STATE: TN ELEV: 612 ft LAT: 36 14' 05" N LONG: 86 22' 55" W TEMPERATURE (F), RAIN (in), WIND SPEED (mph) HEAT COOL AVG MEAN DEG DEG WIND DOM DAY TEMP HIGH TIME LOW TIME DAYS DAYS RAIN SPEED HIGH TIME DIR ------------------------------------------------------------------------------------ 1 52.5 60.0 15:32 44.9 3:19 12.5 0.0 0.00 4.7 17.0 9:10 S 2 45.3 56.8 5:40 33.8 23:33 19.7 0.0 1.54 4.6 21.0 6:14 S 3 32.5 33.9 0:01 31.0 8:36 32.5 0.0 0.02 3.8 18.0 3:42 NNW 4 36.3 40.7 12:26 31.8 0:08 28.8 0.0 1.52 4.0 19.0 13:45 NE 5 33.4 39.3 0:20 27.5 19:03 31.6 0.0 0.04 6.3 22.0 7:43 WSW 6 23.8 28.0 0:01 19.6 23:59 41.2 0.0 0.00 3.9 13.0 3:22 NW 7 22.0 28.6 15:38 15.5 6:57 43.0 0.0 0.00 2.3 11.0 0:57 NW 8 34.0 42.2 16:13 25.7 5:24 31.0 0.0 0.01 1.1 13.0 13:36 SW 9 34.1 37.7 11:17 30.5 23:51 30.9 0.0 0.02 2.4 12.0 20:51 SW 10 28.2 33.4 14:49 23.0 23:59 36.8 0.0 0.00 4.9 16.0 3:37 NNW 11 27.5 37.2 15:31 17.8 6:38 37.5 0.0 0.00 4.1 14.0 8:45 NNE 12 32.7 41.4 16:27 23.9 3:11 32.3 0.0 0.00 2.2 11.0 17:23 NE 13 36.6 50.7 16:02 22.5 7:21 28.4 0.0 0.00 2.9 13.0 11:39 NW 14 40.8 53.3 12:20 28.3 23:54 24.2 0.0 0.43 4.8 27.0 22:05 S 15 28.0 35.3 23:57 20.7 7:37 37.0 0.0 0.00 3.4 25.0 0:21 WNW 16 41.5 52.6 14:36 30.4 6:19 23.5 0.0 0.00 2.9 16.0 11:31 SSW 17 46.2 61.2 14:22 31.2 3:59 18.8 0.0 0.15 4.1 24.0 16:48 ENE 18 46.1 63.4 15:43 28.7 7:00 18.9 0.0 0.00 2.5 13.0 11:46 S 19 56.7 64.3 14:22 49.1 23:24 8.3 0.0 0.00 4.3 20.0 2:28 SSW 20 63.0 75.6 14:24 50.4 23:59 2.0 0.0 0.96 6.9 37.0 20:26 S 21 46.3 55.8 16:47 36.8 21:24 18.7 0.0 0.02 4.2 22.0 9:10 SW 22 50.6 66.6 15:49 34.6 6:17 14.4 0.0 0.00 1.9 12.0 13:43 S 23 50.3 64.9 14:15 35.7 23:59 14.7 0.0 0.00 3.9 19.0 17:58 NNW 24 37.6 47.2 15:54 28.0 6:50 27.4 0.0 0.00 3.4 15.0 10:27 NNW 25 39.6 46.8 15:59 32.4 23:58 25.4 0.0 0.00 3.6 16.0 20:28 NW 26 25.1 32.4 0:01 17.7 23:53 39.9 0.0 0.00 5.0 21.0 1:50 NW 27 28.7 40.9 16:14 16.4 2:05 36.3 0.0 0.00 3.1 18.0 13:27 SW 28 36.6 54.9 16:43 18.3 6:46 28.4 0.0 0.00 2.1 18.0 21:58 SSW ------------------------------------------------------------------------------------- 38.4 75.6 20 15.5 7 744.4 0.0 4.71 3.7 37.0 20 NW Max >= 90.0: 0 Max <= 32.0: 2 Min <= 32.0: 20 Min <= 0.0: 0 Max Rain: 1.54 ON 02/02/14 Days of Rain: 9 (>.01 in) 5 (>.1 in) 2 (>1 in) Heat Base: 65.0 Cool Base: 65.0 Method: (High + Low) / 2