Warning: file(http://www.wunderground.com/climate/extremes.asp): failed to open stream: HTTP request failed! HTTP/1.0 500 Internal Server Error in /homepages/6/d330860172/htdocs/usaextremes.php on line 55

Warning: implode(): Invalid arguments passed in /homepages/6/d330860172/htdocs/usaextremes.php on line 55

NOAA Style Climate Reports for Lebanon, TN

NOAA style reports

NOAA-style Climate Reports

2018: Jan | Feb | Mar | Apr | May | Jun | Jul | Aug | Sep | Oct | Nov | Dec 
2017: Jan | Feb | Mar | Apr | May | Jun | Jul | Aug | Sep | Oct | Nov | Dec 
2016: Jan | Feb | Mar | Apr | May | Jun | Jul | Aug | Sep | Oct | Nov | Dec 
2015: Jan | Feb | Mar | Apr | May | Jun | Jul | Aug | Sep | Oct | Nov | Dec 
2014: Jan | Feb | Mar | Apr | May | Jun | Jul | Aug | Sep | Oct | Nov | Dec 
2013: Jan | Feb | Mar | Apr | May | Jun | Jul | Aug | Sep | Oct | Nov | Dec 
2012: Jan | Feb | Mar | Apr | May | Jun | Jul | Aug | Sep | Oct | Nov | Dec 
2011: Jan | Feb | Mar | Apr | May | Jun | Jul | Aug | Sep | Oct | Nov | Dec 
2010: Jan | Feb | Mar | Apr | May | Jun | Jul | Aug | Sep | Oct | Nov | Dec 
2009: Jan | Feb | Mar | Apr | May | Jun | Jul | Aug | Sep | Oct | Nov | Dec 
2008: Jan | Feb | Mar | Apr | May | Jun | Jul | Aug | Sep | Oct | Nov | Dec 
2007: Jan | Feb | Mar | Apr | May | Jun | Jul | Aug | Sep | Oct | Nov | Dec 
2006: Jan | Feb | Mar | Apr | May | Jun | Jul | Aug | Sep | Oct | Nov | Dec 
2005: Jan | Feb | Mar | Apr | May | Jun | Jul | Aug | Sep | Oct | Nov | Dec 
2004: Jan | Feb | Mar | Apr | May | Jun | Jul | Aug | Sep | Oct | Nov | Dec 
2003: Jan | Feb | Mar | Apr | May | Jun | Jul | Aug | Sep | Oct | Nov | Dec 
2002: Jan | Feb | Mar | Apr | May | Jun | Jul | Aug | Sep | Oct | Nov | Dec 
2001: Jan | Feb | Mar | Apr | May | Jun | Jul | Aug | Sep | Oct | Nov | Dec 
2000: Jan | Feb | Mar | Apr | May | Jun | Jul | Aug | Sep | Oct | Nov | Dec 
1999: Jan | Feb | Mar | Apr | May | Jun | Jul | Aug | Sep | Oct | Nov | Dec 
1998: Jan | Feb | Mar | Apr | May | Jun | Jul | Aug | Sep | Oct | Nov | Dec 
1997: Jan | Feb | Mar | Apr | May | Jun | Jul | Aug | Sep | Oct | Nov | Dec 
1996: Jan | Feb | Mar | Apr | May | Jun | Jul | Aug | Sep | Oct | Nov | Dec 
1995: Jan | Feb | Mar | Apr | May | Jun | Jul | Aug | Sep | Oct | Nov | Dec 

Report for 2014 03
MONTHLY CLIMATOLOGICAL SUMMARY for MAR. 2014 NAME: HornSpri CITY: Lebanon STATE: TN ELEV: 612 ft LAT: 36 14' 05" N LONG: 86 22' 55" W TEMPERATURE (F), RAIN (in), WIND SPEED (mph) HEAT COOL AVG MEAN DEG DEG WIND DOM DAY TEMP HIGH TIME LOW TIME DAYS DAYS RAIN SPEED HIGH TIME DIR ------------------------------------------------------------------------------------ 1 50.5 58.9 12:36 42.0 4:33 14.5 0.0 0.03 1.9 14.0 10:20 S 2 48.3 64.1 10:02 32.4 23:35 16.8 0.0 1.78 4.7 23.0 10:24 S 3 25.9 33.2 1:38 18.6 22:37 39.1 0.0 0.26 5.6 23.0 4:31 N 4 27.5 36.2 15:50 18.7 4:19 37.5 0.0 0.00 1.9 10.0 0:01 NNE 5 34.6 39.8 12:50 29.4 23:57 30.4 0.0 0.00 2.2 10.0 13:31 NE 6 38.8 51.4 12:52 26.1 6:04 26.3 0.0 0.00 1.9 10.0 15:27 NE 7 43.8 61.2 15:39 26.5 5:59 21.2 0.0 0.00 1.3 14.0 16:38 NW 8 48.9 67.0 15:50 30.8 6:14 16.1 0.0 0.00 2.8 18.0 13:06 NW 9 47.4 57.9 17:33 36.9 23:59 17.6 0.0 0.00 2.2 13.0 3:06 NW 10 52.9 70.2 17:13 35.6 1:41 12.1 0.0 0.00 3.0 17.0 15:15 SSW 11 62.4 76.9 16:51 47.9 3:51 2.6 0.0 0.00 3.3 17.0 14:49 SSW 12 50.4 66.2 0:01 34.6 23:54 14.6 0.0 0.08 7.5 33.0 8:27 WNW 13 39.3 51.7 17:26 26.9 7:41 25.7 0.0 0.00 2.2 16.0 0:26 WNW 14 54.0 66.6 15:45 41.5 3:53 11.0 0.0 0.00 6.3 32.0 18:18 S 15 53.7 67.9 15:59 39.5 7:35 11.3 0.0 0.00 1.3 10.0 0:39 SSW 16 43.6 52.2 1:44 35.0 23:49 21.4 0.0 0.55 4.9 22.0 13:27 NE 17 35.3 40.2 16:36 30.4 5:39 29.7 0.0 0.00 3.9 16.0 5:10 NNW 18 47.3 57.6 17:39 37.0 0:23 17.7 0.0 0.00 2.9 18.0 22:25 S 19 55.8 65.9 16:46 45.6 22:57 9.3 0.0 0.00 5.5 25.0 17:43 S 20 45.9 61.1 16:48 30.8 7:26 19.1 0.0 0.00 1.5 12.0 0:30 NW 21 51.0 68.9 16:06 33.0 5:44 14.0 0.0 0.00 2.5 16.0 12:05 S 22 55.6 64.8 15:58 46.3 7:31 9.4 0.0 0.00 4.0 22.0 5:12 NW 23 44.5 52.0 16:19 37.0 23:59 20.5 0.0 0.15 5.7 22.0 16:29 NW 24 40.0 53.0 16:31 26.9 7:10 25.0 0.0 0.00 2.5 12.0 13:15 NNW 25 36.3 42.6 0:01 29.9 23:39 28.8 0.0 0.00 5.3 31.0 13:40 NW 26 35.0 49.9 17:29 20.0 7:05 30.0 0.0 0.00 1.6 12.0 11:06 NNW 27 50.3 64.6 17:47 36.0 0:01 14.7 0.0 0.31 4.5 28.0 21:39 SSE 28 60.8 67.8 16:19 53.8 0:01 4.2 0.0 0.03 3.9 18.0 3:12 S 29 50.8 59.1 0:01 42.4 23:56 14.3 0.0 0.36 5.1 23.0 14:49 WNW 30 50.4 61.4 17:20 39.4 23:57 14.6 0.0 0.00 3.3 19.0 5:07 NW 31 52.7 73.7 16:21 31.7 6:37 12.3 0.0 0.00 1.6 14.0 10:56 S ------------------------------------------------------------------------------------- 46.2 76.9 11 18.6 3 581.7 0.0 3.55 3.4 33.0 12 S Max >= 90.0: 0 Max <= 32.0: 0 Min <= 32.0: 13 Min <= 0.0: 0 Max Rain: 1.78 ON 03/02/14 Days of Rain: 9 (>.01 in) 6 (>.1 in) 1 (>1 in) Heat Base: 65.0 Cool Base: 65.0 Method: (High + Low) / 2