Warning: file(http://www.wunderground.com/climate/extremes.asp): failed to open stream: HTTP request failed! HTTP/1.0 500 Internal Server Error in /homepages/6/d330860172/htdocs/usaextremes.php on line 55

Warning: implode(): Invalid arguments passed in /homepages/6/d330860172/htdocs/usaextremes.php on line 55

NOAA Style Climate Reports for Lebanon, TN

NOAA style reports

NOAA-style Climate Reports

2018: Jan | Feb | Mar | Apr | May | Jun | Jul | Aug | Sep | Oct | Nov | Dec 
2017: Jan | Feb | Mar | Apr | May | Jun | Jul | Aug | Sep | Oct | Nov | Dec 
2016: Jan | Feb | Mar | Apr | May | Jun | Jul | Aug | Sep | Oct | Nov | Dec 
2015: Jan | Feb | Mar | Apr | May | Jun | Jul | Aug | Sep | Oct | Nov | Dec 
2014: Jan | Feb | Mar | Apr | May | Jun | Jul | Aug | Sep | Oct | Nov | Dec 
2013: Jan | Feb | Mar | Apr | May | Jun | Jul | Aug | Sep | Oct | Nov | Dec 
2012: Jan | Feb | Mar | Apr | May | Jun | Jul | Aug | Sep | Oct | Nov | Dec 
2011: Jan | Feb | Mar | Apr | May | Jun | Jul | Aug | Sep | Oct | Nov | Dec 
2010: Jan | Feb | Mar | Apr | May | Jun | Jul | Aug | Sep | Oct | Nov | Dec 
2009: Jan | Feb | Mar | Apr | May | Jun | Jul | Aug | Sep | Oct | Nov | Dec 
2008: Jan | Feb | Mar | Apr | May | Jun | Jul | Aug | Sep | Oct | Nov | Dec 
2007: Jan | Feb | Mar | Apr | May | Jun | Jul | Aug | Sep | Oct | Nov | Dec 
2006: Jan | Feb | Mar | Apr | May | Jun | Jul | Aug | Sep | Oct | Nov | Dec 
2005: Jan | Feb | Mar | Apr | May | Jun | Jul | Aug | Sep | Oct | Nov | Dec 
2004: Jan | Feb | Mar | Apr | May | Jun | Jul | Aug | Sep | Oct | Nov | Dec 
2003: Jan | Feb | Mar | Apr | May | Jun | Jul | Aug | Sep | Oct | Nov | Dec 
2002: Jan | Feb | Mar | Apr | May | Jun | Jul | Aug | Sep | Oct | Nov | Dec 
2001: Jan | Feb | Mar | Apr | May | Jun | Jul | Aug | Sep | Oct | Nov | Dec 
2000: Jan | Feb | Mar | Apr | May | Jun | Jul | Aug | Sep | Oct | Nov | Dec 
1999: Jan | Feb | Mar | Apr | May | Jun | Jul | Aug | Sep | Oct | Nov | Dec 
1998: Jan | Feb | Mar | Apr | May | Jun | Jul | Aug | Sep | Oct | Nov | Dec 
1997: Jan | Feb | Mar | Apr | May | Jun | Jul | Aug | Sep | Oct | Nov | Dec 
1996: Jan | Feb | Mar | Apr | May | Jun | Jul | Aug | Sep | Oct | Nov | Dec 
1995: Jan | Feb | Mar | Apr | May | Jun | Jul | Aug | Sep | Oct | Nov | Dec 

Report for 2014 04
MONTHLY CLIMATOLOGICAL SUMMARY for APR. 2014 NAME: HornSpri CITY: Lebanon STATE: TN ELEV: 612 ft LAT: 36 14' 05" N LONG: 86 22' 55" W TEMPERATURE (F), RAIN (in), WIND SPEED (mph) HEAT COOL AVG MEAN DEG DEG WIND DOM DAY TEMP HIGH TIME LOW TIME DAYS DAYS RAIN SPEED HIGH TIME DIR ------------------------------------------------------------------------------------ 1 70.1 81.4 17:00 58.8 6:57 0.0 5.1 0.00 3.8 18.0 10:59 S 2 67.2 80.2 13:16 54.2 4:41 0.0 2.2 0.16 2.3 14.0 12:23 S 3 67.6 75.4 17:13 59.7 7:01 0.0 2.6 0.58 4.7 17.0 8:34 S 4 58.3 70.4 0:47 46.3 23:54 6.7 0.0 1.14 6.0 28.0 15:11 S 5 50.7 57.8 16:18 43.6 4:35 14.3 0.0 0.00 3.0 15.0 12:08 NW 6 52.6 65.9 16:01 39.2 4:11 12.4 0.0 0.42 1.6 11.0 11:31 NE 7 56.8 66.1 13:40 47.4 23:59 8.3 0.0 0.27 5.7 28.0 17:42 SW 8 50.9 63.1 15:24 38.7 6:21 14.1 0.0 0.02 2.2 21.0 15:44 SW 9 54.0 68.0 17:06 40.1 6:52 11.0 0.0 0.00 2.0 24.0 16:54 WSW 10 59.4 75.7 15:45 43.2 2:41 5.6 0.0 0.00 3.3 20.0 11:47 S 11 67.8 77.6 15:48 58.1 00:00 0.0 2.8 0.06 4.2 30.0 18:50 S 12 65.3 80.0 15:54 50.6 6:59 0.0 0.3 0.00 2.4 24.0 15:47 S 13 71.7 81.0 15:38 62.4 5:56 0.0 6.7 0.00 3.7 22.0 11:51 S 14 59.3 73.4 0:01 45.3 23:58 5.7 0.0 0.13 4.8 22.0 7:20 S 15 41.7 47.8 16:36 35.5 5:58 23.3 0.0 0.19 6.1 24.0 9:01 NW 16 45.9 62.1 17:10 29.7 5:29 19.1 0.0 0.00 1.8 14.0 8:33 NE 17 56.5 70.5 16:54 42.6 0:01 8.5 0.0 0.00 1.4 13.0 9:35 SSE 18 60.2 68.5 15:04 51.8 0:01 4.8 0.0 0.00 0.9 10.0 13:59 SSW 19 61.1 77.7 16:47 44.5 6:59 3.9 0.0 0.00 2.4 18.0 10:53 N 20 63.1 80.5 15:42 45.7 6:42 1.9 0.0 0.00 0.6 9.0 12:19 SW 21 64.8 79.7 16:40 49.8 6:02 0.3 0.0 0.00 1.2 16.0 16:44 SSW 22 68.5 77.7 16:03 59.3 23:56 0.0 3.5 0.00 3.1 25.0 15:28 SW 23 58.5 71.1 16:31 46.0 4:01 6.5 0.0 0.00 2.2 14.0 8:19 NE 24 62.5 81.8 15:46 43.2 6:28 2.5 0.0 0.02 1.6 15.0 12:23 ENE 25 61.7 72.9 16:57 50.5 23:59 3.3 0.0 0.32 3.6 20.0 7:19 WSW 26 64.1 83.7 16:38 44.4 6:36 0.9 0.0 0.00 0.7 12.0 14:02 SW 27 69.0 81.8 11:57 56.2 5:39 0.0 4.0 0.14 1.3 16.0 16:08 S 28 66.1 70.7 16:03 61.4 12:23 0.0 1.1 2.83 3.5 30.0 7:26 ESE 29 67.2 78.9 15:20 55.5 23:32 0.0 2.2 0.37 2.4 24.0 16:21 SW 30 62.3 70.8 15:17 53.7 23:56 2.8 0.0 0.00 3.2 21.0 15:02 WSW ------------------------------------------------------------------------------------- 60.8 83.7 26 29.7 16 155.6 30.4 6.65 2.9 30.0 11 S Max >= 90.0: 0 Max <= 32.0: 0 Min <= 32.0: 1 Min <= 0.0: 0 Max Rain: 2.83 ON 04/28/14 Days of Rain: 14 (>.01 in) 11 (>.1 in) 2 (>1 in) Heat Base: 65.0 Cool Base: 65.0 Method: (High + Low) / 2