Warning: file(http://www.wunderground.com/climate/extremes.asp): failed to open stream: HTTP request failed! HTTP/1.0 500 Internal Server Error in /homepages/6/d330860172/htdocs/usaextremes.php on line 55

Warning: implode(): Invalid arguments passed in /homepages/6/d330860172/htdocs/usaextremes.php on line 55

NOAA Style Climate Reports for Lebanon, TN

NOAA style reports

NOAA-style Climate Reports

2018: Jan | Feb | Mar | Apr | May | Jun | Jul | Aug | Sep | Oct | Nov | Dec 
2017: Jan | Feb | Mar | Apr | May | Jun | Jul | Aug | Sep | Oct | Nov | Dec 
2016: Jan | Feb | Mar | Apr | May | Jun | Jul | Aug | Sep | Oct | Nov | Dec 
2015: Jan | Feb | Mar | Apr | May | Jun | Jul | Aug | Sep | Oct | Nov | Dec 
2014: Jan | Feb | Mar | Apr | May | Jun | Jul | Aug | Sep | Oct | Nov | Dec 
2013: Jan | Feb | Mar | Apr | May | Jun | Jul | Aug | Sep | Oct | Nov | Dec 
2012: Jan | Feb | Mar | Apr | May | Jun | Jul | Aug | Sep | Oct | Nov | Dec 
2011: Jan | Feb | Mar | Apr | May | Jun | Jul | Aug | Sep | Oct | Nov | Dec 
2010: Jan | Feb | Mar | Apr | May | Jun | Jul | Aug | Sep | Oct | Nov | Dec 
2009: Jan | Feb | Mar | Apr | May | Jun | Jul | Aug | Sep | Oct | Nov | Dec 
2008: Jan | Feb | Mar | Apr | May | Jun | Jul | Aug | Sep | Oct | Nov | Dec 
2007: Jan | Feb | Mar | Apr | May | Jun | Jul | Aug | Sep | Oct | Nov | Dec 
2006: Jan | Feb | Mar | Apr | May | Jun | Jul | Aug | Sep | Oct | Nov | Dec 
2005: Jan | Feb | Mar | Apr | May | Jun | Jul | Aug | Sep | Oct | Nov | Dec 
2004: Jan | Feb | Mar | Apr | May | Jun | Jul | Aug | Sep | Oct | Nov | Dec 
2003: Jan | Feb | Mar | Apr | May | Jun | Jul | Aug | Sep | Oct | Nov | Dec 
2002: Jan | Feb | Mar | Apr | May | Jun | Jul | Aug | Sep | Oct | Nov | Dec 
2001: Jan | Feb | Mar | Apr | May | Jun | Jul | Aug | Sep | Oct | Nov | Dec 
2000: Jan | Feb | Mar | Apr | May | Jun | Jul | Aug | Sep | Oct | Nov | Dec 
1999: Jan | Feb | Mar | Apr | May | Jun | Jul | Aug | Sep | Oct | Nov | Dec 
1998: Jan | Feb | Mar | Apr | May | Jun | Jul | Aug | Sep | Oct | Nov | Dec 
1997: Jan | Feb | Mar | Apr | May | Jun | Jul | Aug | Sep | Oct | Nov | Dec 
1996: Jan | Feb | Mar | Apr | May | Jun | Jul | Aug | Sep | Oct | Nov | Dec 
1995: Jan | Feb | Mar | Apr | May | Jun | Jul | Aug | Sep | Oct | Nov | Dec 

Report for 2014 05
MONTHLY CLIMATOLOGICAL SUMMARY for MAY. 2014 NAME: HornSpri CITY: Lebanon STATE: TN ELEV: 612 ft LAT: 36 14' 05" N LONG: 86 22' 55" W TEMPERATURE (F), RAIN (in), WIND SPEED (mph) HEAT COOL AVG MEAN DEG DEG WIND DOM DAY TEMP HIGH TIME LOW TIME DAYS DAYS RAIN SPEED HIGH TIME DIR ------------------------------------------------------------------------------------ 1 56.1 65.9 16:31 46.2 6:27 8.9 0.0 0.00 3.0 18.0 13:07 SW 2 55.4 66.5 14:18 44.3 3:36 9.6 0.0 0.00 2.4 19.0 14:04 SW 3 62.6 78.5 16:11 46.7 0:57 2.4 0.0 0.00 2.5 18.0 12:44 WSW 4 71.3 88.6 15:57 54.0 5:09 0.0 6.3 0.00 2.7 21.0 10:55 SW 5 75.6 87.9 16:11 63.3 5:46 0.0 10.6 0.00 2.5 20.0 11:29 SSW 6 74.7 87.9 15:42 61.5 3:34 0.0 9.7 0.00 1.4 19.0 16:05 SW 7 75.8 87.5 15:41 64.1 5:33 0.0 10.8 0.00 1.4 18.0 14:03 SSW 8 75.9 85.9 15:51 66.0 6:44 0.0 10.9 0.00 1.2 20.0 12:56 SW 9 71.1 74.8 0:04 67.4 23:30 0.0 6.1 0.07 1.5 19.0 13:33 S 10 73.0 81.4 15:11 64.6 5:39 0.0 8.0 0.00 1.7 18.0 15:10 SW 11 74.7 85.1 15:45 64.3 6:14 0.0 9.7 0.00 0.8 16.0 15:16 SSW 12 79.9 89.2 15:48 70.7 5:14 0.0 14.9 0.00 1.0 17.0 13:41 SSW 13 78.8 88.8 16:16 68.8 23:18 0.0 13.8 0.00 1.0 17.0 12:52 SSW 14 65.5 74.6 12:59 56.4 00:00 0.0 0.5 3.87 1.5 21.0 13:30 SW 15 54.7 60.6 16:05 48.8 23:25 10.3 0.0 0.00 3.5 18.0 0:23 WSW 16 54.6 62.2 14:04 46.9 23:57 10.4 0.0 0.13 2.9 23.0 15:34 SW 17 53.7 61.2 15:55 46.1 0:52 11.3 0.0 0.00 0.7 8.0 10:08 NE 18 61.0 73.0 16:15 48.9 6:15 4.0 0.0 0.00 1.2 11.0 10:06 NNW 19 63.1 79.4 16:28 46.8 6:00 1.9 0.0 0.00 1.0 9.0 10:28 SW 20 73.9 84.2 15:43 63.6 5:31 0.0 8.9 0.00 2.5 22.0 14:27 SSW 21 75.6 85.5 16:50 65.7 4:46 0.0 10.6 0.00 2.7 24.0 12:13 SW 22 77.1 87.2 16:03 66.9 5:11 0.0 12.1 0.00 2.2 15.0 14:25 SW 23 76.4 86.8 15:41 65.9 4:25 0.0 11.4 0.00 1.5 12.0 4:58 NE 24 72.8 84.0 15:53 61.7 3:39 0.0 7.8 0.00 1.2 11.0 9:11 ENE 25 72.1 82.9 15:43 61.3 4:46 0.0 7.1 0.12 1.2 12.0 18:56 ENE 26 74.3 87.5 17:02 61.2 3:26 0.0 9.3 0.07 0.4 10.0 11:08 SW 27 76.8 87.2 13:43 66.3 4:54 0.0 11.8 0.00 1.0 13.0 13:39 SW 28 77.4 86.4 13:17 68.3 5:45 0.0 12.4 0.00 1.2 12.0 14:53 SW 29 74.8 86.2 15:24 63.4 5:43 0.0 9.8 0.00 0.7 9.0 11:24 SW 30 77.7 88.7 14:44 66.7 5:32 0.0 12.7 0.09 0.5 17.0 16:03 E 31 77.6 88.3 12:35 66.9 5:46 0.0 12.6 0.07 0.8 9.0 15:07 NE ------------------------------------------------------------------------------------- 70.4 89.2 12 44.3 2 59.0 227.8 4.42 1.6 24.0 21 SW Max >= 90.0: 0 Max <= 32.0: 0 Min <= 32.0: 0 Min <= 0.0: 0 Max Rain: 3.87 ON 05/14/14 Days of Rain: 7 (>.01 in) 3 (>.1 in) 1 (>1 in) Heat Base: 65.0 Cool Base: 65.0 Method: (High + Low) / 2