Warning: file(http://www.wunderground.com/climate/extremes.asp): failed to open stream: HTTP request failed! HTTP/1.0 500 Internal Server Error in /homepages/6/d330860172/htdocs/usaextremes.php on line 55

Warning: implode(): Invalid arguments passed in /homepages/6/d330860172/htdocs/usaextremes.php on line 55

NOAA Style Climate Reports for Lebanon, TN

NOAA style reports

NOAA-style Climate Reports

2018: Jan | Feb | Mar | Apr | May | Jun | Jul | Aug | Sep | Oct | Nov | Dec 
2017: Jan | Feb | Mar | Apr | May | Jun | Jul | Aug | Sep | Oct | Nov | Dec 
2016: Jan | Feb | Mar | Apr | May | Jun | Jul | Aug | Sep | Oct | Nov | Dec 
2015: Jan | Feb | Mar | Apr | May | Jun | Jul | Aug | Sep | Oct | Nov | Dec 
2014: Jan | Feb | Mar | Apr | May | Jun | Jul | Aug | Sep | Oct | Nov | Dec 
2013: Jan | Feb | Mar | Apr | May | Jun | Jul | Aug | Sep | Oct | Nov | Dec 
2012: Jan | Feb | Mar | Apr | May | Jun | Jul | Aug | Sep | Oct | Nov | Dec 
2011: Jan | Feb | Mar | Apr | May | Jun | Jul | Aug | Sep | Oct | Nov | Dec 
2010: Jan | Feb | Mar | Apr | May | Jun | Jul | Aug | Sep | Oct | Nov | Dec 
2009: Jan | Feb | Mar | Apr | May | Jun | Jul | Aug | Sep | Oct | Nov | Dec 
2008: Jan | Feb | Mar | Apr | May | Jun | Jul | Aug | Sep | Oct | Nov | Dec 
2007: Jan | Feb | Mar | Apr | May | Jun | Jul | Aug | Sep | Oct | Nov | Dec 
2006: Jan | Feb | Mar | Apr | May | Jun | Jul | Aug | Sep | Oct | Nov | Dec 
2005: Jan | Feb | Mar | Apr | May | Jun | Jul | Aug | Sep | Oct | Nov | Dec 
2004: Jan | Feb | Mar | Apr | May | Jun | Jul | Aug | Sep | Oct | Nov | Dec 
2003: Jan | Feb | Mar | Apr | May | Jun | Jul | Aug | Sep | Oct | Nov | Dec 
2002: Jan | Feb | Mar | Apr | May | Jun | Jul | Aug | Sep | Oct | Nov | Dec 
2001: Jan | Feb | Mar | Apr | May | Jun | Jul | Aug | Sep | Oct | Nov | Dec 
2000: Jan | Feb | Mar | Apr | May | Jun | Jul | Aug | Sep | Oct | Nov | Dec 
1999: Jan | Feb | Mar | Apr | May | Jun | Jul | Aug | Sep | Oct | Nov | Dec 
1998: Jan | Feb | Mar | Apr | May | Jun | Jul | Aug | Sep | Oct | Nov | Dec 
1997: Jan | Feb | Mar | Apr | May | Jun | Jul | Aug | Sep | Oct | Nov | Dec 
1996: Jan | Feb | Mar | Apr | May | Jun | Jul | Aug | Sep | Oct | Nov | Dec 
1995: Jan | Feb | Mar | Apr | May | Jun | Jul | Aug | Sep | Oct | Nov | Dec 

Report for 2014 06
MONTHLY CLIMATOLOGICAL SUMMARY for JUN. 2014 NAME: HornSpri CITY: Lebanon STATE: TN ELEV: 612 ft LAT: 36 14' 05" N LONG: 86 22' 55" W TEMPERATURE (F), RAIN (in), WIND SPEED (mph) HEAT COOL AVG MEAN DEG DEG WIND DOM DAY TEMP HIGH TIME LOW TIME DAYS DAYS RAIN SPEED HIGH TIME DIR ------------------------------------------------------------------------------------ 1 77.5 84.8 13:34 70.2 2:29 0.0 12.5 0.12 0.7 20.0 14:21 E 2 76.1 82.2 16:20 70.0 5:45 0.0 11.1 0.00 1.1 13.0 13:20 SW 3 78.5 87.8 15:52 69.2 5:08 0.0 13.5 0.00 0.6 10.0 10:05 SW 4 78.9 87.3 15:56 70.6 5:30 0.0 13.9 0.01 2.5 17.0 12:56 SW 5 72.6 76.7 1:14 68.5 6:29 0.0 7.6 0.22 1.6 23.0 1:51 SW 6 75.9 86.3 15:54 65.6 7:08 0.0 10.9 0.00 0.6 8.0 13:20 SW 7 77.2 87.7 14:31 66.7 6:08 0.0 12.2 0.08 0.9 12.0 23:28 SW 8 72.5 78.1 15:54 66.9 6:08 0.0 7.5 0.00 2.7 22.0 11:46 SW 9 70.4 77.5 14:37 63.4 8:17 0.0 5.4 0.46 1.2 14.0 8:00 ENE 10 71.7 78.0 11:09 65.3 5:07 0.0 6.7 0.32 0.6 8.0 13:24 SSW 11 74.8 82.0 14:22 67.7 23:23 0.0 9.8 0.37 1.2 18.0 11:43 SW 12 74.8 85.3 16:01 64.2 5:45 0.0 9.8 0.00 1.1 12.0 13:50 SW 13 70.6 78.1 15:35 63.1 00:00 0.0 5.6 0.46 1.7 18.0 14:28 NW 14 69.2 83.8 16:12 54.6 5:50 0.0 4.2 0.00 1.6 12.0 8:37 ENE 15 76.5 90.3 16:17 62.7 6:04 0.0 11.5 0.00 1.2 13.0 10:36 SW 16 79.3 92.7 15:01 65.9 5:56 0.0 14.3 0.00 0.6 10.0 10:53 SW 17 82.1 92.6 16:00 71.7 5:16 0.0 17.1 0.00 1.5 15.0 14:20 SW 18 82.9 93.0 14:27 72.8 5:25 0.0 17.9 0.00 1.3 16.0 13:00 SW 19 83.1 93.2 16:00 73.1 5:57 0.0 18.1 0.00 1.4 14.0 14:11 WSW 20 81.8 92.8 15:16 70.8 23:59 0.0 16.8 0.31 2.0 31.0 16:42 SW 21 79.4 90.3 14:27 68.6 4:40 0.0 14.4 0.01 1.2 19.0 15:46 SW 22 80.4 94.3 16:51 66.5 6:11 0.0 15.4 0.00 0.4 9.0 16:20 WSW 23 80.3 91.1 14:15 69.4 4:44 0.0 15.3 0.00 1.1 21.0 14:47 SW 24 79.1 85.6 13:32 72.6 5:11 0.0 14.1 0.58 1.5 21.0 17:23 S 25 80.4 89.3 16:21 71.5 23:59 0.0 15.4 0.00 2.2 14.0 13:32 SW 26 77.4 86.8 13:24 68.1 6:06 0.0 12.4 0.00 0.3 7.0 14:22 SW 27 79.1 86.6 11:34 71.7 1:23 0.0 14.1 0.17 0.5 10.0 15:03 SW 28 78.4 85.8 17:31 70.9 5:42 0.0 13.4 0.14 0.6 16.0 10:17 SW 29 76.3 82.2 15:03 70.3 6:05 0.0 11.3 1.22 0.9 14.0 17:00 SW 30 80.3 90.7 16:22 69.9 6:06 0.0 15.3 0.09 0.8 10.0 16:04 SW ------------------------------------------------------------------------------------- 77.3 94.3 22 54.6 14 0.0 367.7 4.56 1.2 31.0 20 SW Max >= 90.0: 10 Max <= 32.0: 0 Min <= 32.0: 0 Min <= 0.0: 0 Max Rain: 1.22 ON 06/29/14 Days of Rain: 13 (>.01 in) 11 (>.1 in) 1 (>1 in) Heat Base: 65.0 Cool Base: 65.0 Method: (High + Low) / 2