Warning: file(http://www.wunderground.com/climate/extremes.asp): failed to open stream: HTTP request failed! HTTP/1.0 500 Internal Server Error in /homepages/6/d330860172/htdocs/usaextremes.php on line 55

Warning: implode(): Invalid arguments passed in /homepages/6/d330860172/htdocs/usaextremes.php on line 55

NOAA Style Climate Reports for Lebanon, TN

NOAA style reports

NOAA-style Climate Reports

2018: Jan | Feb | Mar | Apr | May | Jun | Jul | Aug | Sep | Oct | Nov | Dec 
2017: Jan | Feb | Mar | Apr | May | Jun | Jul | Aug | Sep | Oct | Nov | Dec 
2016: Jan | Feb | Mar | Apr | May | Jun | Jul | Aug | Sep | Oct | Nov | Dec 
2015: Jan | Feb | Mar | Apr | May | Jun | Jul | Aug | Sep | Oct | Nov | Dec 
2014: Jan | Feb | Mar | Apr | May | Jun | Jul | Aug | Sep | Oct | Nov | Dec 
2013: Jan | Feb | Mar | Apr | May | Jun | Jul | Aug | Sep | Oct | Nov | Dec 
2012: Jan | Feb | Mar | Apr | May | Jun | Jul | Aug | Sep | Oct | Nov | Dec 
2011: Jan | Feb | Mar | Apr | May | Jun | Jul | Aug | Sep | Oct | Nov | Dec 
2010: Jan | Feb | Mar | Apr | May | Jun | Jul | Aug | Sep | Oct | Nov | Dec 
2009: Jan | Feb | Mar | Apr | May | Jun | Jul | Aug | Sep | Oct | Nov | Dec 
2008: Jan | Feb | Mar | Apr | May | Jun | Jul | Aug | Sep | Oct | Nov | Dec 
2007: Jan | Feb | Mar | Apr | May | Jun | Jul | Aug | Sep | Oct | Nov | Dec 
2006: Jan | Feb | Mar | Apr | May | Jun | Jul | Aug | Sep | Oct | Nov | Dec 
2005: Jan | Feb | Mar | Apr | May | Jun | Jul | Aug | Sep | Oct | Nov | Dec 
2004: Jan | Feb | Mar | Apr | May | Jun | Jul | Aug | Sep | Oct | Nov | Dec 
2003: Jan | Feb | Mar | Apr | May | Jun | Jul | Aug | Sep | Oct | Nov | Dec 
2002: Jan | Feb | Mar | Apr | May | Jun | Jul | Aug | Sep | Oct | Nov | Dec 
2001: Jan | Feb | Mar | Apr | May | Jun | Jul | Aug | Sep | Oct | Nov | Dec 
2000: Jan | Feb | Mar | Apr | May | Jun | Jul | Aug | Sep | Oct | Nov | Dec 
1999: Jan | Feb | Mar | Apr | May | Jun | Jul | Aug | Sep | Oct | Nov | Dec 
1998: Jan | Feb | Mar | Apr | May | Jun | Jul | Aug | Sep | Oct | Nov | Dec 
1997: Jan | Feb | Mar | Apr | May | Jun | Jul | Aug | Sep | Oct | Nov | Dec 
1996: Jan | Feb | Mar | Apr | May | Jun | Jul | Aug | Sep | Oct | Nov | Dec 
1995: Jan | Feb | Mar | Apr | May | Jun | Jul | Aug | Sep | Oct | Nov | Dec 

Report for 2014 07
MONTHLY CLIMATOLOGICAL SUMMARY for JUL. 2014 NAME: HornSpri CITY: Lebanon STATE: TN ELEV: 612 ft LAT: 36 14' 05" N LONG: 86 22' 55" W TEMPERATURE (F), RAIN (in), WIND SPEED (mph) HEAT COOL AVG MEAN DEG DEG WIND DOM DAY TEMP HIGH TIME LOW TIME DAYS DAYS RAIN SPEED HIGH TIME DIR ------------------------------------------------------------------------------------ 1 81.4 92.5 14:59 70.3 23:59 0.0 16.4 0.05 2.0 25.0 21:45 SW 2 78.3 89.2 16:53 67.4 5:59 0.0 13.3 0.01 0.9 14.0 23:04 WSW 3 71.6 79.7 15:08 63.4 6:23 0.0 6.6 0.00 2.5 14.0 14:54 NW 4 72.0 83.7 16:51 60.3 4:11 0.0 7.0 0.00 2.0 20.0 9:42 NW 5 71.7 88.5 18:07 54.8 4:58 0.0 6.7 0.00 0.9 10.0 9:29 SW 6 76.3 89.7 17:17 62.9 6:17 0.0 11.3 0.00 1.1 13.0 12:59 SW 7 79.3 90.1 15:17 68.5 6:04 0.0 14.3 0.00 1.8 17.0 16:47 SW 8 82.2 89.4 16:59 74.9 6:04 0.0 17.2 0.02 3.1 22.0 9:23 SW 9 78.3 85.7 15:22 71.0 23:56 0.0 13.3 0.01 1.3 13.0 5:19 SW 10 77.6 89.3 15:19 65.9 6:18 0.0 12.6 0.00 0.6 9.0 14:47 NE 11 79.9 95.2 15:35 64.7 6:05 0.0 14.9 0.00 0.6 8.0 11:35 NNE 12 80.1 95.3 15:37 64.9 6:06 0.0 15.1 0.00 0.6 10.0 12:29 E 13 84.0 94.8 15:25 73.2 6:30 0.0 19.0 0.00 1.6 15.0 11:01 SW 14 80.9 91.1 14:59 70.8 23:39 0.0 15.9 0.38 3.1 29.0 18:09 SW 15 73.3 81.2 16:25 65.5 23:59 0.0 8.3 0.00 2.6 16.0 12:11 NW 16 67.3 80.5 16:01 54.2 6:23 0.0 2.3 0.00 1.4 11.0 13:12 NW 17 69.1 82.7 15:11 55.6 5:59 0.0 4.1 0.00 1.3 10.0 9:25 NE 18 65.7 68.2 14:46 63.2 6:58 0.0 0.7 0.11 0.6 8.0 23:50 ENE 19 70.8 78.0 16:08 63.6 1:40 0.0 5.8 0.71 1.5 9.0 4:53 ENE 20 78.3 87.1 17:27 69.6 23:59 0.0 13.3 0.00 0.5 8.0 10:10 SW 21 77.9 91.1 14:57 64.7 5:59 0.0 12.9 0.00 0.8 9.0 15:36 E 22 81.6 93.4 16:33 69.8 5:53 0.0 16.6 0.00 0.5 12.0 14:51 SW 23 83.0 93.3 14:59 72.7 23:56 0.0 18.0 0.06 1.1 16.0 20:47 SW 24 77.0 86.3 16:51 67.7 23:59 0.0 12.0 0.00 1.5 12.0 11:55 NW 25 73.3 88.0 16:47 58.5 6:26 0.0 8.3 0.00 0.7 8.0 10:14 NE 26 77.9 92.2 15:32 63.6 5:30 0.0 12.9 0.00 1.3 13.0 12:38 SW 27 82.9 94.4 15:13 71.5 22:01 0.0 17.9 0.46 3.9 28.0 21:31 SW 28 74.1 84.0 14:58 64.1 6:33 0.0 9.1 0.00 2.5 17.0 17:23 NW 29 70.2 80.4 15:55 60.0 6:15 0.0 5.2 0.00 2.3 15.0 11:38 NW 30 69.1 81.7 13:16 56.4 5:51 0.0 4.1 0.00 0.5 9.0 15:34 W 31 73.7 88.4 15:10 59.0 5:37 0.0 8.7 0.00 0.7 9.0 10:01 NE ------------------------------------------------------------------------------------- 76.1 95.3 12 54.2 16 0.0 343.9 1.81 1.5 29.0 14 SW Max >= 90.0: 11 Max <= 32.0: 0 Min <= 32.0: 0 Min <= 0.0: 0 Max Rain: 0.71 ON 07/19/14 Days of Rain: 7 (>.01 in) 4 (>.1 in) 0 (>1 in) Heat Base: 65.0 Cool Base: 65.0 Method: (High + Low) / 2