Warning: file(http://www.wunderground.com/climate/extremes.asp): failed to open stream: HTTP request failed! HTTP/1.0 500 Internal Server Error in /homepages/6/d330860172/htdocs/usaextremes.php on line 55

Warning: implode(): Invalid arguments passed in /homepages/6/d330860172/htdocs/usaextremes.php on line 55

NOAA Style Climate Reports for Lebanon, TN

NOAA style reports

NOAA-style Climate Reports

2018: Jan | Feb | Mar | Apr | May | Jun | Jul | Aug | Sep | Oct | Nov | Dec 
2017: Jan | Feb | Mar | Apr | May | Jun | Jul | Aug | Sep | Oct | Nov | Dec 
2016: Jan | Feb | Mar | Apr | May | Jun | Jul | Aug | Sep | Oct | Nov | Dec 
2015: Jan | Feb | Mar | Apr | May | Jun | Jul | Aug | Sep | Oct | Nov | Dec 
2014: Jan | Feb | Mar | Apr | May | Jun | Jul | Aug | Sep | Oct | Nov | Dec 
2013: Jan | Feb | Mar | Apr | May | Jun | Jul | Aug | Sep | Oct | Nov | Dec 
2012: Jan | Feb | Mar | Apr | May | Jun | Jul | Aug | Sep | Oct | Nov | Dec 
2011: Jan | Feb | Mar | Apr | May | Jun | Jul | Aug | Sep | Oct | Nov | Dec 
2010: Jan | Feb | Mar | Apr | May | Jun | Jul | Aug | Sep | Oct | Nov | Dec 
2009: Jan | Feb | Mar | Apr | May | Jun | Jul | Aug | Sep | Oct | Nov | Dec 
2008: Jan | Feb | Mar | Apr | May | Jun | Jul | Aug | Sep | Oct | Nov | Dec 
2007: Jan | Feb | Mar | Apr | May | Jun | Jul | Aug | Sep | Oct | Nov | Dec 
2006: Jan | Feb | Mar | Apr | May | Jun | Jul | Aug | Sep | Oct | Nov | Dec 
2005: Jan | Feb | Mar | Apr | May | Jun | Jul | Aug | Sep | Oct | Nov | Dec 
2004: Jan | Feb | Mar | Apr | May | Jun | Jul | Aug | Sep | Oct | Nov | Dec 
2003: Jan | Feb | Mar | Apr | May | Jun | Jul | Aug | Sep | Oct | Nov | Dec 
2002: Jan | Feb | Mar | Apr | May | Jun | Jul | Aug | Sep | Oct | Nov | Dec 
2001: Jan | Feb | Mar | Apr | May | Jun | Jul | Aug | Sep | Oct | Nov | Dec 
2000: Jan | Feb | Mar | Apr | May | Jun | Jul | Aug | Sep | Oct | Nov | Dec 
1999: Jan | Feb | Mar | Apr | May | Jun | Jul | Aug | Sep | Oct | Nov | Dec 
1998: Jan | Feb | Mar | Apr | May | Jun | Jul | Aug | Sep | Oct | Nov | Dec 
1997: Jan | Feb | Mar | Apr | May | Jun | Jul | Aug | Sep | Oct | Nov | Dec 
1996: Jan | Feb | Mar | Apr | May | Jun | Jul | Aug | Sep | Oct | Nov | Dec 
1995: Jan | Feb | Mar | Apr | May | Jun | Jul | Aug | Sep | Oct | Nov | Dec 

Report for 2014 08
MONTHLY CLIMATOLOGICAL SUMMARY for AUG. 2014 NAME: HornSpri CITY: Lebanon STATE: TN ELEV: 612 ft LAT: 36 14' 05" N LONG: 86 22' 55" W TEMPERATURE (F), RAIN (in), WIND SPEED (mph) HEAT COOL AVG MEAN DEG DEG WIND DOM DAY TEMP HIGH TIME LOW TIME DAYS DAYS RAIN SPEED HIGH TIME DIR ------------------------------------------------------------------------------------ 1 74.6 88.2 17:13 61.0 6:04 0.0 9.6 0.00 0.8 11.0 14:06 ENE 2 78.5 91.2 14:57 65.8 6:23 0.0 13.5 0.00 1.0 13.0 14:07 NNW 3 79.6 93.0 15:26 66.1 4:19 0.0 14.6 0.00 1.6 13.0 13:57 ENE 4 77.6 92.0 15:01 63.1 6:28 0.0 12.6 0.00 1.6 12.0 15:30 ENE 5 77.4 92.8 14:15 61.9 6:06 0.0 12.4 0.00 0.7 12.0 13:01 SW 6 82.7 96.0 16:13 69.4 6:09 0.0 17.7 0.00 1.5 14.0 14:53 SW 7 82.6 94.9 13:43 70.3 5:40 0.0 17.6 0.40 1.5 34.0 20:08 ENE 8 79.3 87.6 15:38 71.0 2:28 0.0 14.3 0.02 1.2 16.0 12:53 SW 9 81.2 91.2 15:39 71.2 4:37 0.0 16.2 0.18 1.3 16.0 16:47 SSW 10 82.1 91.3 15:44 72.8 3:12 0.0 17.1 0.03 1.2 13.0 14:33 SW 11 81.3 90.1 14:00 72.5 23:59 0.0 16.3 0.61 1.5 34.0 14:58 SSW 12 78.3 87.2 15:58 69.4 00:00 0.0 13.3 0.00 2.7 18.0 13:48 WSW 13 70.1 82.9 16:27 57.2 6:31 0.0 5.1 0.00 1.5 15.0 10:32 NNW 14 71.7 85.9 16:13 57.5 6:22 0.0 6.7 0.00 0.4 7.0 13:04 W 15 74.8 88.9 15:06 60.7 6:18 0.0 9.8 0.00 0.6 10.0 15:04 ENE 16 77.4 89.0 15:12 65.8 5:10 0.0 12.4 0.00 0.5 9.0 13:55 SW 17 76.7 80.7 15:27 72.7 11:26 0.0 11.7 0.28 0.8 10.0 14:09 SSW 18 77.5 83.4 13:09 71.6 23:51 0.0 12.5 0.32 0.9 10.0 12:18 SW 19 80.4 90.3 17:54 70.6 1:21 0.0 15.4 0.00 1.2 12.0 9:35 SW 20 82.3 94.4 13:23 70.2 23:23 0.0 17.3 1.94 1.5 20.0 14:43 SW 21 80.9 94.3 16:21 67.5 6:10 0.0 15.9 0.01 1.1 12.0 9:25 SW 22 83.6 93.2 16:26 74.0 5:55 0.0 18.6 0.00 1.3 13.0 10:32 SW 23 83.8 94.5 16:23 73.1 23:35 0.0 18.8 0.53 1.2 24.0 16:56 SW 24 80.2 89.1 17:23 71.3 6:32 0.0 15.2 0.00 1.3 10.0 2:08 NE 25 83.9 92.6 16:22 75.3 6:36 0.0 18.9 0.00 0.5 8.0 10:56 NE 26 81.2 89.6 16:03 72.8 5:15 0.0 16.2 0.00 0.7 11.0 11:36 SW 27 80.7 92.2 16:10 69.2 5:42 0.0 15.7 0.00 1.0 10.0 14:11 NE 28 82.6 94.3 15:22 70.8 4:57 0.0 17.6 0.00 0.5 11.0 15:29 NNE 29 81.6 93.1 14:13 70.2 6:52 0.0 16.6 0.00 0.4 12.0 13:31 SSW 30 78.3 85.4 15:30 71.2 23:51 0.0 13.3 0.89 0.4 10.0 11:23 SW 31 76.6 82.6 14:38 70.7 5:01 0.0 11.6 0.16 1.2 18.0 13:17 SSW ------------------------------------------------------------------------------------- 79.3 96.0 6 57.2 13 0.0 444.4 5.37 1.1 34.0 7 SW Max >= 90.0: 18 Max <= 32.0: 0 Min <= 32.0: 0 Min <= 0.0: 0 Max Rain: 1.94 ON 08/20/14 Days of Rain: 11 (>.01 in) 9 (>.1 in) 1 (>1 in) Heat Base: 65.0 Cool Base: 65.0 Method: (High + Low) / 2