Warning: file(http://www.wunderground.com/climate/extremes.asp): failed to open stream: HTTP request failed! HTTP/1.0 500 Internal Server Error in /homepages/6/d330860172/htdocs/usaextremes.php on line 55

Warning: implode(): Invalid arguments passed in /homepages/6/d330860172/htdocs/usaextremes.php on line 55

NOAA Style Climate Reports for Lebanon, TN

NOAA style reports

NOAA-style Climate Reports

2018: Jan | Feb | Mar | Apr | May | Jun | Jul | Aug | Sep | Oct | Nov | Dec 
2017: Jan | Feb | Mar | Apr | May | Jun | Jul | Aug | Sep | Oct | Nov | Dec 
2016: Jan | Feb | Mar | Apr | May | Jun | Jul | Aug | Sep | Oct | Nov | Dec 
2015: Jan | Feb | Mar | Apr | May | Jun | Jul | Aug | Sep | Oct | Nov | Dec 
2014: Jan | Feb | Mar | Apr | May | Jun | Jul | Aug | Sep | Oct | Nov | Dec 
2013: Jan | Feb | Mar | Apr | May | Jun | Jul | Aug | Sep | Oct | Nov | Dec 
2012: Jan | Feb | Mar | Apr | May | Jun | Jul | Aug | Sep | Oct | Nov | Dec 
2011: Jan | Feb | Mar | Apr | May | Jun | Jul | Aug | Sep | Oct | Nov | Dec 
2010: Jan | Feb | Mar | Apr | May | Jun | Jul | Aug | Sep | Oct | Nov | Dec 
2009: Jan | Feb | Mar | Apr | May | Jun | Jul | Aug | Sep | Oct | Nov | Dec 
2008: Jan | Feb | Mar | Apr | May | Jun | Jul | Aug | Sep | Oct | Nov | Dec 
2007: Jan | Feb | Mar | Apr | May | Jun | Jul | Aug | Sep | Oct | Nov | Dec 
2006: Jan | Feb | Mar | Apr | May | Jun | Jul | Aug | Sep | Oct | Nov | Dec 
2005: Jan | Feb | Mar | Apr | May | Jun | Jul | Aug | Sep | Oct | Nov | Dec 
2004: Jan | Feb | Mar | Apr | May | Jun | Jul | Aug | Sep | Oct | Nov | Dec 
2003: Jan | Feb | Mar | Apr | May | Jun | Jul | Aug | Sep | Oct | Nov | Dec 
2002: Jan | Feb | Mar | Apr | May | Jun | Jul | Aug | Sep | Oct | Nov | Dec 
2001: Jan | Feb | Mar | Apr | May | Jun | Jul | Aug | Sep | Oct | Nov | Dec 
2000: Jan | Feb | Mar | Apr | May | Jun | Jul | Aug | Sep | Oct | Nov | Dec 
1999: Jan | Feb | Mar | Apr | May | Jun | Jul | Aug | Sep | Oct | Nov | Dec 
1998: Jan | Feb | Mar | Apr | May | Jun | Jul | Aug | Sep | Oct | Nov | Dec 
1997: Jan | Feb | Mar | Apr | May | Jun | Jul | Aug | Sep | Oct | Nov | Dec 
1996: Jan | Feb | Mar | Apr | May | Jun | Jul | Aug | Sep | Oct | Nov | Dec 
1995: Jan | Feb | Mar | Apr | May | Jun | Jul | Aug | Sep | Oct | Nov | Dec 

Report for 2014 09
MONTHLY CLIMATOLOGICAL SUMMARY for SEP. 2014 NAME: HornSpri CITY: Lebanon STATE: TN ELEV: 612 ft LAT: 36 14' 05" N LONG: 86 22' 55" W TEMPERATURE (F), RAIN (in), WIND SPEED (mph) HEAT COOL AVG MEAN DEG DEG WIND DOM DAY TEMP HIGH TIME LOW TIME DAYS DAYS RAIN SPEED HIGH TIME DIR ------------------------------------------------------------------------------------ 1 81.8 90.2 14:44 73.5 4:37 0.0 16.8 0.00 1.4 18.0 13:28 SSW 2 81.0 90.4 13:46 71.6 18:43 0.0 16.0 3.53 1.6 29.0 18:34 SW 3 78.9 86.7 15:23 71.2 6:43 0.0 13.9 0.00 0.6 11.0 15:27 W 4 79.3 89.3 16:30 69.3 5:37 0.0 14.3 0.00 0.5 10.0 13:53 SW 5 82.3 93.1 16:31 71.6 5:59 0.0 17.3 0.00 0.4 9.0 17:15 SW 6 80.2 88.8 12:46 71.5 6:19 0.0 15.2 0.00 1.3 17.0 12:48 NW 7 69.9 74.5 13:12 65.3 23:59 0.0 4.9 0.00 1.6 10.0 9:58 NNE 8 71.3 78.1 17:30 64.6 0:45 0.0 6.3 0.00 0.3 6.0 16:17 NW 9 75.8 89.1 15:43 62.6 6:34 0.0 10.8 0.00 0.4 8.0 14:29 SW 10 79.8 86.5 17:04 73.1 6:14 0.0 14.8 0.00 0.8 12.0 11:49 SSW 11 75.5 81.1 16:19 69.9 23:54 0.0 10.5 0.00 1.9 12.0 11:34 SW 12 69.2 73.4 13:43 65.0 7:17 0.0 4.2 0.00 2.0 11.0 16:26 NNW 13 61.8 66.2 12:45 57.5 00:00 3.2 0.0 0.00 2.4 15.0 14:27 NNW 14 65.8 79.4 16:22 52.3 6:57 0.0 0.8 0.00 0.8 8.0 14:35 NW 15 65.2 75.3 13:11 55.1 6:39 0.0 0.2 0.00 0.1 4.0 15:04 NE 16 64.3 71.4 17:39 57.3 23:56 0.7 0.0 0.00 0.7 10.0 13:12 NW 17 63.9 72.8 13:48 54.9 4:32 1.1 0.0 0.01 0.9 12.0 9:05 NE 18 67.1 78.2 14:23 56.1 6:31 0.0 2.1 0.00 0.7 11.0 11:46 ENE 19 72.6 87.0 15:58 58.1 6:53 0.0 7.6 0.00 1.1 9.0 12:09 NE 20 75.9 87.2 15:58 64.6 7:14 0.0 10.9 0.00 0.7 11.0 10:40 SW 21 72.7 86.5 16:06 58.9 23:32 0.0 7.7 0.00 2.2 17.0 15:45 SW 22 64.6 75.1 14:49 54.1 22:33 0.4 0.0 0.00 2.3 16.0 13:27 NNW 23 62.1 78.7 15:13 45.6 6:58 2.9 0.0 0.00 1.4 11.0 11:02 ENE 24 66.6 83.7 15:51 49.4 6:41 0.0 1.6 0.00 0.6 9.0 12:32 NE 25 69.8 85.7 16:01 53.8 6:47 0.0 4.8 0.00 1.0 12.0 13:57 NNW 26 71.6 86.4 15:31 56.8 5:37 0.0 6.6 0.00 0.7 10.0 13:22 N 27 72.9 84.3 15:44 61.5 5:36 0.0 7.9 0.00 0.5 8.0 9:44 ESE 28 72.6 82.9 14:33 62.3 3:39 0.0 7.6 0.00 0.2 7.0 13:42 ESE 29 73.8 87.2 15:05 60.3 7:23 0.0 8.8 0.00 0.5 12.0 14:54 NNE 30 72.6 88.0 15:41 57.2 6:53 0.0 7.6 0.00 0.7 10.0 12:09 WNW ------------------------------------------------------------------------------------- 72.0 93.1 5 45.6 23 8.2 219.3 3.54 1.0 29.0 2 NW Max >= 90.0: 3 Max <= 32.0: 0 Min <= 32.0: 0 Min <= 0.0: 0 Max Rain: 3.53 ON 09/02/14 Days of Rain: 1 (>.01 in) 1 (>.1 in) 1 (>1 in) Heat Base: 65.0 Cool Base: 65.0 Method: (High + Low) / 2