Warning: file(http://www.wunderground.com/climate/extremes.asp): failed to open stream: HTTP request failed! HTTP/1.0 500 Internal Server Error in /homepages/6/d330860172/htdocs/usaextremes.php on line 55

Warning: implode(): Invalid arguments passed in /homepages/6/d330860172/htdocs/usaextremes.php on line 55

NOAA Style Climate Reports for Lebanon, TN

NOAA style reports

NOAA-style Climate Reports

2018: Jan | Feb | Mar | Apr | May | Jun | Jul | Aug | Sep | Oct | Nov | Dec 
2017: Jan | Feb | Mar | Apr | May | Jun | Jul | Aug | Sep | Oct | Nov | Dec 
2016: Jan | Feb | Mar | Apr | May | Jun | Jul | Aug | Sep | Oct | Nov | Dec 
2015: Jan | Feb | Mar | Apr | May | Jun | Jul | Aug | Sep | Oct | Nov | Dec 
2014: Jan | Feb | Mar | Apr | May | Jun | Jul | Aug | Sep | Oct | Nov | Dec 
2013: Jan | Feb | Mar | Apr | May | Jun | Jul | Aug | Sep | Oct | Nov | Dec 
2012: Jan | Feb | Mar | Apr | May | Jun | Jul | Aug | Sep | Oct | Nov | Dec 
2011: Jan | Feb | Mar | Apr | May | Jun | Jul | Aug | Sep | Oct | Nov | Dec 
2010: Jan | Feb | Mar | Apr | May | Jun | Jul | Aug | Sep | Oct | Nov | Dec 
2009: Jan | Feb | Mar | Apr | May | Jun | Jul | Aug | Sep | Oct | Nov | Dec 
2008: Jan | Feb | Mar | Apr | May | Jun | Jul | Aug | Sep | Oct | Nov | Dec 
2007: Jan | Feb | Mar | Apr | May | Jun | Jul | Aug | Sep | Oct | Nov | Dec 
2006: Jan | Feb | Mar | Apr | May | Jun | Jul | Aug | Sep | Oct | Nov | Dec 
2005: Jan | Feb | Mar | Apr | May | Jun | Jul | Aug | Sep | Oct | Nov | Dec 
2004: Jan | Feb | Mar | Apr | May | Jun | Jul | Aug | Sep | Oct | Nov | Dec 
2003: Jan | Feb | Mar | Apr | May | Jun | Jul | Aug | Sep | Oct | Nov | Dec 
2002: Jan | Feb | Mar | Apr | May | Jun | Jul | Aug | Sep | Oct | Nov | Dec 
2001: Jan | Feb | Mar | Apr | May | Jun | Jul | Aug | Sep | Oct | Nov | Dec 
2000: Jan | Feb | Mar | Apr | May | Jun | Jul | Aug | Sep | Oct | Nov | Dec 
1999: Jan | Feb | Mar | Apr | May | Jun | Jul | Aug | Sep | Oct | Nov | Dec 
1998: Jan | Feb | Mar | Apr | May | Jun | Jul | Aug | Sep | Oct | Nov | Dec 
1997: Jan | Feb | Mar | Apr | May | Jun | Jul | Aug | Sep | Oct | Nov | Dec 
1996: Jan | Feb | Mar | Apr | May | Jun | Jul | Aug | Sep | Oct | Nov | Dec 
1995: Jan | Feb | Mar | Apr | May | Jun | Jul | Aug | Sep | Oct | Nov | Dec 

Report for 2014 10
MONTHLY CLIMATOLOGICAL SUMMARY for OCT. 2014 NAME: HornSpri CITY: Lebanon STATE: TN ELEV: 612 ft LAT: 36 14' 05" N LONG: 86 22' 55" W TEMPERATURE (F), RAIN (in), WIND SPEED (mph) HEAT COOL AVG MEAN DEG DEG WIND DOM DAY TEMP HIGH TIME LOW TIME DAYS DAYS RAIN SPEED HIGH TIME DIR ------------------------------------------------------------------------------------ 1 72.3 89.5 14:57 55.2 7:16 0.0 7.3 0.00 0.5 8.0 14:00 E 2 75.2 88.2 16:01 62.2 4:09 0.0 10.2 0.00 1.1 11.0 11:15 S 3 63.5 77.3 0:05 49.7 23:58 1.5 0.0 0.45 4.2 29.0 3:07 SW 4 49.7 59.6 13:41 39.8 23:54 15.3 0.0 0.00 3.2 25.0 11:23 WSW 5 56.3 73.0 16:57 39.5 0:54 8.8 0.0 0.00 1.7 17.0 13:23 SSW 6 65.6 73.8 14:52 57.3 7:58 0.0 0.6 0.42 2.4 24.0 12:22 SSW 7 69.2 78.0 15:33 60.4 3:49 0.0 4.2 1.30 2.8 24.0 14:21 SSW 8 69.5 81.6 14:30 57.4 23:58 0.0 4.5 1.22 0.6 27.0 1:08 WSW 9 68.8 82.2 16:23 55.4 2:38 0.0 3.8 0.03 0.8 22.0 9:33 ESE 10 69.4 73.0 12:50 65.8 9:39 0.0 4.4 1.55 0.8 19.0 2:50 WSW 11 62.9 68.1 0:01 57.7 20:15 2.1 0.0 0.11 1.7 9.0 7:01 NW 12 66.1 74.7 14:14 57.6 0:31 0.0 1.1 0.10 0.6 7.0 11:10 E 13 71.9 79.3 14:56 64.4 6:53 0.0 6.9 1.48 2.7 25.0 21:51 ESE 14 61.7 67.1 12:47 56.3 23:56 3.3 0.0 1.44 3.5 23.0 10:06 SSW 15 54.7 56.4 11:41 53.0 21:34 10.3 0.0 0.42 2.6 16.0 13:03 SW 16 54.7 59.0 15:42 50.4 00:00 10.3 0.0 0.12 1.3 12.0 9:29 WSW 17 63.8 79.4 15:34 48.3 1:12 1.2 0.0 0.00 2.6 19.0 15:10 SW 18 55.3 63.2 13:05 47.4 7:13 9.7 0.0 0.00 1.8 16.0 15:21 NW 19 55.5 65.8 15:26 45.1 4:42 9.5 0.0 0.00 1.0 11.0 10:02 NNW 20 54.3 66.7 16:31 42.0 6:27 10.7 0.0 0.00 1.0 13.0 13:24 SW 21 59.2 71.9 15:56 46.4 7:16 5.8 0.0 0.00 1.7 17.0 15:20 NW 22 52.5 64.0 15:12 40.9 4:34 12.5 0.0 0.00 1.8 16.0 8:52 NNE 23 51.5 66.8 16:12 36.2 7:29 13.5 0.0 0.00 0.9 11.0 10:09 NE 24 56.5 70.6 15:35 42.4 7:37 8.5 0.0 0.00 0.6 9.0 11:36 NW 25 61.2 78.2 15:25 44.2 6:26 3.8 0.0 0.00 0.8 12.0 14:08 SW 26 65.8 79.3 15:30 52.2 6:19 0.0 0.8 0.00 0.4 7.0 14:37 ENE 27 72.7 83.0 15:41 62.4 6:44 0.0 7.7 0.00 1.1 15.0 13:38 SW 28 64.3 75.1 13:44 53.4 23:58 0.8 0.0 0.17 2.2 15.0 12:41 SSW 29 55.4 67.6 15:15 43.3 23:58 9.6 0.0 0.35 1.2 13.0 15:05 W 30 49.8 62.7 16:37 36.8 7:33 15.3 0.0 0.00 0.6 10.0 13:44 NW 31 45.3 50.3 10:50 40.4 23:58 19.7 0.0 0.08 4.0 30.0 14:37 NW ------------------------------------------------------------------------------------- 61.1 89.5 1 36.2 23 172.0 51.4 9.24 1.7 30.0 31 SW Max >= 90.0: 0 Max <= 32.0: 0 Min <= 32.0: 0 Min <= 0.0: 0 Max Rain: 1.55 ON 10/10/14 Days of Rain: 15 (>.01 in) 12 (>.1 in) 5 (>1 in) Heat Base: 65.0 Cool Base: 65.0 Method: (High + Low) / 2