Warning: file(http://www.wunderground.com/climate/extremes.asp): failed to open stream: HTTP request failed! HTTP/1.0 500 Internal Server Error in /homepages/6/d330860172/htdocs/usaextremes.php on line 55

Warning: implode(): Invalid arguments passed in /homepages/6/d330860172/htdocs/usaextremes.php on line 55

NOAA Style Climate Reports for Lebanon, TN

NOAA style reports

NOAA-style Climate Reports

2018: Jan | Feb | Mar | Apr | May | Jun | Jul | Aug | Sep | Oct | Nov | Dec 
2017: Jan | Feb | Mar | Apr | May | Jun | Jul | Aug | Sep | Oct | Nov | Dec 
2016: Jan | Feb | Mar | Apr | May | Jun | Jul | Aug | Sep | Oct | Nov | Dec 
2015: Jan | Feb | Mar | Apr | May | Jun | Jul | Aug | Sep | Oct | Nov | Dec 
2014: Jan | Feb | Mar | Apr | May | Jun | Jul | Aug | Sep | Oct | Nov | Dec 
2013: Jan | Feb | Mar | Apr | May | Jun | Jul | Aug | Sep | Oct | Nov | Dec 
2012: Jan | Feb | Mar | Apr | May | Jun | Jul | Aug | Sep | Oct | Nov | Dec 
2011: Jan | Feb | Mar | Apr | May | Jun | Jul | Aug | Sep | Oct | Nov | Dec 
2010: Jan | Feb | Mar | Apr | May | Jun | Jul | Aug | Sep | Oct | Nov | Dec 
2009: Jan | Feb | Mar | Apr | May | Jun | Jul | Aug | Sep | Oct | Nov | Dec 
2008: Jan | Feb | Mar | Apr | May | Jun | Jul | Aug | Sep | Oct | Nov | Dec 
2007: Jan | Feb | Mar | Apr | May | Jun | Jul | Aug | Sep | Oct | Nov | Dec 
2006: Jan | Feb | Mar | Apr | May | Jun | Jul | Aug | Sep | Oct | Nov | Dec 
2005: Jan | Feb | Mar | Apr | May | Jun | Jul | Aug | Sep | Oct | Nov | Dec 
2004: Jan | Feb | Mar | Apr | May | Jun | Jul | Aug | Sep | Oct | Nov | Dec 
2003: Jan | Feb | Mar | Apr | May | Jun | Jul | Aug | Sep | Oct | Nov | Dec 
2002: Jan | Feb | Mar | Apr | May | Jun | Jul | Aug | Sep | Oct | Nov | Dec 
2001: Jan | Feb | Mar | Apr | May | Jun | Jul | Aug | Sep | Oct | Nov | Dec 
2000: Jan | Feb | Mar | Apr | May | Jun | Jul | Aug | Sep | Oct | Nov | Dec 
1999: Jan | Feb | Mar | Apr | May | Jun | Jul | Aug | Sep | Oct | Nov | Dec 
1998: Jan | Feb | Mar | Apr | May | Jun | Jul | Aug | Sep | Oct | Nov | Dec 
1997: Jan | Feb | Mar | Apr | May | Jun | Jul | Aug | Sep | Oct | Nov | Dec 
1996: Jan | Feb | Mar | Apr | May | Jun | Jul | Aug | Sep | Oct | Nov | Dec 
1995: Jan | Feb | Mar | Apr | May | Jun | Jul | Aug | Sep | Oct | Nov | Dec 

Report for 2014 11
MONTHLY CLIMATOLOGICAL SUMMARY for NOV. 2014 NAME: HornSpri CITY: Lebanon STATE: TN ELEV: 612 ft LAT: 36 14' 05" N LONG: 86 22' 55" W TEMPERATURE (F), RAIN (in), WIND SPEED (mph) HEAT COOL AVG MEAN DEG DEG WIND DOM DAY TEMP HIGH TIME LOW TIME DAYS DAYS RAIN SPEED HIGH TIME DIR ------------------------------------------------------------------------------------ 1 40.8 49.5 16:23 32.1 00:00 24.2 0.0 0.00 5.2 25.0 0:24 NW 2 41.0 55.3 15:52 26.6 6:21 24.0 0.0 0.00 0.8 9.0 9:30 E 3 51.3 68.0 14:18 34.7 4:06 13.7 0.0 0.00 0.8 12.0 12:06 SSW 4 62.3 71.8 14:20 52.7 1:15 2.8 0.0 0.00 2.2 17.0 11:02 SSW 5 56.1 60.4 1:02 51.8 7:31 8.9 0.0 1.28 0.5 9.0 0:38 WSW 6 51.3 59.4 12:09 43.3 23:56 13.7 0.0 0.01 6.0 26.0 11:47 SW 7 45.8 55.3 14:26 36.3 23:40 19.2 0.0 0.00 1.9 15.0 0:38 NW 8 46.6 57.7 12:44 35.5 3:23 18.4 0.0 0.00 2.1 19.0 11:21 NW 9 46.9 60.0 14:41 33.8 6:47 18.1 0.0 0.00 0.5 7.0 8:44 SW 10 51.3 68.0 15:00 34.6 6:33 13.7 0.0 0.00 1.7 12.0 19:21 S 11 54.6 70.4 12:10 38.8 00:00 10.4 0.0 0.08 4.0 23.0 18:12 S 12 36.6 39.2 13:52 33.9 23:57 28.4 0.0 0.00 4.0 17.0 1:48 NW 13 30.5 35.2 13:01 25.7 22:07 34.5 0.0 0.00 5.0 18.0 11:26 NW 14 29.1 36.5 14:23 21.8 23:56 35.8 0.0 0.00 2.5 17.0 0:08 NW 15 33.8 47.4 14:36 20.3 4:40 31.2 0.0 0.00 0.9 10.0 11:00 NE 16 41.7 44.1 17:55 39.2 7:03 23.3 0.0 0.89 0.9 11.0 11:55 S 17 32.4 40.6 0:01 24.3 21:32 32.6 0.0 0.71 4.2 20.0 4:33 NW 18 25.1 31.6 15:46 18.6 6:58 39.9 0.0 0.00 3.7 21.0 2:54 W 19 37.5 53.3 14:30 21.7 0:01 27.5 0.0 0.00 5.0 29.0 15:30 SSW 20 37.4 47.4 14:54 27.4 6:54 27.6 0.0 0.00 1.5 13.0 11:40 SW 21 38.8 52.0 15:36 25.7 6:41 26.2 0.0 0.00 2.1 11.0 10:17 ENE 22 53.5 65.0 14:06 42.1 1:56 11.5 0.0 0.00 2.2 16.0 12:24 S 23 58.0 61.9 10:15 54.1 5:02 7.0 0.0 0.57 4.6 22.0 20:02 ESE 24 51.7 62.4 4:37 40.9 23:34 13.3 0.0 0.00 6.2 31.0 10:08 SW 25 41.7 50.1 13:17 33.3 6:51 23.3 0.0 0.00 1.4 9.0 8:52 NW 26 37.8 49.4 13:46 26.3 7:04 27.2 0.0 0.05 1.9 20.0 23:08 SW 27 32.9 40.4 0:01 25.4 00:00 32.1 0.0 0.00 5.0 22.0 1:55 NW 28 34.7 47.3 15:06 22.0 2:38 30.3 0.0 0.00 2.0 14.0 22:54 S 29 49.6 58.1 23:51 41.1 3:35 15.4 0.0 0.00 5.2 22.0 11:58 S 30 63.1 68.3 16:22 57.9 0:40 1.9 0.0 0.00 5.0 28.0 10:38 S ------------------------------------------------------------------------------------- 43.8 71.8 4 18.6 18 636.1 0.0 3.59 3.0 31.0 24 S Max >= 90.0: 0 Max <= 32.0: 1 Min <= 32.0: 12 Min <= 0.0: 0 Max Rain: 1.28 ON 11/05/14 Days of Rain: 6 (>.01 in) 4 (>.1 in) 1 (>1 in) Heat Base: 65.0 Cool Base: 65.0 Method: (High + Low) / 2