Warning: file(http://www.wunderground.com/climate/extremes.asp): failed to open stream: HTTP request failed! HTTP/1.0 500 Internal Server Error in /homepages/6/d330860172/htdocs/usaextremes.php on line 55

Warning: implode(): Invalid arguments passed in /homepages/6/d330860172/htdocs/usaextremes.php on line 55

NOAA Style Climate Reports for Lebanon, TN

NOAA style reports

NOAA-style Climate Reports

2018: Jan | Feb | Mar | Apr | May | Jun | Jul | Aug | Sep | Oct | Nov | Dec 
2017: Jan | Feb | Mar | Apr | May | Jun | Jul | Aug | Sep | Oct | Nov | Dec 
2016: Jan | Feb | Mar | Apr | May | Jun | Jul | Aug | Sep | Oct | Nov | Dec 
2015: Jan | Feb | Mar | Apr | May | Jun | Jul | Aug | Sep | Oct | Nov | Dec 
2014: Jan | Feb | Mar | Apr | May | Jun | Jul | Aug | Sep | Oct | Nov | Dec 
2013: Jan | Feb | Mar | Apr | May | Jun | Jul | Aug | Sep | Oct | Nov | Dec 
2012: Jan | Feb | Mar | Apr | May | Jun | Jul | Aug | Sep | Oct | Nov | Dec 
2011: Jan | Feb | Mar | Apr | May | Jun | Jul | Aug | Sep | Oct | Nov | Dec 
2010: Jan | Feb | Mar | Apr | May | Jun | Jul | Aug | Sep | Oct | Nov | Dec 
2009: Jan | Feb | Mar | Apr | May | Jun | Jul | Aug | Sep | Oct | Nov | Dec 
2008: Jan | Feb | Mar | Apr | May | Jun | Jul | Aug | Sep | Oct | Nov | Dec 
2007: Jan | Feb | Mar | Apr | May | Jun | Jul | Aug | Sep | Oct | Nov | Dec 
2006: Jan | Feb | Mar | Apr | May | Jun | Jul | Aug | Sep | Oct | Nov | Dec 
2005: Jan | Feb | Mar | Apr | May | Jun | Jul | Aug | Sep | Oct | Nov | Dec 
2004: Jan | Feb | Mar | Apr | May | Jun | Jul | Aug | Sep | Oct | Nov | Dec 
2003: Jan | Feb | Mar | Apr | May | Jun | Jul | Aug | Sep | Oct | Nov | Dec 
2002: Jan | Feb | Mar | Apr | May | Jun | Jul | Aug | Sep | Oct | Nov | Dec 
2001: Jan | Feb | Mar | Apr | May | Jun | Jul | Aug | Sep | Oct | Nov | Dec 
2000: Jan | Feb | Mar | Apr | May | Jun | Jul | Aug | Sep | Oct | Nov | Dec 
1999: Jan | Feb | Mar | Apr | May | Jun | Jul | Aug | Sep | Oct | Nov | Dec 
1998: Jan | Feb | Mar | Apr | May | Jun | Jul | Aug | Sep | Oct | Nov | Dec 
1997: Jan | Feb | Mar | Apr | May | Jun | Jul | Aug | Sep | Oct | Nov | Dec 
1996: Jan | Feb | Mar | Apr | May | Jun | Jul | Aug | Sep | Oct | Nov | Dec 
1995: Jan | Feb | Mar | Apr | May | Jun | Jul | Aug | Sep | Oct | Nov | Dec 

Report for 2014 12
MONTHLY CLIMATOLOGICAL SUMMARY for DEC. 2014 NAME: HornSpri CITY: Lebanon STATE: TN ELEV: 612 ft LAT: 36 14' 05" N LONG: 86 22' 55" W TEMPERATURE (F), RAIN (in), WIND SPEED (mph) HEAT COOL AVG MEAN DEG DEG WIND DOM DAY TEMP HIGH TIME LOW TIME DAYS DAYS RAIN SPEED HIGH TIME DIR ------------------------------------------------------------------------------------ 1 50.8 61.2 0:01 40.5 22:31 14.2 0.0 0.17 3.5 14.0 10:50 NW 2 44.3 48.0 23:24 40.5 1:07 20.8 0.0 0.36 1.1 10.0 12:01 WSW 3 45.0 48.0 0:01 41.9 10:07 20.0 0.0 0.00 2.0 13.0 1:47 SW 4 45.3 49.4 14:40 41.2 2:21 19.7 0.0 0.09 1.4 8.0 9:05 ENE 5 57.6 67.7 13:52 47.6 3:32 7.4 0.0 0.59 2.4 15.0 18:36 S 6 51.8 61.3 5:38 42.2 23:43 13.3 0.0 0.67 6.0 23.0 6:25 NW 7 44.4 50.1 14:20 38.7 23:05 20.6 0.0 0.00 3.2 19.0 6:34 NNE 8 46.7 53.9 14:27 39.5 2:35 18.3 0.0 0.00 1.8 14.0 11:38 SSW 9 42.4 46.1 0:01 38.7 22:19 22.6 0.0 0.00 4.1 22.0 11:11 NW 10 39.5 42.6 14:49 36.4 23:44 25.5 0.0 0.00 3.2 15.0 9:16 NW 11 34.0 42.0 15:16 25.9 23:53 31.0 0.0 0.00 2.1 11.0 1:24 NW 12 34.9 48.0 14:48 21.8 7:06 30.1 0.0 0.00 0.5 9.0 13:43 WNW 13 36.7 45.8 14:54 27.5 2:19 28.3 0.0 0.00 0.8 9.0 11:20 E 14 45.1 52.4 14:01 37.7 23:52 19.9 0.0 0.00 0.6 8.0 12:44 E 15 45.5 56.3 21:15 34.8 3:45 19.5 0.0 0.07 2.5 18.0 19:05 S 16 48.0 54.9 2:10 41.0 00:00 17.0 0.0 0.00 5.8 21.0 8:18 WSW 17 34.9 41.1 0:01 28.8 22:28 30.1 0.0 0.01 1.5 10.0 0:17 NW 18 35.1 38.3 15:05 31.9 0:01 29.9 0.0 0.09 1.0 8.0 12:09 NW 19 37.6 41.2 13:27 33.9 6:46 27.4 0.0 0.00 1.6 8.0 2:32 NNE 20 37.5 47.0 12:58 28.0 23:50 27.5 0.0 0.00 1.2 9.0 14:45 NNW 21 39.7 54.1 15:15 25.3 7:08 25.3 0.0 0.00 1.4 12.0 10:28 ENE 22 48.6 55.2 12:55 41.9 0:01 16.4 0.0 0.02 2.7 13.0 13:20 ESE 23 56.0 58.5 10:25 53.4 4:57 9.0 0.0 0.60 3.1 33.0 21:16 SSE 24 48.7 56.1 1:13 41.3 22:30 16.3 0.0 0.33 4.0 24.0 11:06 SW 25 43.0 48.7 14:34 37.3 22:06 22.0 0.0 0.00 2.4 15.0 11:42 SW 26 45.3 55.3 15:06 35.4 4:56 19.7 0.0 0.00 1.7 11.0 9:08 S 27 53.1 57.9 12:29 48.2 1:57 11.9 0.0 0.30 1.7 14.0 12:13 S 28 43.2 48.8 0:01 37.6 23:12 21.8 0.0 0.35 2.2 15.0 5:14 NW 29 38.2 39.5 14:03 36.9 7:31 26.8 0.0 0.06 3.0 12.0 17:08 NNW 30 35.8 42.6 14:35 29.0 23:44 29.2 0.0 0.00 4.1 16.0 13:53 NNW 31 27.5 33.4 14:45 21.5 23:54 37.5 0.0 0.00 1.8 11.0 2:52 NNW ------------------------------------------------------------------------------------- 43.1 67.7 5 21.5 31 679.1 0.0 3.71 2.4 33.0 23 NW Max >= 90.0: 0 Max <= 32.0: 0 Min <= 32.0: 9 Min <= 0.0: 0 Max Rain: 0.67 ON 12/06/14 Days of Rain: 13 (>.01 in) 8 (>.1 in) 0 (>1 in) Heat Base: 65.0 Cool Base: 65.0 Method: (High + Low) / 2