Warning: file(http://www.wunderground.com/climate/extremes.asp): failed to open stream: HTTP request failed! HTTP/1.0 500 Internal Server Error in /homepages/6/d330860172/htdocs/usaextremes.php on line 55

Warning: implode(): Invalid arguments passed in /homepages/6/d330860172/htdocs/usaextremes.php on line 55

NOAA Style Climate Reports for Lebanon, TN

NOAA style reports

NOAA-style Climate Reports

2018: Jan | Feb | Mar | Apr | May | Jun | Jul | Aug | Sep | Oct | Nov | Dec 
2017: Jan | Feb | Mar | Apr | May | Jun | Jul | Aug | Sep | Oct | Nov | Dec 
2016: Jan | Feb | Mar | Apr | May | Jun | Jul | Aug | Sep | Oct | Nov | Dec 
2015: Jan | Feb | Mar | Apr | May | Jun | Jul | Aug | Sep | Oct | Nov | Dec 
2014: Jan | Feb | Mar | Apr | May | Jun | Jul | Aug | Sep | Oct | Nov | Dec 
2013: Jan | Feb | Mar | Apr | May | Jun | Jul | Aug | Sep | Oct | Nov | Dec 
2012: Jan | Feb | Mar | Apr | May | Jun | Jul | Aug | Sep | Oct | Nov | Dec 
2011: Jan | Feb | Mar | Apr | May | Jun | Jul | Aug | Sep | Oct | Nov | Dec 
2010: Jan | Feb | Mar | Apr | May | Jun | Jul | Aug | Sep | Oct | Nov | Dec 
2009: Jan | Feb | Mar | Apr | May | Jun | Jul | Aug | Sep | Oct | Nov | Dec 
2008: Jan | Feb | Mar | Apr | May | Jun | Jul | Aug | Sep | Oct | Nov | Dec 
2007: Jan | Feb | Mar | Apr | May | Jun | Jul | Aug | Sep | Oct | Nov | Dec 
2006: Jan | Feb | Mar | Apr | May | Jun | Jul | Aug | Sep | Oct | Nov | Dec 
2005: Jan | Feb | Mar | Apr | May | Jun | Jul | Aug | Sep | Oct | Nov | Dec 
2004: Jan | Feb | Mar | Apr | May | Jun | Jul | Aug | Sep | Oct | Nov | Dec 
2003: Jan | Feb | Mar | Apr | May | Jun | Jul | Aug | Sep | Oct | Nov | Dec 
2002: Jan | Feb | Mar | Apr | May | Jun | Jul | Aug | Sep | Oct | Nov | Dec 
2001: Jan | Feb | Mar | Apr | May | Jun | Jul | Aug | Sep | Oct | Nov | Dec 
2000: Jan | Feb | Mar | Apr | May | Jun | Jul | Aug | Sep | Oct | Nov | Dec 
1999: Jan | Feb | Mar | Apr | May | Jun | Jul | Aug | Sep | Oct | Nov | Dec 
1998: Jan | Feb | Mar | Apr | May | Jun | Jul | Aug | Sep | Oct | Nov | Dec 
1997: Jan | Feb | Mar | Apr | May | Jun | Jul | Aug | Sep | Oct | Nov | Dec 
1996: Jan | Feb | Mar | Apr | May | Jun | Jul | Aug | Sep | Oct | Nov | Dec 
1995: Jan | Feb | Mar | Apr | May | Jun | Jul | Aug | Sep | Oct | Nov | Dec 

Report for 2015
ANNUAL CLIMATOLOGICAL SUMMARY NAME: HornSpri CITY: Lebanon STATE: TN ELEV: 612 ft LAT: 36 14' 05" N LONG: 86 22' 55" W TEMPERATURE (F), HEAT BASE 65.0, COOL BASE 65.0 DEP. HEAT COOL MEAN MEAN FROM DEG DEG MAX MAX MIN MIN YR MO MAX MIN MEAN NORM DAYS DAYS HI DATE LOW DATE >=90 <=32 <=32 <=0 ------------------------------------------------------------------------------------ 15 1 46.4 28.3 37.4 1.4 856 0 64.8 19 3.3 8 0 2 18 0 15 2 42.0 22.6 32.3 -7.4 916 0 64.9 7 0.3 19 0 7 24 0 15 3 61.2 39.8 50.5 2.3 451 2 79.3 31 6.6 6 0 1 6 0 15 4 72.5 50.6 61.6 4.4 142 39 83.7 8 31.4 5 0 0 1 0 15 5 82.0 59.0 70.5 4.3 30 200 89.0 10 39.3 1 0 0 0 0 15 6 87.8 68.0 77.9 3.2 1 388 95.0 16 55.6 3 15 0 0 0 15 7 89.5 71.0 80.3 1.6 0 474 94.6 19 62.4 31 21 0 0 0 15 8 87.0 65.0 76.0 -1.5 0 341 96.0 3 53.6 25 7 0 0 0 15 9 85.1 61.4 73.2 3.1 7 254 96.3 4 46.8 14 8 0 0 0 15 10 72.4 50.2 61.3 2.8 159 45 86.9 6 33.9 18 0 0 0 0 15 11 62.0 58.1 60.0 11.5 5 0 62.0 1 58.1 1 0 0 0 0 15 12 61.4 44.1 52.8 13.9 382 4 75.1 27 27.0 20 0 0 8 0 ------------------------------------------------------------------------------------ 71.7 51.1 61.4 3.3 2948 1746 96.3 SEP 0.3 FEB 51 10 57 0 PRECIPITATION (in) DEP. MAX DAYS OF RAIN FROM OBS. OVER YR MO TOTAL NORM DAY DATE .01 .1 1 --------------------------------------------- 15 1 2.45 -1.76 0.93 12 9 4 0 15 2 5.34 0.93 2.51 21 8 4 2 15 3 4.28 -0.31 1.31 4 13 10 1 15 4 5.71 1.54 1.37 16 12 9 2 15 5 2.11 -3.59 0.76 17 10 6 0 15 6 4.03 -0.39 0.98 1 10 8 0 15 7 8.73 4.16 2.24 2 14 12 2 15 8 2.48 -1.16 0.92 6 6 4 0 15 9 1.78 -1.98 0.57 29 8 6 0 15 10 4.79 1.55 1.49 27 12 9 1 15 11 0.08 -4.37 0.08 1 1 0 0 15 12 4.67 -0.39 0.93 1 10 9 0 --------------------------------------------- 46.45 -5.77 2.51 FEB 113 81 8 WIND SPEED (mph) DOM YR MO AVG. HI DATE DIR --------------------------------- 15 1 3.0 31.0 7 NW 15 2 3.5 31.0 2 NW 15 3 2.7 23.0 8 NW 15 4 2.6 38.0 10 S 15 5 1.1 25.0 11 SW 15 6 1.3 30.0 19 SW 15 7 1.2 32.0 14 SW 15 8 1.0 19.0 5 SW 15 9 0.9 21.0 12 NE 15 10 1.8 21.0 29 NNW 15 11 0.6 8.0 1 NE 15 12 2.9 32.0 25 S --------------------------------- 2.0 38.0 APR SW