Warning: file(http://www.wunderground.com/climate/extremes.asp): failed to open stream: HTTP request failed! HTTP/1.0 500 Internal Server Error in /homepages/6/d330860172/htdocs/usaextremes.php on line 55

Warning: implode(): Invalid arguments passed in /homepages/6/d330860172/htdocs/usaextremes.php on line 55

NOAA Style Climate Reports for Lebanon, TN

NOAA style reports

NOAA-style Climate Reports

2018: Jan | Feb | Mar | Apr | May | Jun | Jul | Aug | Sep | Oct | Nov | Dec 
2017: Jan | Feb | Mar | Apr | May | Jun | Jul | Aug | Sep | Oct | Nov | Dec 
2016: Jan | Feb | Mar | Apr | May | Jun | Jul | Aug | Sep | Oct | Nov | Dec 
2015: Jan | Feb | Mar | Apr | May | Jun | Jul | Aug | Sep | Oct | Nov | Dec 
2014: Jan | Feb | Mar | Apr | May | Jun | Jul | Aug | Sep | Oct | Nov | Dec 
2013: Jan | Feb | Mar | Apr | May | Jun | Jul | Aug | Sep | Oct | Nov | Dec 
2012: Jan | Feb | Mar | Apr | May | Jun | Jul | Aug | Sep | Oct | Nov | Dec 
2011: Jan | Feb | Mar | Apr | May | Jun | Jul | Aug | Sep | Oct | Nov | Dec 
2010: Jan | Feb | Mar | Apr | May | Jun | Jul | Aug | Sep | Oct | Nov | Dec 
2009: Jan | Feb | Mar | Apr | May | Jun | Jul | Aug | Sep | Oct | Nov | Dec 
2008: Jan | Feb | Mar | Apr | May | Jun | Jul | Aug | Sep | Oct | Nov | Dec 
2007: Jan | Feb | Mar | Apr | May | Jun | Jul | Aug | Sep | Oct | Nov | Dec 
2006: Jan | Feb | Mar | Apr | May | Jun | Jul | Aug | Sep | Oct | Nov | Dec 
2005: Jan | Feb | Mar | Apr | May | Jun | Jul | Aug | Sep | Oct | Nov | Dec 
2004: Jan | Feb | Mar | Apr | May | Jun | Jul | Aug | Sep | Oct | Nov | Dec 
2003: Jan | Feb | Mar | Apr | May | Jun | Jul | Aug | Sep | Oct | Nov | Dec 
2002: Jan | Feb | Mar | Apr | May | Jun | Jul | Aug | Sep | Oct | Nov | Dec 
2001: Jan | Feb | Mar | Apr | May | Jun | Jul | Aug | Sep | Oct | Nov | Dec 
2000: Jan | Feb | Mar | Apr | May | Jun | Jul | Aug | Sep | Oct | Nov | Dec 
1999: Jan | Feb | Mar | Apr | May | Jun | Jul | Aug | Sep | Oct | Nov | Dec 
1998: Jan | Feb | Mar | Apr | May | Jun | Jul | Aug | Sep | Oct | Nov | Dec 
1997: Jan | Feb | Mar | Apr | May | Jun | Jul | Aug | Sep | Oct | Nov | Dec 
1996: Jan | Feb | Mar | Apr | May | Jun | Jul | Aug | Sep | Oct | Nov | Dec 
1995: Jan | Feb | Mar | Apr | May | Jun | Jul | Aug | Sep | Oct | Nov | Dec 

Report for 2015 01
MONTHLY CLIMATOLOGICAL SUMMARY for JAN. 2015 NAME: HornSpri CITY: Lebanon STATE: TN ELEV: 612 ft LAT: 36 14' 05" N LONG: 86 22' 55" W TEMPERATURE (F), RAIN (in), WIND SPEED (mph) HEAT COOL AVG MEAN DEG DEG WIND DOM DAY TEMP HIGH TIME LOW TIME DAYS DAYS RAIN SPEED HIGH TIME DIR ------------------------------------------------------------------------------------ 1 30.0 39.9 19:54 20.1 3:43 35.0 0.0 0.00 0.9 8.0 11:41 SSW 2 41.3 43.5 23:55 39.1 4:49 23.7 0.0 0.07 1.3 10.0 16:10 ENE 3 53.3 63.1 14:06 43.5 0:01 11.7 0.0 0.66 3.8 19.0 9:22 SSE 4 45.1 62.3 3:08 27.9 23:59 19.9 0.0 0.03 7.2 27.0 3:27 WSW 5 26.9 33.4 16:10 20.3 7:27 38.2 0.0 0.00 2.7 19.0 0:05 NW 6 32.4 40.8 14:47 24.0 0:35 32.6 0.0 0.00 3.2 16.0 9:38 NW 7 17.2 27.1 0:01 7.3 23:56 47.8 0.0 0.00 7.3 31.0 12:47 NW 8 16.2 29.1 23:30 3.3 6:23 48.8 0.0 0.00 3.3 22.0 23:31 SSW 9 24.9 32.7 12:06 17.0 23:59 40.2 0.0 0.00 4.3 18.0 0:03 NW 10 22.8 37.0 15:55 8.6 6:48 42.2 0.0 0.00 0.9 10.0 10:41 E 11 35.7 45.6 22:05 25.8 0:01 29.3 0.0 0.01 0.9 7.0 5:31 E 12 40.9 46.8 11:43 35.1 23:53 24.1 0.0 0.93 2.9 18.0 22:10 NNW 13 32.3 35.1 0:01 29.6 23:52 32.7 0.0 0.00 4.2 18.0 3:02 N 14 31.7 37.4 15:49 26.0 22:01 33.3 0.0 0.02 1.1 9.0 7:51 NW 15 31.8 38.0 14:12 25.6 3:21 33.2 0.0 0.00 0.3 8.0 13:11 SW 16 38.4 52.8 15:39 24.0 3:48 26.6 0.0 0.00 0.6 9.0 14:36 SSW 17 47.6 58.9 15:05 36.3 6:12 17.4 0.0 0.00 3.4 17.0 12:14 S 18 50.0 59.0 16:06 40.9 7:37 15.0 0.0 0.00 4.8 26.0 13:48 WSW 19 52.8 64.8 15:27 40.8 6:52 12.2 0.0 0.00 2.4 13.0 10:31 SSW 20 52.3 61.2 13:43 43.3 7:10 12.8 0.0 0.00 1.8 12.0 10:05 SSW 21 44.8 57.1 15:25 32.6 7:22 20.2 0.0 0.00 1.4 14.0 14:50 NW 22 37.3 44.1 13:21 30.4 5:12 27.8 0.0 0.00 2.1 12.0 22:27 NNE 23 35.3 37.9 0:02 32.8 23:56 29.7 0.0 0.46 3.3 12.0 21:04 NNW 24 38.5 49.1 15:36 27.9 7:23 26.5 0.0 0.03 3.1 15.0 12:40 SSW 25 46.2 55.0 12:25 37.3 1:38 18.8 0.0 0.19 4.9 21.0 15:32 S 26 37.4 42.7 0:01 32.1 9:25 27.6 0.0 0.04 4.1 26.0 4:59 WNW 27 35.5 38.2 14:30 32.8 0:04 29.5 0.0 0.01 2.1 12.0 16:00 NW 28 39.5 50.9 15:42 28.1 7:16 25.5 0.0 0.00 2.3 14.0 10:39 E 29 50.9 63.7 13:46 38.1 23:35 14.1 0.0 0.00 7.6 26.0 11:12 S 30 35.9 45.9 14:57 25.9 23:56 29.1 0.0 0.00 4.1 19.0 5:12 NW 31 34.3 46.8 14:59 21.7 5:51 30.8 0.0 0.00 0.9 8.0 9:51 E ------------------------------------------------------------------------------------- 37.4 64.8 19 3.3 8 856.0 0.0 2.45 3.0 31.0 7 NW Max >= 90.0: 0 Max <= 32.0: 2 Min <= 32.0: 18 Min <= 0.0: 0 Max Rain: 0.93 ON 01/12/15 Days of Rain: 9 (>.01 in) 4 (>.1 in) 0 (>1 in) Heat Base: 65.0 Cool Base: 65.0 Method: (High + Low) / 2