Warning: file(http://www.wunderground.com/climate/extremes.asp): failed to open stream: HTTP request failed! HTTP/1.0 500 Internal Server Error in /homepages/6/d330860172/htdocs/usaextremes.php on line 55

Warning: implode(): Invalid arguments passed in /homepages/6/d330860172/htdocs/usaextremes.php on line 55

NOAA Style Climate Reports for Lebanon, TN

NOAA style reports

NOAA-style Climate Reports

2018: Jan | Feb | Mar | Apr | May | Jun | Jul | Aug | Sep | Oct | Nov | Dec 
2017: Jan | Feb | Mar | Apr | May | Jun | Jul | Aug | Sep | Oct | Nov | Dec 
2016: Jan | Feb | Mar | Apr | May | Jun | Jul | Aug | Sep | Oct | Nov | Dec 
2015: Jan | Feb | Mar | Apr | May | Jun | Jul | Aug | Sep | Oct | Nov | Dec 
2014: Jan | Feb | Mar | Apr | May | Jun | Jul | Aug | Sep | Oct | Nov | Dec 
2013: Jan | Feb | Mar | Apr | May | Jun | Jul | Aug | Sep | Oct | Nov | Dec 
2012: Jan | Feb | Mar | Apr | May | Jun | Jul | Aug | Sep | Oct | Nov | Dec 
2011: Jan | Feb | Mar | Apr | May | Jun | Jul | Aug | Sep | Oct | Nov | Dec 
2010: Jan | Feb | Mar | Apr | May | Jun | Jul | Aug | Sep | Oct | Nov | Dec 
2009: Jan | Feb | Mar | Apr | May | Jun | Jul | Aug | Sep | Oct | Nov | Dec 
2008: Jan | Feb | Mar | Apr | May | Jun | Jul | Aug | Sep | Oct | Nov | Dec 
2007: Jan | Feb | Mar | Apr | May | Jun | Jul | Aug | Sep | Oct | Nov | Dec 
2006: Jan | Feb | Mar | Apr | May | Jun | Jul | Aug | Sep | Oct | Nov | Dec 
2005: Jan | Feb | Mar | Apr | May | Jun | Jul | Aug | Sep | Oct | Nov | Dec 
2004: Jan | Feb | Mar | Apr | May | Jun | Jul | Aug | Sep | Oct | Nov | Dec 
2003: Jan | Feb | Mar | Apr | May | Jun | Jul | Aug | Sep | Oct | Nov | Dec 
2002: Jan | Feb | Mar | Apr | May | Jun | Jul | Aug | Sep | Oct | Nov | Dec 
2001: Jan | Feb | Mar | Apr | May | Jun | Jul | Aug | Sep | Oct | Nov | Dec 
2000: Jan | Feb | Mar | Apr | May | Jun | Jul | Aug | Sep | Oct | Nov | Dec 
1999: Jan | Feb | Mar | Apr | May | Jun | Jul | Aug | Sep | Oct | Nov | Dec 
1998: Jan | Feb | Mar | Apr | May | Jun | Jul | Aug | Sep | Oct | Nov | Dec 
1997: Jan | Feb | Mar | Apr | May | Jun | Jul | Aug | Sep | Oct | Nov | Dec 
1996: Jan | Feb | Mar | Apr | May | Jun | Jul | Aug | Sep | Oct | Nov | Dec 
1995: Jan | Feb | Mar | Apr | May | Jun | Jul | Aug | Sep | Oct | Nov | Dec 

Report for 2015 02
MONTHLY CLIMATOLOGICAL SUMMARY for FEB. 2015 NAME: HornSpri CITY: Lebanon STATE: TN ELEV: 612 ft LAT: 36 14' 05" N LONG: 86 22' 55" W TEMPERATURE (F), RAIN (in), WIND SPEED (mph) HEAT COOL AVG MEAN DEG DEG WIND DOM DAY TEMP HIGH TIME LOW TIME DAYS DAYS RAIN SPEED HIGH TIME DIR ------------------------------------------------------------------------------------ 1 48.0 55.1 19:46 41.0 0:01 17.0 0.0 0.88 5.1 21.0 20:04 SSE 2 36.0 46.7 0:01 25.3 9:33 29.0 0.0 0.07 6.0 31.0 4:30 WNW 3 31.6 44.3 15:24 18.9 6:35 33.4 0.0 0.00 0.8 10.0 12:19 S 4 42.8 53.9 14:37 31.7 6:43 22.2 0.0 0.00 3.0 23.0 22:07 SSW 5 27.8 37.1 14:47 18.5 23:58 37.2 0.0 0.00 5.0 22.0 0:50 NW 6 33.3 51.4 15:17 15.1 5:44 31.8 0.0 0.00 1.5 12.0 16:27 S 7 51.8 64.9 15:16 38.7 4:12 13.2 0.0 0.00 4.6 22.0 11:42 S 8 55.5 61.1 19:07 49.9 4:07 9.5 0.0 0.00 4.8 17.0 10:49 SSW 9 45.7 58.4 0:01 33.0 23:56 19.3 0.0 0.00 5.2 21.0 9:34 NW 10 35.3 44.0 15:39 26.6 00:00 29.7 0.0 0.00 3.7 15.0 0:53 NNW 11 37.0 51.7 15:27 22.2 6:50 28.0 0.0 0.00 1.5 15.0 23:00 NW 12 30.1 39.6 0:03 20.7 23:46 34.8 0.0 0.00 6.6 25.0 11:40 NW 13 27.8 37.1 14:15 18.5 6:44 37.2 0.0 0.00 1.3 10.0 0:37 SW 14 31.9 47.3 13:38 16.5 23:56 33.1 0.0 0.00 6.0 27.0 18:41 SSW 15 19.7 26.9 14:20 12.5 6:36 45.3 0.0 0.00 4.8 18.0 7:39 NE 16 24.1 30.9 14:00 17.3 22:59 40.9 0.0 1.21 3.6 15.0 3:48 ENE 17 21.0 28.1 13:59 13.9 7:23 44.0 0.0 0.00 0.7 10.0 1:12 ENE 18 17.6 26.3 6:56 8.9 23:59 47.4 0.0 0.04 2.1 18.0 15:08 NW 19 9.3 18.4 15:21 0.3 6:45 55.7 0.0 0.00 1.8 16.0 12:56 NW 20 18.8 31.5 23:54 6.1 0:25 46.2 0.0 0.55 1.9 9.0 16:24 E 21 38.5 45.6 16:48 31.5 0:01 26.5 0.0 2.51 3.0 21.0 7:50 S 22 37.0 42.7 14:59 31.3 23:58 28.0 0.0 0.03 4.7 18.0 15:05 NW 23 27.4 32.0 12:20 22.7 22:54 37.7 0.0 0.00 5.8 21.0 2:25 NW 24 28.4 34.9 16:26 21.8 6:18 36.7 0.0 0.00 2.0 13.0 14:54 SW 25 28.3 37.1 15:14 19.6 5:15 36.7 0.0 0.01 1.2 12.0 21:35 ENE 26 34.8 43.7 14:28 26.0 00:00 30.2 0.0 0.04 4.0 22.0 19:08 NW 27 27.0 34.0 14:31 19.9 6:49 38.0 0.0 0.00 4.8 16.0 14:07 NW 28 37.7 50.9 15:44 24.4 0:01 27.3 0.0 0.00 2.4 11.0 0:17 NE ------------------------------------------------------------------------------------- 32.3 64.9 7 0.3 19 915.8 0.0 5.34 3.5 31.0 2 NW Max >= 90.0: 0 Max <= 32.0: 7 Min <= 32.0: 24 Min <= 0.0: 0 Max Rain: 2.51 ON 02/21/15 Days of Rain: 8 (>.01 in) 4 (>.1 in) 2 (>1 in) Heat Base: 65.0 Cool Base: 65.0 Method: (High + Low) / 2