Warning: file(http://www.wunderground.com/climate/extremes.asp): failed to open stream: HTTP request failed! HTTP/1.0 500 Internal Server Error in /homepages/6/d330860172/htdocs/usaextremes.php on line 55

Warning: implode(): Invalid arguments passed in /homepages/6/d330860172/htdocs/usaextremes.php on line 55

NOAA Style Climate Reports for Lebanon, TN

NOAA style reports

NOAA-style Climate Reports

2018: Jan | Feb | Mar | Apr | May | Jun | Jul | Aug | Sep | Oct | Nov | Dec 
2017: Jan | Feb | Mar | Apr | May | Jun | Jul | Aug | Sep | Oct | Nov | Dec 
2016: Jan | Feb | Mar | Apr | May | Jun | Jul | Aug | Sep | Oct | Nov | Dec 
2015: Jan | Feb | Mar | Apr | May | Jun | Jul | Aug | Sep | Oct | Nov | Dec 
2014: Jan | Feb | Mar | Apr | May | Jun | Jul | Aug | Sep | Oct | Nov | Dec 
2013: Jan | Feb | Mar | Apr | May | Jun | Jul | Aug | Sep | Oct | Nov | Dec 
2012: Jan | Feb | Mar | Apr | May | Jun | Jul | Aug | Sep | Oct | Nov | Dec 
2011: Jan | Feb | Mar | Apr | May | Jun | Jul | Aug | Sep | Oct | Nov | Dec 
2010: Jan | Feb | Mar | Apr | May | Jun | Jul | Aug | Sep | Oct | Nov | Dec 
2009: Jan | Feb | Mar | Apr | May | Jun | Jul | Aug | Sep | Oct | Nov | Dec 
2008: Jan | Feb | Mar | Apr | May | Jun | Jul | Aug | Sep | Oct | Nov | Dec 
2007: Jan | Feb | Mar | Apr | May | Jun | Jul | Aug | Sep | Oct | Nov | Dec 
2006: Jan | Feb | Mar | Apr | May | Jun | Jul | Aug | Sep | Oct | Nov | Dec 
2005: Jan | Feb | Mar | Apr | May | Jun | Jul | Aug | Sep | Oct | Nov | Dec 
2004: Jan | Feb | Mar | Apr | May | Jun | Jul | Aug | Sep | Oct | Nov | Dec 
2003: Jan | Feb | Mar | Apr | May | Jun | Jul | Aug | Sep | Oct | Nov | Dec 
2002: Jan | Feb | Mar | Apr | May | Jun | Jul | Aug | Sep | Oct | Nov | Dec 
2001: Jan | Feb | Mar | Apr | May | Jun | Jul | Aug | Sep | Oct | Nov | Dec 
2000: Jan | Feb | Mar | Apr | May | Jun | Jul | Aug | Sep | Oct | Nov | Dec 
1999: Jan | Feb | Mar | Apr | May | Jun | Jul | Aug | Sep | Oct | Nov | Dec 
1998: Jan | Feb | Mar | Apr | May | Jun | Jul | Aug | Sep | Oct | Nov | Dec 
1997: Jan | Feb | Mar | Apr | May | Jun | Jul | Aug | Sep | Oct | Nov | Dec 
1996: Jan | Feb | Mar | Apr | May | Jun | Jul | Aug | Sep | Oct | Nov | Dec 
1995: Jan | Feb | Mar | Apr | May | Jun | Jul | Aug | Sep | Oct | Nov | Dec 

Report for 2015 03
MONTHLY CLIMATOLOGICAL SUMMARY for MAR. 2015 NAME: HornSpri CITY: Lebanon STATE: TN ELEV: 612 ft LAT: 36 14' 05" N LONG: 86 22' 55" W TEMPERATURE (F), RAIN (in), WIND SPEED (mph) HEAT COOL AVG MEAN DEG DEG WIND DOM DAY TEMP HIGH TIME LOW TIME DAYS DAYS RAIN SPEED HIGH TIME DIR ------------------------------------------------------------------------------------ 1 44.9 50.8 15:51 39.1 00:00 20.1 0.0 0.24 1.7 15.0 22:32 SSW 2 41.2 49.7 16:20 32.6 6:34 23.8 0.0 0.05 3.5 13.0 0:20 NE 3 52.8 63.2 15:40 42.3 0:01 12.3 0.0 0.44 3.6 19.0 21:45 S 4 46.8 63.9 1:26 29.8 23:54 18.2 0.0 1.31 5.1 22.0 17:12 NW 5 22.5 29.8 0:01 15.1 23:58 42.5 0.0 0.24 5.6 19.0 3:04 NW 6 21.5 36.5 15:41 6.6 6:31 43.5 0.0 0.00 0.9 10.0 14:50 SSW 7 42.8 59.2 15:55 26.3 3:37 22.3 0.0 0.00 2.6 20.0 16:06 S 8 50.9 63.3 13:56 38.6 6:26 14.1 0.0 0.00 2.7 23.0 21:45 S 9 52.5 59.5 17:20 45.6 4:55 12.5 0.0 0.06 0.9 9.0 23:49 SSW 10 59.0 67.4 16:46 50.5 1:28 6.0 0.0 0.45 3.1 15.0 12:38 S 11 52.5 60.6 0:01 44.4 23:55 12.5 0.0 0.21 1.5 10.0 11:25 NW 12 55.5 69.0 16:16 41.9 1:58 9.5 0.0 0.01 2.1 13.0 12:22 ENE 13 57.9 60.9 0:49 54.9 8:30 7.1 0.0 0.60 2.0 14.0 18:15 ESE 14 56.3 59.3 14:39 53.2 23:56 8.8 0.0 0.20 1.8 12.0 9:59 SSW 15 57.5 71.7 15:41 43.3 7:32 7.5 0.0 0.00 1.1 11.0 12:37 NW 16 58.7 78.5 16:24 38.8 7:21 6.3 0.0 0.00 1.4 13.0 15:20 SSW 17 61.8 73.0 16:08 50.5 23:59 3.3 0.0 0.00 4.6 20.0 12:54 SW 18 46.3 51.5 17:35 41.2 8:22 18.7 0.0 0.00 4.2 19.0 2:43 NNE 19 47.3 52.5 18:34 42.2 5:31 17.7 0.0 0.15 2.2 12.0 10:09 NE 20 52.0 54.7 16:30 49.2 8:53 13.0 0.0 0.01 1.8 10.0 8:34 W 21 52.3 64.1 16:24 40.5 7:25 12.7 0.0 0.00 0.5 7.0 7:55 NNW 22 55.8 62.9 17:01 48.8 7:18 9.2 0.0 0.00 1.3 10.0 10:16 NNE 23 56.5 73.0 16:37 39.9 6:22 8.5 0.0 0.00 1.3 12.0 14:18 NNE 24 60.8 75.5 15:40 46.2 7:26 4.2 0.0 0.00 1.8 15.0 12:34 SSE 25 67.1 75.1 14:33 59.1 4:33 0.0 2.1 0.00 3.7 22.0 10:38 S 26 53.7 65.6 3:01 41.8 23:47 11.3 0.0 0.22 4.5 18.0 16:45 NW 27 --- 49.0 12:33 34.6 23:35 23.2 0.0 0.01 4.7 21.0 17:13 NW 28 37.8 47.9 16:46 27.6 6:49 27.3 0.0 0.00 3.2 17.0 0:14 NW 29 43.8 62.2 16:03 25.3 6:56 21.3 0.0 0.00 3.5 17.0 17:05 S 30 --- 68.2 16:16 44.1 7:23 8.9 0.0 0.08 2.3 18.0 11:49 WNW 31 59.8 79.3 16:14 40.3 4:57 5.2 0.0 0.00 3.5 21.0 11:21 SSW ------------------------------------------------------------------------------------- 50.6 79.3 31 6.6 6 451.0 2.1 4.28 2.7 23.0 8 NW Max >= 90.0: 0 Max <= 32.0: 1 Min <= 32.0: 6 Min <= 0.0: 0 Max Rain: 1.31 ON 03/04/15 Days of Rain: 13 (>.01 in) 10 (>.1 in) 1 (>1 in) Heat Base: 65.0 Cool Base: 65.0 Method: (High + Low) / 2