Warning: file(http://www.wunderground.com/climate/extremes.asp): failed to open stream: HTTP request failed! HTTP/1.0 500 Internal Server Error in /homepages/6/d330860172/htdocs/usaextremes.php on line 55

Warning: implode(): Invalid arguments passed in /homepages/6/d330860172/htdocs/usaextremes.php on line 55

NOAA Style Climate Reports for Lebanon, TN

NOAA style reports

NOAA-style Climate Reports

2018: Jan | Feb | Mar | Apr | May | Jun | Jul | Aug | Sep | Oct | Nov | Dec 
2017: Jan | Feb | Mar | Apr | May | Jun | Jul | Aug | Sep | Oct | Nov | Dec 
2016: Jan | Feb | Mar | Apr | May | Jun | Jul | Aug | Sep | Oct | Nov | Dec 
2015: Jan | Feb | Mar | Apr | May | Jun | Jul | Aug | Sep | Oct | Nov | Dec 
2014: Jan | Feb | Mar | Apr | May | Jun | Jul | Aug | Sep | Oct | Nov | Dec 
2013: Jan | Feb | Mar | Apr | May | Jun | Jul | Aug | Sep | Oct | Nov | Dec 
2012: Jan | Feb | Mar | Apr | May | Jun | Jul | Aug | Sep | Oct | Nov | Dec 
2011: Jan | Feb | Mar | Apr | May | Jun | Jul | Aug | Sep | Oct | Nov | Dec 
2010: Jan | Feb | Mar | Apr | May | Jun | Jul | Aug | Sep | Oct | Nov | Dec 
2009: Jan | Feb | Mar | Apr | May | Jun | Jul | Aug | Sep | Oct | Nov | Dec 
2008: Jan | Feb | Mar | Apr | May | Jun | Jul | Aug | Sep | Oct | Nov | Dec 
2007: Jan | Feb | Mar | Apr | May | Jun | Jul | Aug | Sep | Oct | Nov | Dec 
2006: Jan | Feb | Mar | Apr | May | Jun | Jul | Aug | Sep | Oct | Nov | Dec 
2005: Jan | Feb | Mar | Apr | May | Jun | Jul | Aug | Sep | Oct | Nov | Dec 
2004: Jan | Feb | Mar | Apr | May | Jun | Jul | Aug | Sep | Oct | Nov | Dec 
2003: Jan | Feb | Mar | Apr | May | Jun | Jul | Aug | Sep | Oct | Nov | Dec 
2002: Jan | Feb | Mar | Apr | May | Jun | Jul | Aug | Sep | Oct | Nov | Dec 
2001: Jan | Feb | Mar | Apr | May | Jun | Jul | Aug | Sep | Oct | Nov | Dec 
2000: Jan | Feb | Mar | Apr | May | Jun | Jul | Aug | Sep | Oct | Nov | Dec 
1999: Jan | Feb | Mar | Apr | May | Jun | Jul | Aug | Sep | Oct | Nov | Dec 
1998: Jan | Feb | Mar | Apr | May | Jun | Jul | Aug | Sep | Oct | Nov | Dec 
1997: Jan | Feb | Mar | Apr | May | Jun | Jul | Aug | Sep | Oct | Nov | Dec 
1996: Jan | Feb | Mar | Apr | May | Jun | Jul | Aug | Sep | Oct | Nov | Dec 
1995: Jan | Feb | Mar | Apr | May | Jun | Jul | Aug | Sep | Oct | Nov | Dec 

Report for 2015 04
MONTHLY CLIMATOLOGICAL SUMMARY for APR. 2015 NAME: HornSpri CITY: Lebanon STATE: TN ELEV: 612 ft LAT: 36 14' 05" N LONG: 86 22' 55" W TEMPERATURE (F), RAIN (in), WIND SPEED (mph) HEAT COOL AVG MEAN DEG DEG WIND DOM DAY TEMP HIGH TIME LOW TIME DAYS DAYS RAIN SPEED HIGH TIME DIR ------------------------------------------------------------------------------------ 1 60.5 76.3 17:14 44.7 7:10 4.5 0.0 0.00 1.9 13.0 10:26 NE 2 68.4 76.9 15:02 60.0 1:22 0.0 3.4 0.00 4.9 31.0 13:18 S 3 63.6 76.7 15:56 50.5 23:57 1.4 0.0 0.53 6.5 28.0 18:31 S 4 51.1 62.8 15:44 39.4 00:00 13.9 0.0 0.00 3.4 17.0 2:16 NW 5 50.1 68.8 14:50 31.4 6:53 14.9 0.0 0.00 2.2 16.0 13:32 S 6 62.2 67.2 11:24 57.2 5:02 2.8 0.0 0.28 2.0 18.0 12:04 S 7 67.9 74.0 17:08 61.9 0:01 0.0 2.9 0.08 3.0 13.0 11:52 S 8 74.4 83.7 17:07 65.2 6:25 0.0 9.4 0.00 3.4 21.0 14:17 S 9 74.3 80.0 14:52 68.7 4:54 0.0 9.3 0.00 4.9 27.0 12:21 S 10 62.1 76.6 0:26 47.6 23:59 2.9 0.0 1.17 4.3 38.0 2:59 NW 11 57.3 73.9 15:51 40.6 6:24 7.8 0.0 0.00 1.5 13.0 15:25 NNW 12 66.6 83.1 15:27 50.1 6:51 0.0 1.6 0.00 1.9 14.0 15:17 NE 13 65.6 72.2 11:17 59.1 5:35 0.0 0.6 0.73 1.6 15.0 10:26 ENE 14 63.5 69.9 9:17 57.0 23:55 1.5 0.0 0.34 2.2 18.0 9:19 NW 15 65.8 75.2 17:07 56.4 4:27 0.0 0.8 0.11 1.5 11.0 20:56 NE 16 63.6 68.9 13:48 58.3 23:54 1.4 0.0 1.37 2.2 23.0 2:32 ESE 17 64.8 73.8 18:14 55.7 1:51 0.3 0.0 0.00 0.4 7.0 13:02 NNW 18 68.5 81.7 15:11 55.3 6:37 0.0 3.5 0.00 1.1 11.0 15:31 NE 19 68.9 74.7 14:26 63.1 23:59 0.0 3.9 0.56 3.0 30.0 16:24 SSW 20 58.3 64.0 12:23 52.6 23:38 6.7 0.0 0.44 4.5 27.0 1:45 SW 21 56.2 69.8 16:22 42.6 5:29 8.8 0.0 0.00 3.1 21.0 12:19 SW 22 56.7 67.6 11:49 45.7 23:56 8.3 0.0 0.00 3.3 23.0 8:32 SW 23 52.5 66.1 15:50 39.0 6:17 12.5 0.0 0.00 1.7 14.0 13:54 NW 24 52.8 67.7 14:52 37.8 6:30 12.3 0.0 0.02 0.9 12.0 9:42 E 25 68.3 82.8 16:48 53.8 0:36 0.0 3.3 0.07 3.2 27.0 14:52 S 26 54.7 61.9 0:01 47.4 23:59 10.3 0.0 0.01 2.0 14.0 5:35 NW 27 55.6 68.8 15:29 42.3 5:35 9.4 0.0 0.00 2.1 14.0 12:56 NNW 28 56.0 68.1 14:15 43.9 6:01 9.0 0.0 0.00 1.9 12.0 11:14 NNW 29 58.9 72.3 14:54 45.4 3:34 6.1 0.0 0.00 1.6 15.0 13:29 NW 30 --- 70.6 12:42 44.8 5:42 7.3 0.0 0.00 1.7 19.0 13:25 W ------------------------------------------------------------------------------------- 61.7 83.7 8 31.4 5 142.2 38.9 5.71 2.6 38.0 10 S Max >= 90.0: 0 Max <= 32.0: 0 Min <= 32.0: 1 Min <= 0.0: 0 Max Rain: 1.37 ON 04/16/15 Days of Rain: 12 (>.01 in) 9 (>.1 in) 2 (>1 in) Heat Base: 65.0 Cool Base: 65.0 Method: (High + Low) / 2