Warning: file(http://www.wunderground.com/climate/extremes.asp): failed to open stream: HTTP request failed! HTTP/1.0 500 Internal Server Error in /homepages/6/d330860172/htdocs/usaextremes.php on line 55

Warning: implode(): Invalid arguments passed in /homepages/6/d330860172/htdocs/usaextremes.php on line 55

NOAA Style Climate Reports for Lebanon, TN

NOAA style reports

NOAA-style Climate Reports

2018: Jan | Feb | Mar | Apr | May | Jun | Jul | Aug | Sep | Oct | Nov | Dec 
2017: Jan | Feb | Mar | Apr | May | Jun | Jul | Aug | Sep | Oct | Nov | Dec 
2016: Jan | Feb | Mar | Apr | May | Jun | Jul | Aug | Sep | Oct | Nov | Dec 
2015: Jan | Feb | Mar | Apr | May | Jun | Jul | Aug | Sep | Oct | Nov | Dec 
2014: Jan | Feb | Mar | Apr | May | Jun | Jul | Aug | Sep | Oct | Nov | Dec 
2013: Jan | Feb | Mar | Apr | May | Jun | Jul | Aug | Sep | Oct | Nov | Dec 
2012: Jan | Feb | Mar | Apr | May | Jun | Jul | Aug | Sep | Oct | Nov | Dec 
2011: Jan | Feb | Mar | Apr | May | Jun | Jul | Aug | Sep | Oct | Nov | Dec 
2010: Jan | Feb | Mar | Apr | May | Jun | Jul | Aug | Sep | Oct | Nov | Dec 
2009: Jan | Feb | Mar | Apr | May | Jun | Jul | Aug | Sep | Oct | Nov | Dec 
2008: Jan | Feb | Mar | Apr | May | Jun | Jul | Aug | Sep | Oct | Nov | Dec 
2007: Jan | Feb | Mar | Apr | May | Jun | Jul | Aug | Sep | Oct | Nov | Dec 
2006: Jan | Feb | Mar | Apr | May | Jun | Jul | Aug | Sep | Oct | Nov | Dec 
2005: Jan | Feb | Mar | Apr | May | Jun | Jul | Aug | Sep | Oct | Nov | Dec 
2004: Jan | Feb | Mar | Apr | May | Jun | Jul | Aug | Sep | Oct | Nov | Dec 
2003: Jan | Feb | Mar | Apr | May | Jun | Jul | Aug | Sep | Oct | Nov | Dec 
2002: Jan | Feb | Mar | Apr | May | Jun | Jul | Aug | Sep | Oct | Nov | Dec 
2001: Jan | Feb | Mar | Apr | May | Jun | Jul | Aug | Sep | Oct | Nov | Dec 
2000: Jan | Feb | Mar | Apr | May | Jun | Jul | Aug | Sep | Oct | Nov | Dec 
1999: Jan | Feb | Mar | Apr | May | Jun | Jul | Aug | Sep | Oct | Nov | Dec 
1998: Jan | Feb | Mar | Apr | May | Jun | Jul | Aug | Sep | Oct | Nov | Dec 
1997: Jan | Feb | Mar | Apr | May | Jun | Jul | Aug | Sep | Oct | Nov | Dec 
1996: Jan | Feb | Mar | Apr | May | Jun | Jul | Aug | Sep | Oct | Nov | Dec 
1995: Jan | Feb | Mar | Apr | May | Jun | Jul | Aug | Sep | Oct | Nov | Dec 

Report for 2015 05
MONTHLY CLIMATOLOGICAL SUMMARY for MAY. 2015 NAME: HornSpri CITY: Lebanon STATE: TN ELEV: 612 ft LAT: 36 14' 05" N LONG: 86 22' 55" W TEMPERATURE (F), RAIN (in), WIND SPEED (mph) HEAT COOL AVG MEAN DEG DEG WIND DOM DAY TEMP HIGH TIME LOW TIME DAYS DAYS RAIN SPEED HIGH TIME DIR ------------------------------------------------------------------------------------ 1 55.7 72.1 16:38 39.3 6:06 9.3 0.0 0.00 1.6 15.0 10:53 NNW 2 61.3 77.5 16:04 45.0 6:34 3.8 0.0 0.00 0.5 9.0 12:29 E 3 64.1 81.0 15:00 47.2 6:07 0.9 0.0 0.00 0.6 15.0 15:32 SW 4 70.3 83.6 14:25 57.1 6:31 0.0 5.3 0.00 1.0 13.0 9:51 SW 5 70.3 85.6 16:40 55.1 6:24 0.0 5.3 0.00 0.4 8.0 11:28 SW 6 74.1 88.1 15:53 60.1 5:49 0.0 9.1 0.00 0.6 10.0 10:44 SW 7 72.2 87.9 16:09 56.5 6:11 0.0 7.2 0.00 0.5 12.0 13:32 SW 8 72.6 88.6 15:26 56.6 6:01 0.0 7.6 0.00 0.8 13.0 14:31 SW 9 75.2 87.9 12:41 62.5 5:48 0.0 10.2 0.00 0.9 16.0 13:00 SW 10 77.8 89.0 15:32 66.7 5:32 0.0 12.8 0.00 0.6 16.0 15:38 SW 11 75.6 85.9 13:20 65.2 6:24 0.0 10.6 0.00 2.4 25.0 13:46 SW 12 68.6 75.6 16:32 61.5 23:59 0.0 3.6 0.00 2.5 15.0 12:58 NW 13 63.9 79.9 16:19 47.9 6:05 1.1 0.0 0.00 1.8 14.0 9:09 NE 14 67.9 81.4 16:02 54.4 4:40 0.0 2.9 0.00 1.0 8.0 11:34 E 15 74.4 83.6 14:17 65.3 2:27 0.0 9.4 0.01 1.2 16.0 9:55 SSW 16 73.1 77.6 17:09 68.7 9:32 0.0 8.1 0.10 0.6 9.0 10:57 SW 17 76.8 84.7 16:32 69.0 3:50 0.0 11.8 0.76 1.2 23.0 17:44 SSW 18 74.4 81.6 16:29 67.3 5:57 0.0 9.4 0.10 1.0 12.0 14:55 SW 19 71.8 82.0 16:50 61.5 23:59 0.0 6.8 0.00 1.7 12.0 18:37 NW 20 68.3 83.6 15:10 53.1 5:52 0.0 3.3 0.12 1.1 11.0 8:43 NW 21 55.3 62.4 0:01 48.1 23:58 9.8 0.0 0.00 3.0 14.0 3:33 NW 22 59.8 77.4 16:37 42.2 6:04 5.2 0.0 0.00 1.1 12.0 14:01 NNE 23 66.3 82.5 16:21 50.2 3:30 0.0 1.3 0.00 0.6 13.0 11:44 E 24 71.8 86.0 14:58 57.7 6:16 0.0 6.8 0.00 1.3 15.0 11:37 ESE 25 70.8 74.2 3:55 67.3 22:06 0.0 5.8 0.11 1.1 10.0 0:18 SW 26 73.8 80.8 14:24 66.8 2:12 0.0 8.8 0.24 1.1 23.0 15:07 SW 27 74.9 82.0 12:25 67.9 22:39 0.0 9.9 0.19 0.7 22.0 14:17 SW 28 76.4 86.4 17:31 66.4 5:36 0.0 11.4 0.02 0.8 15.0 21:54 E 29 74.6 84.5 15:28 64.7 5:42 0.0 9.6 0.01 0.6 11.0 14:55 SSW 30 78.1 85.5 13:11 70.6 5:00 0.0 13.1 0.03 0.9 17.0 13:17 SSW 31 74.9 83.4 14:41 66.5 5:04 0.0 9.9 0.42 0.9 9.0 14:24 SW ------------------------------------------------------------------------------------- 70.5 89.0 10 39.3 1 30.0 200.3 2.11 1.1 25.0 11 SW Max >= 90.0: 0 Max <= 32.0: 0 Min <= 32.0: 0 Min <= 0.0: 0 Max Rain: 0.76 ON 05/17/15 Days of Rain: 10 (>.01 in) 6 (>.1 in) 0 (>1 in) Heat Base: 65.0 Cool Base: 65.0 Method: (High + Low) / 2