Warning: file(http://www.wunderground.com/climate/extremes.asp): failed to open stream: HTTP request failed! HTTP/1.0 500 Internal Server Error in /homepages/6/d330860172/htdocs/usaextremes.php on line 55

Warning: implode(): Invalid arguments passed in /homepages/6/d330860172/htdocs/usaextremes.php on line 55

NOAA Style Climate Reports for Lebanon, TN

NOAA style reports

NOAA-style Climate Reports

2018: Jan | Feb | Mar | Apr | May | Jun | Jul | Aug | Sep | Oct | Nov | Dec 
2017: Jan | Feb | Mar | Apr | May | Jun | Jul | Aug | Sep | Oct | Nov | Dec 
2016: Jan | Feb | Mar | Apr | May | Jun | Jul | Aug | Sep | Oct | Nov | Dec 
2015: Jan | Feb | Mar | Apr | May | Jun | Jul | Aug | Sep | Oct | Nov | Dec 
2014: Jan | Feb | Mar | Apr | May | Jun | Jul | Aug | Sep | Oct | Nov | Dec 
2013: Jan | Feb | Mar | Apr | May | Jun | Jul | Aug | Sep | Oct | Nov | Dec 
2012: Jan | Feb | Mar | Apr | May | Jun | Jul | Aug | Sep | Oct | Nov | Dec 
2011: Jan | Feb | Mar | Apr | May | Jun | Jul | Aug | Sep | Oct | Nov | Dec 
2010: Jan | Feb | Mar | Apr | May | Jun | Jul | Aug | Sep | Oct | Nov | Dec 
2009: Jan | Feb | Mar | Apr | May | Jun | Jul | Aug | Sep | Oct | Nov | Dec 
2008: Jan | Feb | Mar | Apr | May | Jun | Jul | Aug | Sep | Oct | Nov | Dec 
2007: Jan | Feb | Mar | Apr | May | Jun | Jul | Aug | Sep | Oct | Nov | Dec 
2006: Jan | Feb | Mar | Apr | May | Jun | Jul | Aug | Sep | Oct | Nov | Dec 
2005: Jan | Feb | Mar | Apr | May | Jun | Jul | Aug | Sep | Oct | Nov | Dec 
2004: Jan | Feb | Mar | Apr | May | Jun | Jul | Aug | Sep | Oct | Nov | Dec 
2003: Jan | Feb | Mar | Apr | May | Jun | Jul | Aug | Sep | Oct | Nov | Dec 
2002: Jan | Feb | Mar | Apr | May | Jun | Jul | Aug | Sep | Oct | Nov | Dec 
2001: Jan | Feb | Mar | Apr | May | Jun | Jul | Aug | Sep | Oct | Nov | Dec 
2000: Jan | Feb | Mar | Apr | May | Jun | Jul | Aug | Sep | Oct | Nov | Dec 
1999: Jan | Feb | Mar | Apr | May | Jun | Jul | Aug | Sep | Oct | Nov | Dec 
1998: Jan | Feb | Mar | Apr | May | Jun | Jul | Aug | Sep | Oct | Nov | Dec 
1997: Jan | Feb | Mar | Apr | May | Jun | Jul | Aug | Sep | Oct | Nov | Dec 
1996: Jan | Feb | Mar | Apr | May | Jun | Jul | Aug | Sep | Oct | Nov | Dec 
1995: Jan | Feb | Mar | Apr | May | Jun | Jul | Aug | Sep | Oct | Nov | Dec 

Report for 2015 06
MONTHLY CLIMATOLOGICAL SUMMARY for JUN. 2015 NAME: HornSpri CITY: Lebanon STATE: TN ELEV: 612 ft LAT: 36 14' 05" N LONG: 86 22' 55" W TEMPERATURE (F), RAIN (in), WIND SPEED (mph) HEAT COOL AVG MEAN DEG DEG WIND DOM DAY TEMP HIGH TIME LOW TIME DAYS DAYS RAIN SPEED HIGH TIME DIR ------------------------------------------------------------------------------------ 1 65.9 68.8 13:06 63.0 23:33 0.0 0.9 0.98 1.3 11.0 14:35 NW 2 64.4 68.7 17:04 60.1 4:30 0.6 0.0 0.00 1.6 8.0 13:17 NW 3 66.3 77.0 16:42 55.6 4:48 0.0 1.3 0.00 1.0 9.0 12:52 N 4 71.4 85.9 16:47 57.0 4:49 0.0 6.4 0.00 0.7 9.0 15:51 N 5 74.4 87.5 15:30 61.3 6:10 0.0 9.4 0.00 1.1 12.0 17:59 WSW 6 77.2 90.6 15:39 63.8 5:54 0.0 12.2 0.00 0.6 8.0 15:03 NNW 7 78.8 91.5 16:19 66.2 5:47 0.0 13.8 0.00 1.0 14.0 13:24 SW 8 75.5 83.1 10:39 67.9 23:12 0.0 10.5 0.75 1.4 18.0 13:26 SW 9 77.6 89.7 15:33 65.6 5:23 0.0 12.6 0.01 0.5 8.0 16:51 SW 10 79.1 92.6 15:13 65.5 5:51 0.0 14.1 0.00 0.3 8.0 12:05 SW 11 80.1 91.5 15:15 68.7 5:57 0.0 15.1 0.00 0.6 11.0 13:56 SW 12 79.6 86.3 12:53 72.8 5:39 0.0 14.6 0.12 1.2 18.0 13:06 SW 13 80.7 89.5 15:22 71.8 5:30 0.0 15.7 0.00 1.0 14.0 11:13 SW 14 81.8 91.5 16:36 72.2 5:39 0.0 16.8 0.00 0.8 14.0 11:53 SW 15 83.0 93.4 15:27 72.6 6:04 0.0 18.0 0.00 1.1 14.0 14:43 SW 16 84.0 95.0 16:41 73.0 5:59 0.0 19.0 0.00 1.3 12.0 15:50 SW 17 84.2 94.4 15:49 74.0 3:50 0.0 19.2 0.00 1.1 11.0 14:37 SW 18 81.9 91.6 14:17 72.3 6:03 0.0 16.9 0.10 0.7 13.0 14:30 E 19 80.4 88.7 13:00 72.2 22:33 0.0 15.4 0.33 0.7 30.0 18:13 SW 20 79.3 86.5 18:08 72.1 4:33 0.0 14.3 0.31 3.2 20.0 11:11 SW 21 83.2 92.9 14:26 73.5 3:46 0.0 18.2 0.00 2.4 18.0 17:10 SW 22 81.8 93.2 15:28 70.4 5:59 0.0 16.8 0.00 1.5 22.0 18:07 SW 23 84.1 93.9 16:54 74.2 5:08 0.0 19.1 0.03 1.8 13.0 17:42 SW 24 81.0 90.1 16:58 71.9 5:33 0.0 16.0 0.01 1.0 16.0 0:57 SW 25 82.6 94.5 16:39 70.7 5:41 0.0 17.6 0.00 0.9 14.0 16:43 SW 26 82.1 93.7 17:00 70.5 23:57 0.0 17.1 0.80 2.3 27.0 17:59 SW 27 72.7 79.5 17:01 65.8 00:00 0.0 7.7 0.40 2.5 19.0 13:41 SW 28 71.1 83.5 16:37 58.7 5:55 0.0 6.1 0.00 0.9 11.0 15:18 WSW 29 75.8 85.2 16:44 66.4 7:02 0.0 10.8 0.18 2.6 19.0 11:16 SW 30 77.0 85.2 16:26 68.8 6:12 0.0 12.0 0.01 1.7 17.0 15:48 SW ------------------------------------------------------------------------------------- 77.9 95.0 16 55.6 3 0.6 387.6 4.03 1.3 30.0 19 SW Max >= 90.0: 15 Max <= 32.0: 0 Min <= 32.0: 0 Min <= 0.0: 0 Max Rain: 0.98 ON 06/01/15 Days of Rain: 10 (>.01 in) 8 (>.1 in) 0 (>1 in) Heat Base: 65.0 Cool Base: 65.0 Method: (High + Low) / 2