Warning: file(http://www.wunderground.com/climate/extremes.asp): failed to open stream: HTTP request failed! HTTP/1.0 500 Internal Server Error in /homepages/6/d330860172/htdocs/usaextremes.php on line 55

Warning: implode(): Invalid arguments passed in /homepages/6/d330860172/htdocs/usaextremes.php on line 55

NOAA Style Climate Reports for Lebanon, TN

NOAA style reports

NOAA-style Climate Reports

2018: Jan | Feb | Mar | Apr | May | Jun | Jul | Aug | Sep | Oct | Nov | Dec 
2017: Jan | Feb | Mar | Apr | May | Jun | Jul | Aug | Sep | Oct | Nov | Dec 
2016: Jan | Feb | Mar | Apr | May | Jun | Jul | Aug | Sep | Oct | Nov | Dec 
2015: Jan | Feb | Mar | Apr | May | Jun | Jul | Aug | Sep | Oct | Nov | Dec 
2014: Jan | Feb | Mar | Apr | May | Jun | Jul | Aug | Sep | Oct | Nov | Dec 
2013: Jan | Feb | Mar | Apr | May | Jun | Jul | Aug | Sep | Oct | Nov | Dec 
2012: Jan | Feb | Mar | Apr | May | Jun | Jul | Aug | Sep | Oct | Nov | Dec 
2011: Jan | Feb | Mar | Apr | May | Jun | Jul | Aug | Sep | Oct | Nov | Dec 
2010: Jan | Feb | Mar | Apr | May | Jun | Jul | Aug | Sep | Oct | Nov | Dec 
2009: Jan | Feb | Mar | Apr | May | Jun | Jul | Aug | Sep | Oct | Nov | Dec 
2008: Jan | Feb | Mar | Apr | May | Jun | Jul | Aug | Sep | Oct | Nov | Dec 
2007: Jan | Feb | Mar | Apr | May | Jun | Jul | Aug | Sep | Oct | Nov | Dec 
2006: Jan | Feb | Mar | Apr | May | Jun | Jul | Aug | Sep | Oct | Nov | Dec 
2005: Jan | Feb | Mar | Apr | May | Jun | Jul | Aug | Sep | Oct | Nov | Dec 
2004: Jan | Feb | Mar | Apr | May | Jun | Jul | Aug | Sep | Oct | Nov | Dec 
2003: Jan | Feb | Mar | Apr | May | Jun | Jul | Aug | Sep | Oct | Nov | Dec 
2002: Jan | Feb | Mar | Apr | May | Jun | Jul | Aug | Sep | Oct | Nov | Dec 
2001: Jan | Feb | Mar | Apr | May | Jun | Jul | Aug | Sep | Oct | Nov | Dec 
2000: Jan | Feb | Mar | Apr | May | Jun | Jul | Aug | Sep | Oct | Nov | Dec 
1999: Jan | Feb | Mar | Apr | May | Jun | Jul | Aug | Sep | Oct | Nov | Dec 
1998: Jan | Feb | Mar | Apr | May | Jun | Jul | Aug | Sep | Oct | Nov | Dec 
1997: Jan | Feb | Mar | Apr | May | Jun | Jul | Aug | Sep | Oct | Nov | Dec 
1996: Jan | Feb | Mar | Apr | May | Jun | Jul | Aug | Sep | Oct | Nov | Dec 
1995: Jan | Feb | Mar | Apr | May | Jun | Jul | Aug | Sep | Oct | Nov | Dec 

Report for 2015 07
MONTHLY CLIMATOLOGICAL SUMMARY for JUL. 2015 NAME: HornSpri CITY: Lebanon STATE: TN ELEV: 612 ft LAT: 36 14' 05" N LONG: 86 22' 55" W TEMPERATURE (F), RAIN (in), WIND SPEED (mph) HEAT COOL AVG MEAN DEG DEG WIND DOM DAY TEMP HIGH TIME LOW TIME DAYS DAYS RAIN SPEED HIGH TIME DIR ------------------------------------------------------------------------------------ 1 73.1 77.5 12:28 68.7 23:01 0.0 8.1 0.45 1.0 21.0 13:00 SW 2 75.6 83.0 15:08 68.2 0:46 0.0 10.6 2.24 1.1 17.0 2:12 SW 3 75.7 80.1 12:28 71.3 00:00 0.0 10.7 0.48 2.6 19.0 15:55 SW 4 73.9 78.9 11:42 68.9 23:48 0.0 8.9 0.69 0.4 7.0 11:47 SW 5 76.1 83.6 16:02 68.5 10:10 0.0 11.1 0.35 0.5 11.0 8:04 WNW 6 77.9 86.3 16:27 69.4 5:40 0.0 12.9 0.00 0.7 14.0 14:18 SW 7 79.6 88.2 15:20 70.9 23:43 0.0 14.6 0.74 1.9 20.0 10:11 SW 8 80.3 90.4 15:11 70.2 1:20 0.0 15.3 0.26 1.4 20.0 12:47 SW 9 83.1 91.5 15:50 74.7 6:27 0.0 18.1 0.00 2.5 19.0 15:06 SW 10 81.8 92.7 15:00 71.0 5:59 0.0 16.8 0.08 2.0 22.0 20:00 SW 11 82.7 94.2 15:50 71.2 5:50 0.0 17.7 0.01 0.7 10.0 7:57 NW 12 82.8 90.7 14:56 74.8 2:05 0.0 17.8 0.91 1.4 22.0 12:52 SW 13 83.4 93.3 13:43 73.6 5:34 0.0 18.4 0.00 1.7 14.0 14:46 SW 14 82.3 91.3 13:24 73.3 23:59 0.0 17.3 0.85 3.1 32.0 14:38 SW 15 80.0 88.9 15:52 71.1 5:47 0.0 15.0 1.16 2.1 13.0 0:54 NW 16 79.4 91.3 16:21 67.4 5:39 0.0 14.4 0.00 0.8 9.0 11:56 NE 17 82.1 94.0 14:55 70.2 4:56 0.0 17.1 0.00 0.8 13.0 12:45 SW 18 84.6 94.4 15:01 74.7 5:35 0.0 19.6 0.00 1.1 13.0 15:44 SW 19 85.3 94.6 16:10 76.1 4:05 0.0 20.3 0.00 1.2 13.0 12:30 SW 20 85.9 93.8 15:52 78.1 5:41 0.0 20.9 0.00 1.1 15.0 14:01 SW 21 82.3 90.6 18:01 73.9 23:59 0.0 17.3 0.00 1.4 11.0 13:22 WNW 22 77.5 84.7 18:51 70.3 4:32 0.0 12.5 0.03 0.4 8.0 15:45 SW 23 77.6 83.4 14:47 71.8 23:58 0.0 12.6 0.33 0.9 14.0 15:11 SW 24 79.8 90.7 14:40 68.9 6:15 0.0 14.8 0.00 0.8 9.0 15:39 NNW 25 78.6 91.0 14:31 66.2 6:16 0.0 13.6 0.00 0.7 8.0 14:46 NE 26 80.7 92.4 16:21 69.0 5:26 0.0 15.7 0.00 0.6 9.0 13:27 SW 27 83.8 94.6 14:21 72.9 6:07 0.0 18.8 0.00 0.4 19.0 15:12 WSW 28 83.3 92.4 12:10 74.2 6:25 0.0 18.3 0.15 0.8 18.0 13:26 WSW 29 83.3 94.6 16:45 71.9 6:07 0.0 18.3 0.00 0.7 14.0 21:28 W 30 79.4 90.6 14:36 68.2 23:58 0.0 14.4 0.00 2.4 14.0 10:00 NNW 31 77.0 91.6 16:02 62.4 6:18 0.0 12.0 0.00 1.1 13.0 14:38 N ------------------------------------------------------------------------------------- 80.3 94.6 19 62.4 31 0.0 473.6 8.73 1.2 32.0 14 SW Max >= 90.0: 21 Max <= 32.0: 0 Min <= 32.0: 0 Min <= 0.0: 0 Max Rain: 2.24 ON 07/02/15 Days of Rain: 14 (>.01 in) 12 (>.1 in) 2 (>1 in) Heat Base: 65.0 Cool Base: 65.0 Method: (High + Low) / 2