Warning: file(http://www.wunderground.com/climate/extremes.asp): failed to open stream: HTTP request failed! HTTP/1.0 500 Internal Server Error in /homepages/6/d330860172/htdocs/usaextremes.php on line 55

Warning: implode(): Invalid arguments passed in /homepages/6/d330860172/htdocs/usaextremes.php on line 55

NOAA Style Climate Reports for Lebanon, TN

NOAA style reports

NOAA-style Climate Reports

2018: Jan | Feb | Mar | Apr | May | Jun | Jul | Aug | Sep | Oct | Nov | Dec 
2017: Jan | Feb | Mar | Apr | May | Jun | Jul | Aug | Sep | Oct | Nov | Dec 
2016: Jan | Feb | Mar | Apr | May | Jun | Jul | Aug | Sep | Oct | Nov | Dec 
2015: Jan | Feb | Mar | Apr | May | Jun | Jul | Aug | Sep | Oct | Nov | Dec 
2014: Jan | Feb | Mar | Apr | May | Jun | Jul | Aug | Sep | Oct | Nov | Dec 
2013: Jan | Feb | Mar | Apr | May | Jun | Jul | Aug | Sep | Oct | Nov | Dec 
2012: Jan | Feb | Mar | Apr | May | Jun | Jul | Aug | Sep | Oct | Nov | Dec 
2011: Jan | Feb | Mar | Apr | May | Jun | Jul | Aug | Sep | Oct | Nov | Dec 
2010: Jan | Feb | Mar | Apr | May | Jun | Jul | Aug | Sep | Oct | Nov | Dec 
2009: Jan | Feb | Mar | Apr | May | Jun | Jul | Aug | Sep | Oct | Nov | Dec 
2008: Jan | Feb | Mar | Apr | May | Jun | Jul | Aug | Sep | Oct | Nov | Dec 
2007: Jan | Feb | Mar | Apr | May | Jun | Jul | Aug | Sep | Oct | Nov | Dec 
2006: Jan | Feb | Mar | Apr | May | Jun | Jul | Aug | Sep | Oct | Nov | Dec 
2005: Jan | Feb | Mar | Apr | May | Jun | Jul | Aug | Sep | Oct | Nov | Dec 
2004: Jan | Feb | Mar | Apr | May | Jun | Jul | Aug | Sep | Oct | Nov | Dec 
2003: Jan | Feb | Mar | Apr | May | Jun | Jul | Aug | Sep | Oct | Nov | Dec 
2002: Jan | Feb | Mar | Apr | May | Jun | Jul | Aug | Sep | Oct | Nov | Dec 
2001: Jan | Feb | Mar | Apr | May | Jun | Jul | Aug | Sep | Oct | Nov | Dec 
2000: Jan | Feb | Mar | Apr | May | Jun | Jul | Aug | Sep | Oct | Nov | Dec 
1999: Jan | Feb | Mar | Apr | May | Jun | Jul | Aug | Sep | Oct | Nov | Dec 
1998: Jan | Feb | Mar | Apr | May | Jun | Jul | Aug | Sep | Oct | Nov | Dec 
1997: Jan | Feb | Mar | Apr | May | Jun | Jul | Aug | Sep | Oct | Nov | Dec 
1996: Jan | Feb | Mar | Apr | May | Jun | Jul | Aug | Sep | Oct | Nov | Dec 
1995: Jan | Feb | Mar | Apr | May | Jun | Jul | Aug | Sep | Oct | Nov | Dec 

Report for 2015 08
MONTHLY CLIMATOLOGICAL SUMMARY for AUG. 2015 NAME: HornSpri CITY: Lebanon STATE: TN ELEV: 612 ft LAT: 36 14' 05" N LONG: 86 22' 55" W TEMPERATURE (F), RAIN (in), WIND SPEED (mph) HEAT COOL AVG MEAN DEG DEG WIND DOM DAY TEMP HIGH TIME LOW TIME DAYS DAYS RAIN SPEED HIGH TIME DIR ------------------------------------------------------------------------------------ 1 --- 93.8 15:51 64.0 6:27 0.0 13.9 0.00 1.1 11.0 16:31 NNW 2 76.7 92.5 16:04 60.9 6:24 0.0 11.7 0.00 0.7 9.0 13:13 E 3 79.6 96.0 15:27 63.1 6:18 0.0 14.6 0.00 0.7 13.0 12:24 WSW 4 83.1 95.6 17:08 70.6 6:24 0.0 18.1 0.00 0.6 12.0 13:36 WSW 5 80.9 91.1 13:06 70.7 22:43 0.0 15.9 0.62 1.3 19.0 15:57 NE 6 74.4 79.1 17:33 69.7 10:36 0.0 9.4 0.92 1.2 13.0 15:56 SW 7 75.9 81.8 17:48 70.0 6:16 0.0 10.9 0.00 1.4 11.0 2:51 NW 8 74.9 85.8 16:24 64.1 6:06 0.0 9.9 0.00 1.0 12.0 13:55 NNW 9 80.4 93.8 14:39 67.0 6:00 0.0 15.4 0.00 0.4 7.0 14:03 E 10 81.5 90.3 13:40 72.7 1:34 0.0 16.5 0.00 1.3 17.0 13:42 SW 11 80.2 89.1 16:31 71.3 23:59 0.0 15.2 0.00 1.6 14.0 17:23 NW 12 75.8 87.2 14:20 64.3 6:20 0.0 10.8 0.00 1.5 16.0 14:11 NNW 13 72.6 86.7 16:02 58.5 6:07 0.0 7.6 0.00 1.5 15.0 14:02 NNE 14 73.2 85.1 14:15 61.3 3:35 0.0 8.2 0.00 0.9 18.0 14:54 ENE 15 78.7 88.5 14:01 68.9 3:59 0.0 13.7 0.00 0.5 16.0 14:13 SW 16 78.4 88.2 15:48 68.6 6:37 0.0 13.4 0.00 0.3 6.0 10:53 ENE 17 72.1 73.9 17:38 70.3 9:18 0.0 7.1 0.56 1.3 11.0 13:18 E 18 79.3 87.7 15:47 71.0 0:38 0.0 14.3 0.00 0.5 8.0 17:04 SW 19 80.1 88.1 14:01 72.2 23:31 0.0 15.1 0.32 1.5 16.0 15:38 SW 20 73.2 82.6 15:40 63.7 23:59 0.0 8.2 0.03 1.3 12.0 11:35 SW 21 71.6 84.2 16:42 58.9 5:36 0.0 6.6 0.01 0.9 10.0 10:42 NE 22 75.6 87.7 15:31 63.6 6:34 0.0 10.6 0.00 0.4 7.0 14:13 NE 23 80.1 89.4 16:03 70.7 6:00 0.0 15.1 0.02 0.6 12.0 14:35 SW 24 71.8 83.7 15:30 59.8 23:59 0.0 6.8 0.00 2.0 15.0 13:06 NW 25 67.8 82.1 15:10 53.6 6:29 0.0 2.8 0.00 1.8 17.0 11:51 NNW 26 68.1 82.1 16:10 54.0 6:30 0.0 3.1 0.00 1.3 14.0 15:29 NNW 27 --- 84.6 15:44 55.5 6:42 0.0 5.1 0.00 1.5 17.0 11:18 NNE 28 73.8 88.8 16:43 58.7 6:40 0.0 8.8 0.00 0.7 9.0 16:11 NE 29 78.4 88.4 14:22 68.3 7:00 0.0 13.4 0.00 0.7 12.0 12:53 SSE 30 73.0 78.8 15:04 67.2 4:52 0.0 8.0 0.00 0.3 7.0 9:43 SW 31 76.1 89.2 15:05 63.1 6:36 0.0 11.1 0.00 0.5 9.0 14:21 NE ------------------------------------------------------------------------------------- 76.1 96.0 3 53.6 25 0.0 341.1 2.48 1.0 19.0 5 SW Max >= 90.0: 7 Max <= 32.0: 0 Min <= 32.0: 0 Min <= 0.0: 0 Max Rain: 0.92 ON 08/06/15 Days of Rain: 6 (>.01 in) 4 (>.1 in) 0 (>1 in) Heat Base: 65.0 Cool Base: 65.0 Method: (High + Low) / 2