Warning: file(http://www.wunderground.com/climate/extremes.asp): failed to open stream: HTTP request failed! HTTP/1.0 500 Internal Server Error in /homepages/6/d330860172/htdocs/usaextremes.php on line 55

Warning: implode(): Invalid arguments passed in /homepages/6/d330860172/htdocs/usaextremes.php on line 55

NOAA Style Climate Reports for Lebanon, TN

NOAA style reports

NOAA-style Climate Reports

2018: Jan | Feb | Mar | Apr | May | Jun | Jul | Aug | Sep | Oct | Nov | Dec 
2017: Jan | Feb | Mar | Apr | May | Jun | Jul | Aug | Sep | Oct | Nov | Dec 
2016: Jan | Feb | Mar | Apr | May | Jun | Jul | Aug | Sep | Oct | Nov | Dec 
2015: Jan | Feb | Mar | Apr | May | Jun | Jul | Aug | Sep | Oct | Nov | Dec 
2014: Jan | Feb | Mar | Apr | May | Jun | Jul | Aug | Sep | Oct | Nov | Dec 
2013: Jan | Feb | Mar | Apr | May | Jun | Jul | Aug | Sep | Oct | Nov | Dec 
2012: Jan | Feb | Mar | Apr | May | Jun | Jul | Aug | Sep | Oct | Nov | Dec 
2011: Jan | Feb | Mar | Apr | May | Jun | Jul | Aug | Sep | Oct | Nov | Dec 
2010: Jan | Feb | Mar | Apr | May | Jun | Jul | Aug | Sep | Oct | Nov | Dec 
2009: Jan | Feb | Mar | Apr | May | Jun | Jul | Aug | Sep | Oct | Nov | Dec 
2008: Jan | Feb | Mar | Apr | May | Jun | Jul | Aug | Sep | Oct | Nov | Dec 
2007: Jan | Feb | Mar | Apr | May | Jun | Jul | Aug | Sep | Oct | Nov | Dec 
2006: Jan | Feb | Mar | Apr | May | Jun | Jul | Aug | Sep | Oct | Nov | Dec 
2005: Jan | Feb | Mar | Apr | May | Jun | Jul | Aug | Sep | Oct | Nov | Dec 
2004: Jan | Feb | Mar | Apr | May | Jun | Jul | Aug | Sep | Oct | Nov | Dec 
2003: Jan | Feb | Mar | Apr | May | Jun | Jul | Aug | Sep | Oct | Nov | Dec 
2002: Jan | Feb | Mar | Apr | May | Jun | Jul | Aug | Sep | Oct | Nov | Dec 
2001: Jan | Feb | Mar | Apr | May | Jun | Jul | Aug | Sep | Oct | Nov | Dec 
2000: Jan | Feb | Mar | Apr | May | Jun | Jul | Aug | Sep | Oct | Nov | Dec 
1999: Jan | Feb | Mar | Apr | May | Jun | Jul | Aug | Sep | Oct | Nov | Dec 
1998: Jan | Feb | Mar | Apr | May | Jun | Jul | Aug | Sep | Oct | Nov | Dec 
1997: Jan | Feb | Mar | Apr | May | Jun | Jul | Aug | Sep | Oct | Nov | Dec 
1996: Jan | Feb | Mar | Apr | May | Jun | Jul | Aug | Sep | Oct | Nov | Dec 
1995: Jan | Feb | Mar | Apr | May | Jun | Jul | Aug | Sep | Oct | Nov | Dec 

Report for 2015 10
MONTHLY CLIMATOLOGICAL SUMMARY for OCT. 2015 NAME: HornSpri CITY: Lebanon STATE: TN ELEV: 612 ft LAT: 36 14' 05" N LONG: 86 22' 55" W TEMPERATURE (F), RAIN (in), WIND SPEED (mph) HEAT COOL AVG MEAN DEG DEG WIND DOM DAY TEMP HIGH TIME LOW TIME DAYS DAYS RAIN SPEED HIGH TIME DIR ------------------------------------------------------------------------------------ 1 --- 62.0 3:22 55.1 23:58 6.5 0.0 0.28 3.4 20.0 21:17 NNW 2 55.7 57.5 12:37 53.9 23:53 9.3 0.0 0.23 3.3 16.0 14:18 NNW 3 52.6 53.9 0:01 51.3 5:57 12.4 0.0 0.25 2.9 14.0 9:03 NNW 4 66.1 78.7 16:07 53.6 0:06 0.0 1.1 0.01 2.1 13.0 1:36 NNW 5 72.5 85.3 15:29 59.7 7:06 0.0 7.5 0.00 1.3 11.0 14:37 NE 6 73.4 86.9 15:26 59.9 7:16 0.0 8.4 0.00 0.9 10.0 12:31 NNW 7 71.8 86.9 15:38 56.8 7:10 0.0 6.8 0.00 0.5 9.0 12:41 NNE 8 70.8 84.0 15:35 57.7 6:46 0.0 5.8 0.01 0.7 11.0 12:57 SW 9 72.9 84.0 13:59 61.8 20:52 0.0 7.9 0.89 1.4 19.0 14:45 NW 10 59.8 70.1 14:50 49.4 23:58 5.3 0.0 0.10 2.3 20.0 13:42 NNW 11 59.0 74.5 15:56 43.4 7:11 6.0 0.0 0.00 0.3 6.0 11:15 SW 12 67.6 80.7 15:18 54.6 0:01 0.0 2.6 0.41 2.1 15.0 13:44 S 13 63.0 74.0 15:55 52.1 00:00 2.0 0.0 0.01 2.3 19.0 13:51 WSW 14 61.7 77.1 16:03 46.2 6:43 3.3 0.0 0.00 0.9 11.0 12:12 NW 15 63.0 80.6 16:41 45.5 7:15 2.0 0.0 0.00 0.4 8.0 15:28 SSW 16 56.8 69.7 15:32 43.8 23:58 8.3 0.0 0.00 3.0 17.0 12:04 NW 17 49.0 62.1 14:33 35.9 7:18 16.0 0.0 0.00 2.3 16.0 11:10 NW 18 48.0 62.0 15:58 33.9 6:46 17.0 0.0 0.00 1.5 15.0 12:01 NNE 19 52.8 71.1 15:55 34.4 5:36 12.3 0.0 0.00 1.4 13.0 14:09 S 20 58.8 73.2 15:05 44.5 7:15 6.2 0.0 0.00 1.0 12.0 11:57 S 21 61.5 79.3 16:20 43.7 7:13 3.5 0.0 0.00 0.8 11.0 10:23 SSW 22 64.8 81.1 15:59 48.5 7:23 0.2 0.0 0.00 0.5 7.0 1:26 S 23 65.1 81.5 15:35 48.7 6:00 0.0 0.1 0.00 0.7 11.0 23:46 ENE 24 69.3 72.6 13:35 65.9 5:57 0.0 4.3 0.03 1.7 11.0 9:41 SSE 25 61.7 66.6 0:51 56.7 23:56 3.3 0.0 0.12 2.0 12.0 1:42 N 26 58.0 61.1 14:03 55.0 7:26 7.0 0.0 0.63 2.3 11.0 4:05 NE 27 58.4 61.1 23:52 55.7 10:59 6.6 0.0 1.39 3.3 17.0 12:38 ENE 28 63.4 70.1 15:14 56.8 21:05 1.6 0.0 0.24 4.1 19.0 16:16 SW 29 57.5 69.6 15:39 45.4 23:59 7.5 0.0 0.00 2.8 21.0 13:46 NW 30 49.8 63.2 15:03 36.5 7:20 15.2 0.0 0.00 0.8 9.0 11:16 ENE 31 57.2 65.1 14:54 49.3 5:03 7.8 0.0 0.09 1.6 14.0 18:21 SSE ------------------------------------------------------------------------------------- 61.4 86.9 6 33.9 18 159.0 44.6 4.69 1.8 21.0 29 NNW Max >= 90.0: 0 Max <= 32.0: 0 Min <= 32.0: 0 Min <= 0.0: 0 Max Rain: 1.39 ON 10/27/15 Days of Rain: 12 (>.01 in) 9 (>.1 in) 1 (>1 in) Heat Base: 65.0 Cool Base: 65.0 Method: (High + Low) / 2