Warning: file(http://www.wunderground.com/climate/extremes.asp): failed to open stream: HTTP request failed! HTTP/1.0 500 Internal Server Error in /homepages/6/d330860172/htdocs/usaextremes.php on line 55

Warning: implode(): Invalid arguments passed in /homepages/6/d330860172/htdocs/usaextremes.php on line 55

NOAA Style Climate Reports for Lebanon, TN

NOAA style reports

NOAA-style Climate Reports

2018: Jan | Feb | Mar | Apr | May | Jun | Jul | Aug | Sep | Oct | Nov | Dec 
2017: Jan | Feb | Mar | Apr | May | Jun | Jul | Aug | Sep | Oct | Nov | Dec 
2016: Jan | Feb | Mar | Apr | May | Jun | Jul | Aug | Sep | Oct | Nov | Dec 
2015: Jan | Feb | Mar | Apr | May | Jun | Jul | Aug | Sep | Oct | Nov | Dec 
2014: Jan | Feb | Mar | Apr | May | Jun | Jul | Aug | Sep | Oct | Nov | Dec 
2013: Jan | Feb | Mar | Apr | May | Jun | Jul | Aug | Sep | Oct | Nov | Dec 
2012: Jan | Feb | Mar | Apr | May | Jun | Jul | Aug | Sep | Oct | Nov | Dec 
2011: Jan | Feb | Mar | Apr | May | Jun | Jul | Aug | Sep | Oct | Nov | Dec 
2010: Jan | Feb | Mar | Apr | May | Jun | Jul | Aug | Sep | Oct | Nov | Dec 
2009: Jan | Feb | Mar | Apr | May | Jun | Jul | Aug | Sep | Oct | Nov | Dec 
2008: Jan | Feb | Mar | Apr | May | Jun | Jul | Aug | Sep | Oct | Nov | Dec 
2007: Jan | Feb | Mar | Apr | May | Jun | Jul | Aug | Sep | Oct | Nov | Dec 
2006: Jan | Feb | Mar | Apr | May | Jun | Jul | Aug | Sep | Oct | Nov | Dec 
2005: Jan | Feb | Mar | Apr | May | Jun | Jul | Aug | Sep | Oct | Nov | Dec 
2004: Jan | Feb | Mar | Apr | May | Jun | Jul | Aug | Sep | Oct | Nov | Dec 
2003: Jan | Feb | Mar | Apr | May | Jun | Jul | Aug | Sep | Oct | Nov | Dec 
2002: Jan | Feb | Mar | Apr | May | Jun | Jul | Aug | Sep | Oct | Nov | Dec 
2001: Jan | Feb | Mar | Apr | May | Jun | Jul | Aug | Sep | Oct | Nov | Dec 
2000: Jan | Feb | Mar | Apr | May | Jun | Jul | Aug | Sep | Oct | Nov | Dec 
1999: Jan | Feb | Mar | Apr | May | Jun | Jul | Aug | Sep | Oct | Nov | Dec 
1998: Jan | Feb | Mar | Apr | May | Jun | Jul | Aug | Sep | Oct | Nov | Dec 
1997: Jan | Feb | Mar | Apr | May | Jun | Jul | Aug | Sep | Oct | Nov | Dec 
1996: Jan | Feb | Mar | Apr | May | Jun | Jul | Aug | Sep | Oct | Nov | Dec 
1995: Jan | Feb | Mar | Apr | May | Jun | Jul | Aug | Sep | Oct | Nov | Dec 

Report for 2015 12
MONTHLY CLIMATOLOGICAL SUMMARY for DEC. 2015 NAME: HornSpri CITY: Lebanon STATE: TN ELEV: 612 ft LAT: 36 14' 05" N LONG: 86 22' 55" W TEMPERATURE (F), RAIN (in), WIND SPEED (mph) HEAT COOL AVG MEAN DEG DEG WIND DOM DAY TEMP HIGH TIME LOW TIME DAYS DAYS RAIN SPEED HIGH TIME DIR ------------------------------------------------------------------------------------ 1 56.6 62.9 4:15 50.2 23:24 8.4 0.0 0.93 2.1 19.0 6:31 W 2 44.7 52.7 13:34 36.7 23:33 20.3 0.0 0.00 3.4 17.0 12:13 W 3 39.2 47.3 15:14 31.0 23:03 25.8 0.0 0.00 2.0 12.0 8:51 NW 4 41.3 55.2 14:27 27.4 6:09 23.7 0.0 0.00 1.4 10.0 9:04 NNE 5 44.0 59.5 15:26 28.5 4:03 21.0 0.0 0.00 1.0 9.0 9:00 ENE 6 45.3 60.4 15:07 30.2 6:45 19.7 0.0 0.00 1.0 10.0 14:51 S 7 48.3 58.2 15:08 38.4 23:58 16.7 0.0 0.00 1.3 10.0 10:43 W 8 47.2 62.3 14:52 32.0 6:39 17.8 0.0 0.00 1.7 15.0 11:29 SSE 9 52.9 57.1 15:13 48.8 23:56 12.1 0.0 0.00 3.7 15.0 3:43 S 10 53.5 59.8 14:59 47.3 4:10 11.5 0.0 0.01 2.1 11.0 13:03 S 11 64.3 71.7 13:01 56.9 0:40 0.7 0.0 0.00 3.5 17.0 11:57 S 12 63.5 69.4 14:58 57.6 20:43 1.5 0.0 0.00 2.5 15.0 14:06 S 13 65.8 74.0 13:53 57.5 1:44 0.0 0.8 0.00 5.6 30.0 23:12 SE 14 61.0 70.7 2:27 51.4 23:55 4.0 0.0 0.50 7.6 29.0 1:25 SW 15 56.0 67.0 14:33 44.9 5:49 9.0 0.0 0.00 0.5 8.0 0:19 SSW 16 54.5 67.5 12:45 41.6 4:09 10.5 0.0 0.17 1.4 11.0 11:45 SSW 17 44.2 55.9 0:01 32.5 23:58 20.8 0.0 0.05 3.1 17.0 20:24 NW 18 35.4 41.1 15:12 29.8 23:04 29.6 0.0 0.00 3.2 21.0 13:39 W 19 39.7 50.1 15:04 29.3 1:31 25.3 0.0 0.00 1.7 13.0 12:48 SW 20 41.0 55.0 13:01 27.0 7:07 24.0 0.0 0.00 1.7 13.0 23:13 SSE 21 54.3 59.7 23:34 49.0 4:44 10.7 0.0 0.59 5.6 19.0 10:02 SSE 22 63.2 68.3 14:19 58.1 7:38 1.8 0.0 0.68 2.7 19.0 2:18 SSE 23 66.4 69.5 20:40 63.3 7:21 0.0 1.4 0.11 6.3 25.0 11:20 SSE 24 63.7 72.8 14:40 54.6 7:40 1.3 0.0 0.00 1.5 9.0 12:59 S 25 62.8 68.5 5:14 57.1 19:08 2.2 0.0 0.93 1.8 32.0 6:43 S 26 65.1 73.1 12:45 57.1 1:34 0.0 0.1 0.46 2.1 16.0 12:49 SSE 27 66.7 75.1 12:14 58.3 23:37 0.0 1.7 0.00 4.3 21.0 9:45 S 28 63.5 73.6 10:40 53.5 23:56 1.5 0.0 0.24 6.8 31.0 13:24 ENE 29 47.8 53.5 0:01 42.0 23:50 17.3 0.0 0.00 2.4 16.0 2:27 SW 30 45.8 49.6 14:43 42.0 0:01 19.2 0.0 0.00 1.8 13.0 11:37 NW 31 38.8 43.3 0:01 34.3 23:41 26.2 0.0 0.00 3.6 12.0 4:13 NW ------------------------------------------------------------------------------------- 52.8 75.1 27 27.0 20 382.4 3.9 4.67 2.9 32.0 25 S Max >= 90.0: 0 Max <= 32.0: 0 Min <= 32.0: 8 Min <= 0.0: 0 Max Rain: 0.93 ON 12/01/15 Days of Rain: 10 (>.01 in) 9 (>.1 in) 0 (>1 in) Heat Base: 65.0 Cool Base: 65.0 Method: (High + Low) / 2