Warning: file(http://www.wunderground.com/climate/extremes.asp): failed to open stream: HTTP request failed! HTTP/1.0 500 Internal Server Error in /homepages/6/d330860172/htdocs/usaextremes.php on line 55

Warning: implode(): Invalid arguments passed in /homepages/6/d330860172/htdocs/usaextremes.php on line 55

NOAA Style Climate Reports for Lebanon, TN

NOAA style reports

NOAA-style Climate Reports

2018: Jan | Feb | Mar | Apr | May | Jun | Jul | Aug | Sep | Oct | Nov | Dec 
2017: Jan | Feb | Mar | Apr | May | Jun | Jul | Aug | Sep | Oct | Nov | Dec 
2016: Jan | Feb | Mar | Apr | May | Jun | Jul | Aug | Sep | Oct | Nov | Dec 
2015: Jan | Feb | Mar | Apr | May | Jun | Jul | Aug | Sep | Oct | Nov | Dec 
2014: Jan | Feb | Mar | Apr | May | Jun | Jul | Aug | Sep | Oct | Nov | Dec 
2013: Jan | Feb | Mar | Apr | May | Jun | Jul | Aug | Sep | Oct | Nov | Dec 
2012: Jan | Feb | Mar | Apr | May | Jun | Jul | Aug | Sep | Oct | Nov | Dec 
2011: Jan | Feb | Mar | Apr | May | Jun | Jul | Aug | Sep | Oct | Nov | Dec 
2010: Jan | Feb | Mar | Apr | May | Jun | Jul | Aug | Sep | Oct | Nov | Dec 
2009: Jan | Feb | Mar | Apr | May | Jun | Jul | Aug | Sep | Oct | Nov | Dec 
2008: Jan | Feb | Mar | Apr | May | Jun | Jul | Aug | Sep | Oct | Nov | Dec 
2007: Jan | Feb | Mar | Apr | May | Jun | Jul | Aug | Sep | Oct | Nov | Dec 
2006: Jan | Feb | Mar | Apr | May | Jun | Jul | Aug | Sep | Oct | Nov | Dec 
2005: Jan | Feb | Mar | Apr | May | Jun | Jul | Aug | Sep | Oct | Nov | Dec 
2004: Jan | Feb | Mar | Apr | May | Jun | Jul | Aug | Sep | Oct | Nov | Dec 
2003: Jan | Feb | Mar | Apr | May | Jun | Jul | Aug | Sep | Oct | Nov | Dec 
2002: Jan | Feb | Mar | Apr | May | Jun | Jul | Aug | Sep | Oct | Nov | Dec 
2001: Jan | Feb | Mar | Apr | May | Jun | Jul | Aug | Sep | Oct | Nov | Dec 
2000: Jan | Feb | Mar | Apr | May | Jun | Jul | Aug | Sep | Oct | Nov | Dec 
1999: Jan | Feb | Mar | Apr | May | Jun | Jul | Aug | Sep | Oct | Nov | Dec 
1998: Jan | Feb | Mar | Apr | May | Jun | Jul | Aug | Sep | Oct | Nov | Dec 
1997: Jan | Feb | Mar | Apr | May | Jun | Jul | Aug | Sep | Oct | Nov | Dec 
1996: Jan | Feb | Mar | Apr | May | Jun | Jul | Aug | Sep | Oct | Nov | Dec 
1995: Jan | Feb | Mar | Apr | May | Jun | Jul | Aug | Sep | Oct | Nov | Dec 

Report for 2016 02
MONTHLY CLIMATOLOGICAL SUMMARY for JAN. 2016 NAME: HornSpri CITY: Lebanon STATE: TN ELEV: 612 ft LAT: 36 14' 05" N LONG: 86 22' 55" W TEMPERATURE (F), RAIN (in), WIND SPEED (mph) HEAT COOL AVG MEAN DEG DEG WIND DOM DAY TEMP HIGH TIME LOW TIME DAYS DAYS RAIN SPEED HIGH TIME DIR ------------------------------------------------------------------------------------ 1 35.8 44.0 15:08 27.7 23:52 29.2 0.0 0.00 1.8 11.0 0:41 NW 2 37.6 49.9 15:47 25.3 5:24 27.4 0.0 0.00 1.3 13.0 11:52 SSW 3 40.8 51.9 14:54 29.8 6:43 24.2 0.0 0.00 2.5 16.0 20:05 NW 4 32.2 39.8 15:11 24.5 23:42 32.8 0.0 0.00 3.9 21.0 11:50 NW 5 33.1 44.9 15:31 21.3 5:19 31.9 0.0 0.00 1.0 11.0 10:14 E 6 34.2 47.0 15:05 21.3 7:25 30.8 0.0 0.00 1.2 11.0 14:01 E 7 41.5 55.5 14:14 27.6 2:49 23.5 0.0 0.00 1.4 11.0 19:43 ENE 8 52.4 56.5 14:59 48.3 3:02 12.6 0.0 0.01 2.0 11.0 8:43 SSE 9 50.8 56.4 14:29 45.2 7:25 14.2 0.0 0.32 2.5 30.0 19:06 E 10 31.6 47.6 0:01 15.6 23:52 33.4 0.0 0.05 5.7 25.0 1:20 W 11 25.9 38.1 15:45 13.7 4:28 39.1 0.0 0.00 2.2 13.0 21:09 S 12 34.9 46.8 14:21 23.0 23:58 30.1 0.0 0.00 6.1 29.0 11:22 SSW 13 29.6 42.1 15:22 17.2 4:47 35.3 0.0 0.00 1.8 12.0 20:09 S 14 48.9 60.6 14:34 37.3 0:40 16.1 0.0 0.00 4.6 21.0 12:40 S 15 45.5 49.6 21:42 41.4 00:00 19.5 0.0 0.39 2.6 19.0 22:12 SSW 16 37.3 41.4 0:01 33.2 23:58 27.7 0.0 0.00 2.5 14.0 4:26 NW 17 28.9 39.5 15:36 18.3 23:58 36.1 0.0 0.00 4.6 23.0 18:22 NW 18 17.6 23.8 15:40 11.4 7:03 47.4 0.0 0.00 3.3 15.0 5:27 NW 19 19.9 29.0 15:23 10.8 3:53 45.1 0.0 0.00 1.5 11.0 8:37 ENE 20 29.7 32.4 15:57 27.0 0:01 35.3 0.0 0.02 0.9 13.0 6:05 E 21 32.8 36.0 15:34 29.6 2:27 32.2 0.0 0.25 2.0 13.0 12:22 NE 22 29.8 33.8 4:51 25.8 23:39 35.2 0.0 0.86 6.2 22.0 17:24 NW 23 21.7 29.0 16:29 14.4 23:58 43.3 0.0 0.00 4.0 18.0 0:23 NW 24 24.2 39.2 15:46 9.2 6:07 40.8 0.0 0.31 0.8 7.0 12:41 ENE 25 42.0 55.5 23:32 28.5 0:01 23.0 0.0 0.06 4.5 22.0 13:29 SSE 26 44.2 55.5 3:28 32.8 23:49 20.8 0.0 0.09 4.1 16.0 0:44 NW 27 34.3 43.8 15:39 24.8 23:55 30.7 0.0 0.00 2.5 14.0 1:00 NNW 28 37.3 53.2 15:44 21.5 4:33 27.7 0.0 0.00 2.1 15.0 11:57 SSW 29 39.3 50.2 16:02 28.3 7:16 25.8 0.0 0.00 1.3 11.0 11:16 W 30 53.5 67.3 15:10 39.7 5:08 11.5 0.0 0.00 5.1 25.0 11:35 S 31 62.0 69.6 14:54 54.5 4:32 3.0 0.0 0.00 6.3 25.0 15:44 S ------------------------------------------------------------------------------------- 36.4 69.6 31 9.2 24 885.6 0.0 2.36 3.0 30.0 9 NW Max >= 90.0: 0 Max <= 32.0: 3 Min <= 32.0: 23 Min <= 0.0: 0 Max Rain: 0.86 ON 01/22/16 Days of Rain: 9 (>.01 in) 5 (>.1 in) 0 (>1 in) Heat Base: 65.0 Cool Base: 65.0 Method: (High + Low) / 2