Warning: file(http://www.wunderground.com/climate/extremes.asp): failed to open stream: HTTP request failed! HTTP/1.0 500 Internal Server Error in /homepages/6/d330860172/htdocs/usaextremes.php on line 55

Warning: implode(): Invalid arguments passed in /homepages/6/d330860172/htdocs/usaextremes.php on line 55

NOAA Style Climate Reports for Lebanon, TN

NOAA style reports

NOAA-style Climate Reports

2018: Jan | Feb | Mar | Apr | May | Jun | Jul | Aug | Sep | Oct | Nov | Dec 
2017: Jan | Feb | Mar | Apr | May | Jun | Jul | Aug | Sep | Oct | Nov | Dec 
2016: Jan | Feb | Mar | Apr | May | Jun | Jul | Aug | Sep | Oct | Nov | Dec 
2015: Jan | Feb | Mar | Apr | May | Jun | Jul | Aug | Sep | Oct | Nov | Dec 
2014: Jan | Feb | Mar | Apr | May | Jun | Jul | Aug | Sep | Oct | Nov | Dec 
2013: Jan | Feb | Mar | Apr | May | Jun | Jul | Aug | Sep | Oct | Nov | Dec 
2012: Jan | Feb | Mar | Apr | May | Jun | Jul | Aug | Sep | Oct | Nov | Dec 
2011: Jan | Feb | Mar | Apr | May | Jun | Jul | Aug | Sep | Oct | Nov | Dec 
2010: Jan | Feb | Mar | Apr | May | Jun | Jul | Aug | Sep | Oct | Nov | Dec 
2009: Jan | Feb | Mar | Apr | May | Jun | Jul | Aug | Sep | Oct | Nov | Dec 
2008: Jan | Feb | Mar | Apr | May | Jun | Jul | Aug | Sep | Oct | Nov | Dec 
2007: Jan | Feb | Mar | Apr | May | Jun | Jul | Aug | Sep | Oct | Nov | Dec 
2006: Jan | Feb | Mar | Apr | May | Jun | Jul | Aug | Sep | Oct | Nov | Dec 
2005: Jan | Feb | Mar | Apr | May | Jun | Jul | Aug | Sep | Oct | Nov | Dec 
2004: Jan | Feb | Mar | Apr | May | Jun | Jul | Aug | Sep | Oct | Nov | Dec 
2003: Jan | Feb | Mar | Apr | May | Jun | Jul | Aug | Sep | Oct | Nov | Dec 
2002: Jan | Feb | Mar | Apr | May | Jun | Jul | Aug | Sep | Oct | Nov | Dec 
2001: Jan | Feb | Mar | Apr | May | Jun | Jul | Aug | Sep | Oct | Nov | Dec 
2000: Jan | Feb | Mar | Apr | May | Jun | Jul | Aug | Sep | Oct | Nov | Dec 
1999: Jan | Feb | Mar | Apr | May | Jun | Jul | Aug | Sep | Oct | Nov | Dec 
1998: Jan | Feb | Mar | Apr | May | Jun | Jul | Aug | Sep | Oct | Nov | Dec 
1997: Jan | Feb | Mar | Apr | May | Jun | Jul | Aug | Sep | Oct | Nov | Dec 
1996: Jan | Feb | Mar | Apr | May | Jun | Jul | Aug | Sep | Oct | Nov | Dec 
1995: Jan | Feb | Mar | Apr | May | Jun | Jul | Aug | Sep | Oct | Nov | Dec 

Report for 2016 03
MONTHLY CLIMATOLOGICAL SUMMARY for FEB. 2016 NAME: HornSpri CITY: Lebanon STATE: TN ELEV: 612 ft LAT: 36 14' 05" N LONG: 86 22' 55" W TEMPERATURE (F), RAIN (in), WIND SPEED (mph) HEAT COOL AVG MEAN DEG DEG WIND DOM DAY TEMP HIGH TIME LOW TIME DAYS DAYS RAIN SPEED HIGH TIME DIR ------------------------------------------------------------------------------------ 1 53.6 62.4 0:12 44.8 23:51 11.4 0.0 0.16 2.2 17.0 4:10 NNW 2 58.3 71.9 14:20 44.7 0:03 6.7 0.0 0.88 5.7 30.0 23:49 SSE 3 50.5 60.5 0:01 40.4 22:02 14.5 0.0 0.13 5.8 22.0 0:05 SSW 4 34.0 42.1 14:43 25.9 23:59 31.0 0.0 0.00 4.0 17.0 13:04 NW 5 35.1 48.0 15:14 22.2 5:18 29.9 0.0 0.00 0.5 10.0 14:07 E 6 38.8 51.8 12:34 25.9 5:21 26.2 0.0 0.00 0.6 12.0 12:31 NW 7 41.0 56.2 15:31 25.7 7:07 24.0 0.0 0.00 2.4 19.0 14:21 SSW 8 36.7 46.8 1:42 26.5 00:00 28.3 0.0 0.01 6.1 25.0 15:19 W 9 24.2 27.1 9:52 21.2 23:44 40.8 0.0 0.04 5.0 22.0 14:27 W 10 24.0 29.2 16:05 18.7 7:12 41.0 0.0 0.00 4.5 17.0 6:09 W 11 34.4 44.1 14:19 24.8 0:14 30.6 0.0 0.02 2.3 14.0 13:02 NE 12 35.0 41.1 12:59 29.0 23:43 30.0 0.0 0.00 3.7 19.0 18:17 NW 13 26.4 33.0 15:25 19.7 7:00 38.7 0.0 0.00 4.1 17.0 0:52 NW 14 31.4 37.4 17:37 25.4 0:01 33.6 0.0 0.02 3.4 19.0 13:20 E 15 37.3 42.7 12:06 32.0 0:01 27.7 0.0 1.66 2.0 13.0 21:18 ENE 16 40.1 44.5 10:43 35.7 22:28 24.9 0.0 0.50 1.9 15.0 20:27 SSW 17 35.0 39.8 15:21 30.2 23:58 30.0 0.0 0.00 1.2 10.0 1:04 NW 18 44.0 61.5 16:02 26.4 6:45 21.0 0.0 0.00 2.3 13.0 21:56 SSE 19 60.3 70.2 14:09 50.3 6:17 4.8 0.0 0.00 6.7 28.0 12:05 S 20 64.2 68.6 14:45 59.8 4:23 0.8 0.0 0.00 4.2 17.0 9:29 SSW 21 60.8 65.6 11:29 55.9 23:57 4.3 0.0 0.11 3.9 18.0 10:27 S 22 50.8 55.9 0:01 45.7 23:47 14.2 0.0 0.09 3.0 12.0 15:01 NNW 23 51.7 59.4 13:46 44.0 3:53 13.3 0.0 0.96 3.0 16.0 23:27 ENE 24 47.0 57.8 2:05 36.3 17:41 18.0 0.0 0.52 9.0 33.0 9:35 SW 25 38.7 42.5 14:02 34.8 10:36 26.3 0.0 0.06 5.9 26.0 15:01 W 26 41.6 49.4 15:55 33.7 6:50 23.4 0.0 0.00 2.2 14.0 10:57 W 27 44.3 60.3 15:58 28.4 6:22 20.7 0.0 0.00 2.7 18.0 13:46 S 28 56.5 68.1 15:20 45.0 6:11 8.5 0.0 0.00 6.5 30.0 12:51 SSW 29 55.4 65.7 16:30 45.1 23:45 9.6 0.0 0.00 3.0 22.0 2:52 NW ------------------------------------------------------------------------------------- 43.1 71.9 2 18.7 10 634.1 0.0 5.16 3.7 33.0 24 SSW Max >= 90.0: 0 Max <= 32.0: 2 Min <= 32.0: 15 Min <= 0.0: 0 Max Rain: 1.66 ON 02/15/16 Days of Rain: 13 (>.01 in) 8 (>.1 in) 1 (>1 in) Heat Base: 65.0 Cool Base: 65.0 Method: (High + Low) / 2