Warning: file(http://www.wunderground.com/climate/extremes.asp): failed to open stream: HTTP request failed! HTTP/1.0 500 Internal Server Error in /homepages/6/d330860172/htdocs/usaextremes.php on line 55

Warning: implode(): Invalid arguments passed in /homepages/6/d330860172/htdocs/usaextremes.php on line 55

NOAA Style Climate Reports for Lebanon, TN

NOAA style reports

NOAA-style Climate Reports

2018: Jan | Feb | Mar | Apr | May | Jun | Jul | Aug | Sep | Oct | Nov | Dec 
2017: Jan | Feb | Mar | Apr | May | Jun | Jul | Aug | Sep | Oct | Nov | Dec 
2016: Jan | Feb | Mar | Apr | May | Jun | Jul | Aug | Sep | Oct | Nov | Dec 
2015: Jan | Feb | Mar | Apr | May | Jun | Jul | Aug | Sep | Oct | Nov | Dec 
2014: Jan | Feb | Mar | Apr | May | Jun | Jul | Aug | Sep | Oct | Nov | Dec 
2013: Jan | Feb | Mar | Apr | May | Jun | Jul | Aug | Sep | Oct | Nov | Dec 
2012: Jan | Feb | Mar | Apr | May | Jun | Jul | Aug | Sep | Oct | Nov | Dec 
2011: Jan | Feb | Mar | Apr | May | Jun | Jul | Aug | Sep | Oct | Nov | Dec 
2010: Jan | Feb | Mar | Apr | May | Jun | Jul | Aug | Sep | Oct | Nov | Dec 
2009: Jan | Feb | Mar | Apr | May | Jun | Jul | Aug | Sep | Oct | Nov | Dec 
2008: Jan | Feb | Mar | Apr | May | Jun | Jul | Aug | Sep | Oct | Nov | Dec 
2007: Jan | Feb | Mar | Apr | May | Jun | Jul | Aug | Sep | Oct | Nov | Dec 
2006: Jan | Feb | Mar | Apr | May | Jun | Jul | Aug | Sep | Oct | Nov | Dec 
2005: Jan | Feb | Mar | Apr | May | Jun | Jul | Aug | Sep | Oct | Nov | Dec 
2004: Jan | Feb | Mar | Apr | May | Jun | Jul | Aug | Sep | Oct | Nov | Dec 
2003: Jan | Feb | Mar | Apr | May | Jun | Jul | Aug | Sep | Oct | Nov | Dec 
2002: Jan | Feb | Mar | Apr | May | Jun | Jul | Aug | Sep | Oct | Nov | Dec 
2001: Jan | Feb | Mar | Apr | May | Jun | Jul | Aug | Sep | Oct | Nov | Dec 
2000: Jan | Feb | Mar | Apr | May | Jun | Jul | Aug | Sep | Oct | Nov | Dec 
1999: Jan | Feb | Mar | Apr | May | Jun | Jul | Aug | Sep | Oct | Nov | Dec 
1998: Jan | Feb | Mar | Apr | May | Jun | Jul | Aug | Sep | Oct | Nov | Dec 
1997: Jan | Feb | Mar | Apr | May | Jun | Jul | Aug | Sep | Oct | Nov | Dec 
1996: Jan | Feb | Mar | Apr | May | Jun | Jul | Aug | Sep | Oct | Nov | Dec 
1995: Jan | Feb | Mar | Apr | May | Jun | Jul | Aug | Sep | Oct | Nov | Dec 

Report for 2016 04
MONTHLY CLIMATOLOGICAL SUMMARY for MAR. 2016 NAME: HornSpri CITY: Lebanon STATE: TN ELEV: 612 ft LAT: 36 14' 05" N LONG: 86 22' 55" W TEMPERATURE (F), RAIN (in), WIND SPEED (mph) HEAT COOL AVG MEAN DEG DEG WIND DOM DAY TEMP HIGH TIME LOW TIME DAYS DAYS RAIN SPEED HIGH TIME DIR ------------------------------------------------------------------------------------ 1 50.0 65.5 11:14 34.4 23:58 15.0 0.0 0.50 5.5 31.0 15:22 S 2 39.2 46.6 15:51 31.7 6:31 25.8 0.0 0.00 3.3 16.0 0:06 NW 3 38.4 40.6 19:35 36.3 8:47 26.6 0.0 0.16 1.4 10.0 11:32 ENE 4 39.8 47.3 15:00 32.3 23:52 25.2 0.0 0.00 1.3 10.0 11:40 NW 5 46.2 63.0 15:48 29.4 6:02 18.8 0.0 0.00 3.4 20.0 16:47 NNW 6 47.8 64.8 15:25 30.8 6:35 17.2 0.0 0.00 1.2 11.0 8:34 SSE 7 60.7 69.7 16:26 51.7 5:21 4.3 0.0 0.00 4.2 18.0 8:17 SSE 8 65.8 75.1 14:56 56.4 6:29 0.0 0.8 0.00 3.3 19.0 11:53 SSE 9 69.6 77.2 13:59 62.0 7:03 0.0 4.6 0.00 4.4 22.0 9:53 SSE 10 68.8 75.8 14:04 61.7 23:21 0.0 3.8 0.80 2.8 27.0 13:31 SSE 11 59.1 61.7 0:01 56.5 5:32 5.9 0.0 0.07 1.6 10.0 5:45 NW 12 67.8 78.3 12:00 57.3 6:16 0.0 2.8 0.36 1.4 15.0 13:28 SSW 13 65.2 70.0 17:47 60.3 7:34 0.0 0.2 0.99 2.0 12.0 13:31 S 14 61.5 69.7 14:52 53.3 23:56 3.5 0.0 0.08 3.6 24.0 15:05 S 15 67.3 85.5 16:06 49.1 5:35 0.0 2.3 0.00 3.6 18.0 14:00 S 16 62.8 74.5 0:01 51.2 23:59 2.2 0.0 0.00 4.5 21.0 2:54 WSW 17 55.0 68.6 15:21 41.4 7:07 10.0 0.0 0.00 1.0 14.0 14:23 W 18 55.5 72.5 15:21 38.5 7:06 9.5 0.0 0.00 2.4 17.0 23:29 NE 19 51.5 59.0 0:01 43.9 23:55 13.5 0.0 0.00 5.6 19.0 8:32 NW 20 40.8 45.3 11:59 36.4 23:38 24.2 0.0 0.01 4.7 23.0 17:19 W 21 44.0 57.2 17:00 30.7 6:37 21.0 0.0 0.00 2.6 17.0 10:55 WSW 22 54.4 68.1 16:25 40.7 4:17 10.6 0.0 0.00 5.2 22.0 14:32 S 23 63.6 71.8 16:24 55.3 6:41 1.4 0.0 0.00 5.7 21.0 12:07 S 24 59.5 65.3 10:20 53.6 00:00 5.5 0.0 0.76 6.0 20.0 9:36 SSE 25 46.1 53.6 0:01 38.6 23:59 18.9 0.0 0.00 3.3 16.0 0:16 NW 26 55.5 75.3 16:12 35.6 7:04 9.5 0.0 0.00 1.1 10.0 14:18 NE 27 61.3 69.9 12:35 52.7 23:54 3.7 0.0 0.06 3.2 30.0 22:47 SSE 28 52.2 62.0 17:00 42.4 00:00 12.8 0.0 0.00 3.3 17.0 4:10 NW 29 51.9 65.3 16:11 38.5 4:07 13.1 0.0 0.00 2.3 17.0 10:26 NE 30 59.3 75.4 15:54 43.2 6:13 5.7 0.0 0.00 4.0 23.0 23:46 SSE 31 66.3 74.5 14:55 58.0 7:46 0.0 1.3 0.67 4.9 22.0 8:11 S ------------------------------------------------------------------------------------- 55.7 85.5 15 29.4 5 304.1 15.6 4.46 3.3 31.0 1 SSE Max >= 90.0: 0 Max <= 32.0: 0 Min <= 32.0: 4 Min <= 0.0: 0 Max Rain: 0.99 ON 03/13/16 Days of Rain: 10 (>.01 in) 7 (>.1 in) 0 (>1 in) Heat Base: 65.0 Cool Base: 65.0 Method: (High + Low) / 2