Warning: file(http://www.wunderground.com/climate/extremes.asp): failed to open stream: HTTP request failed! HTTP/1.0 500 Internal Server Error in /homepages/6/d330860172/htdocs/usaextremes.php on line 55

Warning: implode(): Invalid arguments passed in /homepages/6/d330860172/htdocs/usaextremes.php on line 55

NOAA Style Climate Reports for Lebanon, TN

NOAA style reports

NOAA-style Climate Reports

2018: Jan | Feb | Mar | Apr | May | Jun | Jul | Aug | Sep | Oct | Nov | Dec 
2017: Jan | Feb | Mar | Apr | May | Jun | Jul | Aug | Sep | Oct | Nov | Dec 
2016: Jan | Feb | Mar | Apr | May | Jun | Jul | Aug | Sep | Oct | Nov | Dec 
2015: Jan | Feb | Mar | Apr | May | Jun | Jul | Aug | Sep | Oct | Nov | Dec 
2014: Jan | Feb | Mar | Apr | May | Jun | Jul | Aug | Sep | Oct | Nov | Dec 
2013: Jan | Feb | Mar | Apr | May | Jun | Jul | Aug | Sep | Oct | Nov | Dec 
2012: Jan | Feb | Mar | Apr | May | Jun | Jul | Aug | Sep | Oct | Nov | Dec 
2011: Jan | Feb | Mar | Apr | May | Jun | Jul | Aug | Sep | Oct | Nov | Dec 
2010: Jan | Feb | Mar | Apr | May | Jun | Jul | Aug | Sep | Oct | Nov | Dec 
2009: Jan | Feb | Mar | Apr | May | Jun | Jul | Aug | Sep | Oct | Nov | Dec 
2008: Jan | Feb | Mar | Apr | May | Jun | Jul | Aug | Sep | Oct | Nov | Dec 
2007: Jan | Feb | Mar | Apr | May | Jun | Jul | Aug | Sep | Oct | Nov | Dec 
2006: Jan | Feb | Mar | Apr | May | Jun | Jul | Aug | Sep | Oct | Nov | Dec 
2005: Jan | Feb | Mar | Apr | May | Jun | Jul | Aug | Sep | Oct | Nov | Dec 
2004: Jan | Feb | Mar | Apr | May | Jun | Jul | Aug | Sep | Oct | Nov | Dec 
2003: Jan | Feb | Mar | Apr | May | Jun | Jul | Aug | Sep | Oct | Nov | Dec 
2002: Jan | Feb | Mar | Apr | May | Jun | Jul | Aug | Sep | Oct | Nov | Dec 
2001: Jan | Feb | Mar | Apr | May | Jun | Jul | Aug | Sep | Oct | Nov | Dec 
2000: Jan | Feb | Mar | Apr | May | Jun | Jul | Aug | Sep | Oct | Nov | Dec 
1999: Jan | Feb | Mar | Apr | May | Jun | Jul | Aug | Sep | Oct | Nov | Dec 
1998: Jan | Feb | Mar | Apr | May | Jun | Jul | Aug | Sep | Oct | Nov | Dec 
1997: Jan | Feb | Mar | Apr | May | Jun | Jul | Aug | Sep | Oct | Nov | Dec 
1996: Jan | Feb | Mar | Apr | May | Jun | Jul | Aug | Sep | Oct | Nov | Dec 
1995: Jan | Feb | Mar | Apr | May | Jun | Jul | Aug | Sep | Oct | Nov | Dec 

Report for 2016 05
MONTHLY CLIMATOLOGICAL SUMMARY for MAY. 2016 NAME: HornSpri CITY: Lebanon STATE: TN ELEV: 612 ft LAT: 36 14' 05" N LONG: 86 22' 55" W TEMPERATURE (F), RAIN (in), WIND SPEED (mph) HEAT COOL AVG MEAN DEG DEG WIND DOM DAY TEMP HIGH TIME LOW TIME DAYS DAYS RAIN SPEED HIGH TIME DIR ------------------------------------------------------------------------------------ 1 73.4 82.6 16:02 64.2 5:41 0.0 8.4 0.04 1.2 14.0 13:47 SW 2 62.7 68.0 0:01 57.3 12:23 2.3 0.0 0.31 1.0 16.0 11:48 NW 3 59.4 65.7 14:02 53.2 23:59 5.6 0.0 0.00 1.7 13.0 14:50 NW 4 57.8 69.0 12:08 46.6 5:08 7.2 0.0 0.16 2.4 21.0 13:45 SW 5 51.2 58.8 17:02 43.5 5:14 13.8 0.0 0.00 3.3 22.0 11:03 NW 6 58.6 72.8 15:14 44.3 5:25 6.4 0.0 0.00 1.9 18.0 13:54 NW 7 67.8 85.2 16:30 50.5 0:56 0.0 2.8 0.00 4.1 22.0 14:54 SW 8 74.9 86.6 15:45 63.3 6:08 0.0 9.9 0.00 3.0 20.0 11:37 SW 9 70.3 75.7 12:53 65.0 6:32 0.0 5.3 0.00 0.8 10.0 12:42 SSE 10 73.7 82.0 17:37 65.3 7:44 0.0 8.7 0.23 1.9 21.0 23:53 SSE 11 76.2 88.5 16:38 63.9 1:05 0.0 11.2 0.84 1.1 22.0 0:18 SW 12 73.1 82.3 13:22 63.8 23:59 0.0 8.1 0.26 1.7 25.0 14:09 SW 13 65.9 76.6 15:08 55.3 23:52 0.0 0.9 0.00 1.6 13.0 10:56 NW 14 53.9 61.7 8:01 46.1 23:59 11.1 0.0 0.00 3.1 22.0 8:02 NW 15 53.7 68.4 16:06 39.0 5:35 11.3 0.0 0.00 1.3 16.0 15:37 NW 16 58.3 70.4 15:46 46.3 5:41 6.7 0.0 0.16 1.4 11.0 13:55 ENE 17 64.3 75.6 16:31 53.0 6:01 0.7 0.0 0.13 1.6 10.0 23:35 NE 18 55.8 60.0 0:01 51.7 00:00 9.2 0.0 0.01 2.1 14.0 5:21 NNW 19 63.0 76.2 15:27 49.9 1:45 2.0 0.0 0.00 2.2 15.0 9:08 NE 20 62.2 65.8 18:12 58.5 6:56 2.8 0.0 0.95 1.0 18.0 12:16 ENE 21 63.1 70.9 12:16 55.2 23:57 1.9 0.0 0.00 2.2 19.0 14:02 W 22 65.3 80.1 16:22 50.5 5:39 0.0 0.3 0.00 1.0 14.0 13:52 NW 23 68.9 84.3 16:15 53.6 3:06 0.0 3.9 0.00 1.0 11.0 11:43 NE 24 69.6 87.2 15:40 51.9 5:39 0.0 4.6 0.00 0.4 9.0 12:43 SW 25 75.2 85.4 14:56 64.9 22:37 0.0 10.2 0.32 1.0 22.0 17:03 SSE 26 75.7 88.4 14:20 63.0 4:29 0.0 10.7 0.03 1.1 18.0 16:11 SW 27 76.0 88.1 16:20 63.9 4:43 0.0 11.0 0.01 0.9 14.0 22:18 SSE 28 74.7 80.3 11:33 69.1 23:56 0.0 9.7 0.00 0.3 7.0 0:37 SSE 29 76.9 90.1 17:02 63.8 5:09 0.0 11.9 0.00 0.5 9.0 14:43 WSW 30 77.9 90.4 14:45 65.5 6:09 0.0 12.9 0.00 1.0 14.0 15:19 NNW 31 76.8 90.6 16:06 63.0 4:44 0.0 11.8 0.00 0.5 9.0 15:38 NE ------------------------------------------------------------------------------------- 67.0 90.6 31 39.0 15 81.0 142.4 3.45 1.6 25.0 12 SW Max >= 90.0: 3 Max <= 32.0: 0 Min <= 32.0: 0 Min <= 0.0: 0 Max Rain: 0.95 ON 05/20/16 Days of Rain: 11 (>.01 in) 9 (>.1 in) 0 (>1 in) Heat Base: 65.0 Cool Base: 65.0 Method: (High + Low) / 2