Warning: file(http://www.wunderground.com/climate/extremes.asp): failed to open stream: HTTP request failed! HTTP/1.0 500 Internal Server Error in /homepages/6/d330860172/htdocs/usaextremes.php on line 55

Warning: implode(): Invalid arguments passed in /homepages/6/d330860172/htdocs/usaextremes.php on line 55

NOAA Style Climate Reports for Lebanon, TN

NOAA style reports

NOAA-style Climate Reports

2018: Jan | Feb | Mar | Apr | May | Jun | Jul | Aug | Sep | Oct | Nov | Dec 
2017: Jan | Feb | Mar | Apr | May | Jun | Jul | Aug | Sep | Oct | Nov | Dec 
2016: Jan | Feb | Mar | Apr | May | Jun | Jul | Aug | Sep | Oct | Nov | Dec 
2015: Jan | Feb | Mar | Apr | May | Jun | Jul | Aug | Sep | Oct | Nov | Dec 
2014: Jan | Feb | Mar | Apr | May | Jun | Jul | Aug | Sep | Oct | Nov | Dec 
2013: Jan | Feb | Mar | Apr | May | Jun | Jul | Aug | Sep | Oct | Nov | Dec 
2012: Jan | Feb | Mar | Apr | May | Jun | Jul | Aug | Sep | Oct | Nov | Dec 
2011: Jan | Feb | Mar | Apr | May | Jun | Jul | Aug | Sep | Oct | Nov | Dec 
2010: Jan | Feb | Mar | Apr | May | Jun | Jul | Aug | Sep | Oct | Nov | Dec 
2009: Jan | Feb | Mar | Apr | May | Jun | Jul | Aug | Sep | Oct | Nov | Dec 
2008: Jan | Feb | Mar | Apr | May | Jun | Jul | Aug | Sep | Oct | Nov | Dec 
2007: Jan | Feb | Mar | Apr | May | Jun | Jul | Aug | Sep | Oct | Nov | Dec 
2006: Jan | Feb | Mar | Apr | May | Jun | Jul | Aug | Sep | Oct | Nov | Dec 
2005: Jan | Feb | Mar | Apr | May | Jun | Jul | Aug | Sep | Oct | Nov | Dec 
2004: Jan | Feb | Mar | Apr | May | Jun | Jul | Aug | Sep | Oct | Nov | Dec 
2003: Jan | Feb | Mar | Apr | May | Jun | Jul | Aug | Sep | Oct | Nov | Dec 
2002: Jan | Feb | Mar | Apr | May | Jun | Jul | Aug | Sep | Oct | Nov | Dec 
2001: Jan | Feb | Mar | Apr | May | Jun | Jul | Aug | Sep | Oct | Nov | Dec 
2000: Jan | Feb | Mar | Apr | May | Jun | Jul | Aug | Sep | Oct | Nov | Dec 
1999: Jan | Feb | Mar | Apr | May | Jun | Jul | Aug | Sep | Oct | Nov | Dec 
1998: Jan | Feb | Mar | Apr | May | Jun | Jul | Aug | Sep | Oct | Nov | Dec 
1997: Jan | Feb | Mar | Apr | May | Jun | Jul | Aug | Sep | Oct | Nov | Dec 
1996: Jan | Feb | Mar | Apr | May | Jun | Jul | Aug | Sep | Oct | Nov | Dec 
1995: Jan | Feb | Mar | Apr | May | Jun | Jul | Aug | Sep | Oct | Nov | Dec 

Report for 2016 07
MONTHLY CLIMATOLOGICAL SUMMARY for JUL. 2016 NAME: HornSpri CITY: Lebanon STATE: TN ELEV: 612 ft LAT: 36 14' 05" N LONG: 86 22' 55" W TEMPERATURE (F), RAIN (in), WIND SPEED (mph) HEAT COOL AVG MEAN DEG DEG WIND DOM DAY TEMP HIGH TIME LOW TIME DAYS DAYS RAIN SPEED HIGH TIME DIR ------------------------------------------------------------------------------------ 1 76.8 90.0 16:14 63.7 4:53 0.0 11.8 0.00 1.2 13.0 13:21 NW 2 78.2 88.2 15:59 68.2 5:55 0.0 13.2 0.00 1.3 13.0 18:38 NW 3 80.5 91.8 13:42 69.2 3:04 0.0 15.5 0.00 0.5 10.0 16:59 SW 4 82.8 90.8 12:36 74.7 5:04 0.0 17.8 0.50 1.9 24.0 13:49 SW 5 79.9 86.6 13:35 73.2 14:40 0.0 14.9 0.72 0.8 30.0 14:13 SW 6 80.8 91.1 13:24 70.6 18:06 0.0 15.8 0.28 1.4 38.0 16:35 SW 7 80.4 91.9 14:33 68.9 3:55 0.0 15.4 1.70 3.0 33.0 15:35 SW 8 81.5 93.1 16:38 69.9 23:29 0.0 16.5 0.25 2.8 44.0 21:17 SW 9 79.9 90.8 16:27 69.1 5:52 0.0 14.9 0.02 0.9 9.0 13:24 WSW 10 79.6 89.6 16:00 69.5 6:08 0.0 14.6 0.00 0.7 9.0 16:23 ENE 11 79.8 87.4 15:56 72.2 4:40 0.0 14.8 0.00 0.5 10.0 11:36 SW 12 82.4 93.1 16:23 71.7 7:47 0.0 17.4 0.04 1.9 17.0 14:02 SW 13 76.9 79.2 0:01 74.7 3:21 0.0 11.9 0.00 0.1 4.0 0:06 SW 14 15 16 17 18 19 20 21 86.9 95.4 15:40 78.4 23:58 0.0 21.9 0.00 0.9 8.0 13:25 NW 22 82.6 92.2 16:35 73.1 6:25 0.0 17.6 0.00 0.3 7.0 18:48 NNE 23 86.0 97.1 13:53 74.9 6:10 0.0 21.0 0.42 0.4 11.0 14:31 NE 24 83.6 95.2 14:51 72.0 6:17 0.0 18.6 0.00 0.6 13.0 16:02 SW 25 85.2 95.0 15:02 75.4 5:02 0.0 20.2 0.00 0.8 24.0 13:03 SW 26 84.8 95.8 15:30 73.8 6:10 0.0 19.8 0.00 0.5 10.0 15:41 WSW 27 83.4 91.9 13:29 74.9 6:26 0.0 18.4 0.18 0.8 16.0 14:09 ESE 28 78.9 83.2 18:25 74.7 11:01 0.0 13.9 1.11 0.5 9.0 13:06 SW 29 78.2 84.8 16:18 71.6 5:21 0.0 13.2 2.29 0.9 15.0 3:25 SW 30 80.1 88.6 16:37 71.6 3:24 0.0 15.1 0.07 0.5 13.0 19:33 SW 31 82.1 91.5 16:03 72.7 6:09 0.0 17.1 0.00 0.3 7.0 13:19 SW ------------------------------------------------------------------------------------- 81.3 97.1 23 63.7 1 0.0 391.5 7.58 1.0 44.0 8 SW Max >= 90.0: 16 Max <= 32.0: 0 Min <= 32.0: 0 Min <= 0.0: 0 Max Rain: 2.29 ON 07/29/16 Days of Rain: 12 (>.01 in) 9 (>.1 in) 3 (>1 in) Heat Base: 65.0 Cool Base: 65.0 Method: (High + Low) / 2