Warning: file(http://www.wunderground.com/climate/extremes.asp): failed to open stream: HTTP request failed! HTTP/1.0 500 Internal Server Error in /homepages/6/d330860172/htdocs/usaextremes.php on line 55

Warning: implode(): Invalid arguments passed in /homepages/6/d330860172/htdocs/usaextremes.php on line 55

NOAA Style Climate Reports for Lebanon, TN

NOAA style reports

NOAA-style Climate Reports

2018: Jan | Feb | Mar | Apr | May | Jun | Jul | Aug | Sep | Oct | Nov | Dec 
2017: Jan | Feb | Mar | Apr | May | Jun | Jul | Aug | Sep | Oct | Nov | Dec 
2016: Jan | Feb | Mar | Apr | May | Jun | Jul | Aug | Sep | Oct | Nov | Dec 
2015: Jan | Feb | Mar | Apr | May | Jun | Jul | Aug | Sep | Oct | Nov | Dec 
2014: Jan | Feb | Mar | Apr | May | Jun | Jul | Aug | Sep | Oct | Nov | Dec 
2013: Jan | Feb | Mar | Apr | May | Jun | Jul | Aug | Sep | Oct | Nov | Dec 
2012: Jan | Feb | Mar | Apr | May | Jun | Jul | Aug | Sep | Oct | Nov | Dec 
2011: Jan | Feb | Mar | Apr | May | Jun | Jul | Aug | Sep | Oct | Nov | Dec 
2010: Jan | Feb | Mar | Apr | May | Jun | Jul | Aug | Sep | Oct | Nov | Dec 
2009: Jan | Feb | Mar | Apr | May | Jun | Jul | Aug | Sep | Oct | Nov | Dec 
2008: Jan | Feb | Mar | Apr | May | Jun | Jul | Aug | Sep | Oct | Nov | Dec 
2007: Jan | Feb | Mar | Apr | May | Jun | Jul | Aug | Sep | Oct | Nov | Dec 
2006: Jan | Feb | Mar | Apr | May | Jun | Jul | Aug | Sep | Oct | Nov | Dec 
2005: Jan | Feb | Mar | Apr | May | Jun | Jul | Aug | Sep | Oct | Nov | Dec 
2004: Jan | Feb | Mar | Apr | May | Jun | Jul | Aug | Sep | Oct | Nov | Dec 
2003: Jan | Feb | Mar | Apr | May | Jun | Jul | Aug | Sep | Oct | Nov | Dec 
2002: Jan | Feb | Mar | Apr | May | Jun | Jul | Aug | Sep | Oct | Nov | Dec 
2001: Jan | Feb | Mar | Apr | May | Jun | Jul | Aug | Sep | Oct | Nov | Dec 
2000: Jan | Feb | Mar | Apr | May | Jun | Jul | Aug | Sep | Oct | Nov | Dec 
1999: Jan | Feb | Mar | Apr | May | Jun | Jul | Aug | Sep | Oct | Nov | Dec 
1998: Jan | Feb | Mar | Apr | May | Jun | Jul | Aug | Sep | Oct | Nov | Dec 
1997: Jan | Feb | Mar | Apr | May | Jun | Jul | Aug | Sep | Oct | Nov | Dec 
1996: Jan | Feb | Mar | Apr | May | Jun | Jul | Aug | Sep | Oct | Nov | Dec 
1995: Jan | Feb | Mar | Apr | May | Jun | Jul | Aug | Sep | Oct | Nov | Dec 

Report for 2016 08
MONTHLY CLIMATOLOGICAL SUMMARY for AUG. 2016 NAME: HornSpri CITY: Lebanon STATE: TN ELEV: 612 ft LAT: 36 14' 05" N LONG: 86 22' 55" W TEMPERATURE (F), RAIN (in), WIND SPEED (mph) HEAT COOL AVG MEAN DEG DEG WIND DOM DAY TEMP HIGH TIME LOW TIME DAYS DAYS RAIN SPEED HIGH TIME DIR ------------------------------------------------------------------------------------ 1 83.1 93.3 15:12 72.9 5:12 0.0 18.1 0.27 0.8 23.0 19:10 SW 2 81.7 91.3 16:21 72.0 6:26 0.0 16.7 0.00 0.6 10.0 13:34 WSW 3 82.7 93.0 15:20 72.3 6:31 0.0 17.7 0.00 0.6 24.0 16:10 NNE 4 81.6 92.2 15:32 71.0 3:40 0.0 16.6 0.00 0.6 13.0 18:00 WSW 5 83.1 95.5 14:12 70.6 6:06 0.0 18.1 0.53 0.7 22.0 14:22 W 6 83.7 93.9 15:43 73.4 6:18 0.0 18.7 0.08 0.4 13.0 16:27 WSW 7 83.0 91.3 15:38 74.7 23:58 0.0 18.0 0.01 1.1 14.0 16:08 NNW 8 81.6 92.8 15:30 70.4 6:08 0.0 16.6 0.00 0.9 11.0 15:10 NE 9 83.6 92.6 15:22 74.7 6:15 0.0 18.6 0.00 0.6 12.0 18:01 ESE 10 83.3 91.5 17:02 75.0 5:20 0.0 18.3 0.00 0.8 11.0 12:27 ESE 11 83.2 90.9 15:48 75.4 4:19 0.0 18.2 0.00 0.7 13.0 12:00 ESE 12 83.2 91.8 15:10 74.6 6:27 0.0 18.2 0.00 0.7 11.0 10:00 SW 13 80.4 88.2 16:29 72.7 23:58 0.0 15.4 0.18 0.8 19.0 19:40 SSW 14 82.3 92.5 17:04 72.0 5:51 0.0 17.3 0.01 0.9 12.0 9:18 SW 15 82.3 92.5 16:09 72.1 6:19 0.0 17.3 0.00 1.1 16.0 13:50 SW 16 81.9 89.5 15:39 74.4 23:55 0.0 16.9 0.00 1.3 14.0 13:36 SW 17 79.6 87.1 14:28 72.1 5:17 0.0 14.6 0.00 1.3 14.0 13:49 SW 18 19 20 21 22 23 24 78.3 79.3 21:27 77.2 23:01 0.0 13.3 0.00 0.0 1.0 23:08 SW 25 84.3 93.3 13:28 75.3 6:41 0.0 19.3 0.00 0.4 9.0 9:24 SW 26 84.1 95.5 15:05 72.7 5:56 0.0 19.1 0.01 1.1 13.0 23:07 NE 27 83.9 95.5 13:57 72.4 16:06 0.0 18.9 0.82 0.6 27.0 15:22 SW 28 82.8 95.6 16:07 70.1 5:53 0.0 17.8 0.09 0.8 13.0 17:05 E 29 81.8 93.6 16:09 70.1 6:12 0.0 16.8 0.01 0.9 10.0 14:08 NE 30 83.3 94.9 14:59 71.7 6:41 0.0 18.3 0.00 0.5 7.0 10:46 ENE 31 83.3 95.0 15:57 71.6 6:08 0.0 18.3 0.00 0.6 13.0 17:52 NW ------------------------------------------------------------------------------------- 82.5 95.6 28 70.1 28 0.0 437.0 2.01 0.8 27.0 27 SW Max >= 90.0: 21 Max <= 32.0: 0 Min <= 32.0: 0 Min <= 0.0: 0 Max Rain: 0.82 ON 08/27/16 Days of Rain: 6 (>.01 in) 4 (>.1 in) 0 (>1 in) Heat Base: 65.0 Cool Base: 65.0 Method: (High + Low) / 2