Warning: file(http://www.wunderground.com/climate/extremes.asp): failed to open stream: HTTP request failed! HTTP/1.0 500 Internal Server Error in /homepages/6/d330860172/htdocs/usaextremes.php on line 55

Warning: implode(): Invalid arguments passed in /homepages/6/d330860172/htdocs/usaextremes.php on line 55

NOAA Style Climate Reports for Lebanon, TN

NOAA style reports

NOAA-style Climate Reports

2018: Jan | Feb | Mar | Apr | May | Jun | Jul | Aug | Sep | Oct | Nov | Dec 
2017: Jan | Feb | Mar | Apr | May | Jun | Jul | Aug | Sep | Oct | Nov | Dec 
2016: Jan | Feb | Mar | Apr | May | Jun | Jul | Aug | Sep | Oct | Nov | Dec 
2015: Jan | Feb | Mar | Apr | May | Jun | Jul | Aug | Sep | Oct | Nov | Dec 
2014: Jan | Feb | Mar | Apr | May | Jun | Jul | Aug | Sep | Oct | Nov | Dec 
2013: Jan | Feb | Mar | Apr | May | Jun | Jul | Aug | Sep | Oct | Nov | Dec 
2012: Jan | Feb | Mar | Apr | May | Jun | Jul | Aug | Sep | Oct | Nov | Dec 
2011: Jan | Feb | Mar | Apr | May | Jun | Jul | Aug | Sep | Oct | Nov | Dec 
2010: Jan | Feb | Mar | Apr | May | Jun | Jul | Aug | Sep | Oct | Nov | Dec 
2009: Jan | Feb | Mar | Apr | May | Jun | Jul | Aug | Sep | Oct | Nov | Dec 
2008: Jan | Feb | Mar | Apr | May | Jun | Jul | Aug | Sep | Oct | Nov | Dec 
2007: Jan | Feb | Mar | Apr | May | Jun | Jul | Aug | Sep | Oct | Nov | Dec 
2006: Jan | Feb | Mar | Apr | May | Jun | Jul | Aug | Sep | Oct | Nov | Dec 
2005: Jan | Feb | Mar | Apr | May | Jun | Jul | Aug | Sep | Oct | Nov | Dec 
2004: Jan | Feb | Mar | Apr | May | Jun | Jul | Aug | Sep | Oct | Nov | Dec 
2003: Jan | Feb | Mar | Apr | May | Jun | Jul | Aug | Sep | Oct | Nov | Dec 
2002: Jan | Feb | Mar | Apr | May | Jun | Jul | Aug | Sep | Oct | Nov | Dec 
2001: Jan | Feb | Mar | Apr | May | Jun | Jul | Aug | Sep | Oct | Nov | Dec 
2000: Jan | Feb | Mar | Apr | May | Jun | Jul | Aug | Sep | Oct | Nov | Dec 
1999: Jan | Feb | Mar | Apr | May | Jun | Jul | Aug | Sep | Oct | Nov | Dec 
1998: Jan | Feb | Mar | Apr | May | Jun | Jul | Aug | Sep | Oct | Nov | Dec 
1997: Jan | Feb | Mar | Apr | May | Jun | Jul | Aug | Sep | Oct | Nov | Dec 
1996: Jan | Feb | Mar | Apr | May | Jun | Jul | Aug | Sep | Oct | Nov | Dec 
1995: Jan | Feb | Mar | Apr | May | Jun | Jul | Aug | Sep | Oct | Nov | Dec 

Report for 2016 09
MONTHLY CLIMATOLOGICAL SUMMARY for SEP. 2016 NAME: HornSpri CITY: Lebanon STATE: TN ELEV: 612 ft LAT: 36 14' 05" N LONG: 86 22' 55" W TEMPERATURE (F), RAIN (in), WIND SPEED (mph) HEAT COOL AVG MEAN DEG DEG WIND DOM DAY TEMP HIGH TIME LOW TIME DAYS DAYS RAIN SPEED HIGH TIME DIR ------------------------------------------------------------------------------------ 1 78.8 87.4 14:59 70.2 23:59 0.0 13.8 0.00 2.2 16.0 17:13 NNW 2 74.2 85.1 15:43 63.2 6:33 0.0 9.2 0.00 2.5 17.0 11:42 NNE 3 73.9 87.7 15:58 60.1 5:14 0.0 8.9 0.00 0.9 8.0 16:27 NE 4 79.2 93.1 16:05 65.3 4:46 0.0 14.2 0.00 0.6 11.0 12:07 ENE 5 80.4 94.6 15:14 66.2 6:32 0.0 15.4 0.00 0.4 11.0 10:50 E 6 79.7 94.0 14:18 65.4 6:46 0.0 14.7 0.00 0.2 9.0 12:39 WSW 7 80.3 93.9 15:17 66.6 6:51 0.0 15.3 0.00 0.6 10.0 13:04 WSW 8 80.4 93.7 15:33 67.2 6:38 0.0 15.4 0.00 1.6 17.0 11:37 SW 9 82.1 93.5 15:20 70.7 6:35 0.0 17.1 0.00 1.1 15.0 14:09 SW 10 80.6 92.8 14:37 68.3 23:52 0.0 15.6 0.65 1.7 23.0 16:58 SW 11 71.8 83.1 15:41 60.4 23:58 0.0 6.8 0.01 1.0 10.0 12:20 N 12 72.1 89.1 15:27 55.1 6:37 0.0 7.1 0.00 0.4 7.0 14:41 NNW 13 78.1 92.4 16:03 63.7 6:48 0.0 13.1 0.00 0.5 8.0 13:48 E 14 80.2 91.9 14:13 68.5 3:22 0.0 15.2 0.00 0.8 11.0 15:03 NE 15 81.5 94.9 16:24 68.1 5:55 0.0 16.5 0.00 0.8 9.0 15:11 ENE 16 79.2 92.2 14:54 66.2 6:55 0.0 14.2 0.05 0.9 16.0 12:29 SW 17 75.8 80.1 9:56 71.6 12:47 0.0 10.8 0.59 0.7 14.0 9:58 SSE 18 --- 85.9 15:18 72.3 2:03 0.0 14.1 0.38 0.7 9.0 8:33 SW 19 77.6 88.8 15:58 66.3 00:00 0.0 12.6 0.00 0.9 11.0 15:05 NNW 20 75.3 89.3 14:27 61.2 7:02 0.0 10.3 0.00 0.9 13.0 14:16 NE 21 76.3 90.1 16:01 62.4 7:15 0.0 11.3 0.00 1.1 10.0 14:14 ENE 22 78.4 92.6 16:02 64.2 6:32 0.0 13.4 0.00 0.7 10.0 10:12 ENE 23 78.6 91.6 15:27 65.5 7:09 0.0 13.6 0.00 0.5 10.0 11:59 NW 24 77.8 92.2 14:21 63.4 7:02 0.0 12.8 0.00 0.6 9.0 12:33 N 25 79.0 94.1 14:59 63.9 6:20 0.0 14.0 0.00 0.5 8.0 12:23 NNW 26 67.7 77.6 12:38 57.8 23:58 0.0 2.7 0.08 1.2 19.0 7:17 NW 27 64.7 79.1 16:07 50.2 7:04 0.3 0.0 0.01 0.7 8.0 10:54 WNW 28 66.9 84.1 15:07 49.8 5:19 0.0 1.9 0.07 2.2 22.0 15:42 SSW 29 55.0 63.2 15:11 46.8 6:32 10.0 0.0 0.01 0.9 13.0 15:57 W 30 57.3 64.9 13:25 49.8 1:33 7.7 0.0 0.06 0.4 10.0 13:45 SW ------------------------------------------------------------------------------------- 75.3 94.9 15 46.8 29 18.0 329.7 1.91 0.9 23.0 10 SW Max >= 90.0: 16 Max <= 32.0: 0 Min <= 32.0: 0 Min <= 0.0: 0 Max Rain: 0.65 ON 09/10/16 Days of Rain: 7 (>.01 in) 3 (>.1 in) 0 (>1 in) Heat Base: 65.0 Cool Base: 65.0 Method: (High + Low) / 2