Warning: file(http://www.wunderground.com/climate/extremes.asp): failed to open stream: HTTP request failed! HTTP/1.0 500 Internal Server Error in /homepages/6/d330860172/htdocs/usaextremes.php on line 55

Warning: implode(): Invalid arguments passed in /homepages/6/d330860172/htdocs/usaextremes.php on line 55

NOAA Style Climate Reports for Lebanon, TN

NOAA style reports

NOAA-style Climate Reports

2018: Jan | Feb | Mar | Apr | May | Jun | Jul | Aug | Sep | Oct | Nov | Dec 
2017: Jan | Feb | Mar | Apr | May | Jun | Jul | Aug | Sep | Oct | Nov | Dec 
2016: Jan | Feb | Mar | Apr | May | Jun | Jul | Aug | Sep | Oct | Nov | Dec 
2015: Jan | Feb | Mar | Apr | May | Jun | Jul | Aug | Sep | Oct | Nov | Dec 
2014: Jan | Feb | Mar | Apr | May | Jun | Jul | Aug | Sep | Oct | Nov | Dec 
2013: Jan | Feb | Mar | Apr | May | Jun | Jul | Aug | Sep | Oct | Nov | Dec 
2012: Jan | Feb | Mar | Apr | May | Jun | Jul | Aug | Sep | Oct | Nov | Dec 
2011: Jan | Feb | Mar | Apr | May | Jun | Jul | Aug | Sep | Oct | Nov | Dec 
2010: Jan | Feb | Mar | Apr | May | Jun | Jul | Aug | Sep | Oct | Nov | Dec 
2009: Jan | Feb | Mar | Apr | May | Jun | Jul | Aug | Sep | Oct | Nov | Dec 
2008: Jan | Feb | Mar | Apr | May | Jun | Jul | Aug | Sep | Oct | Nov | Dec 
2007: Jan | Feb | Mar | Apr | May | Jun | Jul | Aug | Sep | Oct | Nov | Dec 
2006: Jan | Feb | Mar | Apr | May | Jun | Jul | Aug | Sep | Oct | Nov | Dec 
2005: Jan | Feb | Mar | Apr | May | Jun | Jul | Aug | Sep | Oct | Nov | Dec 
2004: Jan | Feb | Mar | Apr | May | Jun | Jul | Aug | Sep | Oct | Nov | Dec 
2003: Jan | Feb | Mar | Apr | May | Jun | Jul | Aug | Sep | Oct | Nov | Dec 
2002: Jan | Feb | Mar | Apr | May | Jun | Jul | Aug | Sep | Oct | Nov | Dec 
2001: Jan | Feb | Mar | Apr | May | Jun | Jul | Aug | Sep | Oct | Nov | Dec 
2000: Jan | Feb | Mar | Apr | May | Jun | Jul | Aug | Sep | Oct | Nov | Dec 
1999: Jan | Feb | Mar | Apr | May | Jun | Jul | Aug | Sep | Oct | Nov | Dec 
1998: Jan | Feb | Mar | Apr | May | Jun | Jul | Aug | Sep | Oct | Nov | Dec 
1997: Jan | Feb | Mar | Apr | May | Jun | Jul | Aug | Sep | Oct | Nov | Dec 
1996: Jan | Feb | Mar | Apr | May | Jun | Jul | Aug | Sep | Oct | Nov | Dec 
1995: Jan | Feb | Mar | Apr | May | Jun | Jul | Aug | Sep | Oct | Nov | Dec 

Report for 2016 10
MONTHLY CLIMATOLOGICAL SUMMARY for OCT. 2016 NAME: HornSpri CITY: Lebanon STATE: TN ELEV: 612 ft LAT: 36 14' 05" N LONG: 86 22' 55" W TEMPERATURE (F), RAIN (in), WIND SPEED (mph) HEAT COOL AVG MEAN DEG DEG WIND DOM DAY TEMP HIGH TIME LOW TIME DAYS DAYS RAIN SPEED HIGH TIME DIR ------------------------------------------------------------------------------------ 1 64.1 73.1 15:54 55.0 6:46 0.9 0.0 0.00 1.5 16.0 12:45 SW 2 67.4 75.3 12:42 59.4 6:14 0.0 2.4 0.00 0.3 8.0 11:21 NW 3 69.5 79.6 14:42 59.4 4:33 0.0 4.5 0.00 0.6 12.0 13:05 NNE 4 70.8 85.9 14:07 55.7 6:35 0.0 5.8 0.00 1.1 14.0 13:14 ESE 5 74.2 88.6 15:16 59.8 7:23 0.0 9.2 0.00 0.9 9.0 0:07 E 6 73.1 88.3 15:00 57.8 7:03 0.0 8.1 0.00 0.8 11.0 15:17 ENE 7 71.8 87.5 15:11 56.1 7:30 0.0 6.8 0.00 1.5 16.0 21:15 NW 8 65.4 75.0 14:51 55.8 00:00 0.0 0.4 0.00 4.5 21.0 13:58 NW 9 61.1 75.5 16:11 46.7 7:34 3.9 0.0 0.00 1.7 18.0 10:50 N 10 61.4 76.8 14:38 45.9 7:20 3.6 0.0 0.00 1.5 16.0 11:19 ENE 11 67.6 82.2 16:09 53.0 5:20 0.0 2.6 0.00 0.9 13.0 11:26 S 12 67.3 80.9 15:08 53.6 7:40 0.0 2.3 0.00 0.9 15.0 10:19 SW 13 65.4 70.7 16:01 60.2 23:58 0.0 0.4 0.00 1.6 10.0 9:07 N 14 63.1 69.3 13:30 56.8 7:01 1.9 0.0 0.00 1.2 15.0 11:34 ENE 15 72.6 83.1 15:21 62.1 4:34 0.0 7.6 0.00 1.6 17.0 12:12 SSE 16 73.7 82.5 15:50 64.8 7:02 0.0 8.7 0.00 1.2 13.0 9:22 SSE 17 76.2 86.0 15:34 66.4 4:10 0.0 11.2 0.00 1.4 15.0 11:55 SSW 18 77.9 87.5 16:35 68.4 6:59 0.0 12.9 0.00 2.6 22.0 10:03 S 19 75.8 90.7 14:17 61.0 5:36 0.0 10.8 0.00 1.0 14.0 11:41 SW 20 69.3 82.3 13:41 56.3 23:57 0.0 4.3 0.01 2.4 24.0 13:51 SW 21 54.6 60.5 14:07 48.7 23:59 10.4 0.0 0.00 4.4 21.0 13:01 NW 22 53.0 66.4 16:00 39.5 7:24 12.0 0.0 0.00 1.4 16.0 10:24 WNW 23 57.9 77.4 15:36 38.4 6:52 7.1 0.0 0.00 1.6 16.0 12:25 SW 24 67.2 80.5 15:17 53.9 7:39 0.0 2.2 0.00 1.3 13.0 12:55 SW 25 59.9 75.6 13:41 44.2 7:35 5.1 0.0 0.00 0.9 9.0 9:24 ENE 26 63.9 82.7 14:10 45.2 7:11 1.1 0.0 0.00 1.5 17.0 15:58 S 27 66.9 77.8 14:42 55.9 23:59 0.0 1.9 0.00 2.1 16.0 10:52 SW 28 64.7 81.6 15:38 47.7 6:04 0.3 0.0 0.00 0.4 9.0 15:15 SW 29 68.2 85.5 14:36 50.9 5:47 0.0 3.2 0.00 1.4 20.0 12:13 SW 30 70.8 84.7 15:16 56.8 5:04 0.0 5.8 0.00 1.4 17.0 11:42 SW 31 71.3 84.0 14:38 58.7 3:49 0.0 6.3 0.00 0.8 15.0 14:40 SW ------------------------------------------------------------------------------------- 67.3 90.7 19 38.4 23 46.5 117.3 0.01 1.5 24.0 20 SW Max >= 90.0: 1 Max <= 32.0: 0 Min <= 32.0: 0 Min <= 0.0: 0 Max Rain: 0.01 ON 10/20/16 Days of Rain: 0 (>.01 in) 0 (>.1 in) 0 (>1 in) Heat Base: 65.0 Cool Base: 65.0 Method: (High + Low) / 2