Warning: file(http://www.wunderground.com/climate/extremes.asp): failed to open stream: HTTP request failed! HTTP/1.0 500 Internal Server Error in /homepages/6/d330860172/htdocs/usaextremes.php on line 55

Warning: implode(): Invalid arguments passed in /homepages/6/d330860172/htdocs/usaextremes.php on line 55

NOAA Style Climate Reports for Lebanon, TN

NOAA style reports

NOAA-style Climate Reports

2018: Jan | Feb | Mar | Apr | May | Jun | Jul | Aug | Sep | Oct | Nov | Dec 
2017: Jan | Feb | Mar | Apr | May | Jun | Jul | Aug | Sep | Oct | Nov | Dec 
2016: Jan | Feb | Mar | Apr | May | Jun | Jul | Aug | Sep | Oct | Nov | Dec 
2015: Jan | Feb | Mar | Apr | May | Jun | Jul | Aug | Sep | Oct | Nov | Dec 
2014: Jan | Feb | Mar | Apr | May | Jun | Jul | Aug | Sep | Oct | Nov | Dec 
2013: Jan | Feb | Mar | Apr | May | Jun | Jul | Aug | Sep | Oct | Nov | Dec 
2012: Jan | Feb | Mar | Apr | May | Jun | Jul | Aug | Sep | Oct | Nov | Dec 
2011: Jan | Feb | Mar | Apr | May | Jun | Jul | Aug | Sep | Oct | Nov | Dec 
2010: Jan | Feb | Mar | Apr | May | Jun | Jul | Aug | Sep | Oct | Nov | Dec 
2009: Jan | Feb | Mar | Apr | May | Jun | Jul | Aug | Sep | Oct | Nov | Dec 
2008: Jan | Feb | Mar | Apr | May | Jun | Jul | Aug | Sep | Oct | Nov | Dec 
2007: Jan | Feb | Mar | Apr | May | Jun | Jul | Aug | Sep | Oct | Nov | Dec 
2006: Jan | Feb | Mar | Apr | May | Jun | Jul | Aug | Sep | Oct | Nov | Dec 
2005: Jan | Feb | Mar | Apr | May | Jun | Jul | Aug | Sep | Oct | Nov | Dec 
2004: Jan | Feb | Mar | Apr | May | Jun | Jul | Aug | Sep | Oct | Nov | Dec 
2003: Jan | Feb | Mar | Apr | May | Jun | Jul | Aug | Sep | Oct | Nov | Dec 
2002: Jan | Feb | Mar | Apr | May | Jun | Jul | Aug | Sep | Oct | Nov | Dec 
2001: Jan | Feb | Mar | Apr | May | Jun | Jul | Aug | Sep | Oct | Nov | Dec 
2000: Jan | Feb | Mar | Apr | May | Jun | Jul | Aug | Sep | Oct | Nov | Dec 
1999: Jan | Feb | Mar | Apr | May | Jun | Jul | Aug | Sep | Oct | Nov | Dec 
1998: Jan | Feb | Mar | Apr | May | Jun | Jul | Aug | Sep | Oct | Nov | Dec 
1997: Jan | Feb | Mar | Apr | May | Jun | Jul | Aug | Sep | Oct | Nov | Dec 
1996: Jan | Feb | Mar | Apr | May | Jun | Jul | Aug | Sep | Oct | Nov | Dec 
1995: Jan | Feb | Mar | Apr | May | Jun | Jul | Aug | Sep | Oct | Nov | Dec 

Report for 2016 11
MONTHLY CLIMATOLOGICAL SUMMARY for NOV. 2016 NAME: HornSpri CITY: Lebanon STATE: TN ELEV: 612 ft LAT: 36 14' 05" N LONG: 86 22' 55" W TEMPERATURE (F), RAIN (in), WIND SPEED (mph) HEAT COOL AVG MEAN DEG DEG WIND DOM DAY TEMP HIGH TIME LOW TIME DAYS DAYS RAIN SPEED HIGH TIME DIR ------------------------------------------------------------------------------------ 1 76.6 87.7 15:16 65.4 5:36 0.0 11.6 0.00 1.2 17.0 14:58 SSW 2 76.2 84.8 13:34 67.6 4:46 0.0 11.2 0.00 1.4 14.0 11:28 S 3 72.3 80.0 12:17 64.5 5:59 0.0 7.3 0.00 2.0 15.0 13:26 SSW 4 61.4 73.0 14:49 49.8 00:00 3.6 0.0 0.00 2.6 14.0 1:54 NNW 5 56.4 71.5 14:06 41.3 7:40 8.6 0.0 0.00 0.6 8.0 13:26 NE 6 58.3 71.9 14:53 44.8 4:28 6.7 0.0 0.00 0.4 6.0 8:27 NNE 7 59.7 77.4 14:19 41.9 6:00 5.3 0.0 0.00 0.6 14.0 12:29 S 8 60.0 67.8 11:14 52.1 6:59 5.0 0.0 0.00 0.7 10.0 11:40 WNW 9 50.6 61.2 14:31 39.9 23:32 14.4 0.0 0.00 2.7 17.0 11:54 NW 10 49.9 65.8 15:37 33.9 6:39 15.1 0.0 0.00 0.5 9.0 13:57 NW 11 52.3 64.9 14:12 39.7 6:52 12.7 0.0 0.00 1.4 13.0 14:24 NW 12 49.5 61.4 13:54 37.6 00:00 15.5 0.0 0.00 2.3 14.0 8:41 NE 13 48.7 64.8 14:00 32.6 5:19 16.3 0.0 0.00 0.4 8.0 12:30 NW 14 50.2 66.0 14:02 34.4 6:21 14.8 0.0 0.00 0.7 13.0 12:35 W 15 51.5 67.1 15:01 35.9 4:51 13.5 0.0 0.00 0.6 11.0 13:03 SW 16 57.3 74.6 15:17 40.1 6:40 7.7 0.0 0.00 0.9 12.0 13:08 SW 17 61.9 80.3 14:17 43.4 4:40 3.1 0.0 0.00 1.1 14.0 11:25 SSE 18 69.1 78.3 14:12 59.8 5:49 0.0 4.1 0.00 2.6 20.0 14:28 S 19 52.5 67.8 0:01 37.1 23:59 12.5 0.0 0.15 5.1 27.0 1:10 W 20 35.2 44.2 12:06 26.2 6:54 29.8 0.0 0.00 1.3 12.0 10:12 NW 21 36.6 39.1 18:47 34.1 00:00 28.4 0.0 0.00 0.1 3.0 23:09 NE 22 45.9 59.7 14:17 32.1 1:52 19.1 0.0 0.00 1.6 10.0 9:29 ENE 23 57.6 68.6 12:09 46.6 5:17 7.4 0.0 0.01 2.2 18.0 11:41 S 24 54.3 58.9 0:54 49.6 23:52 10.8 0.0 0.00 1.4 13.0 8:47 NW 25 47.7 51.1 10:35 44.2 23:57 17.3 0.0 0.01 2.1 15.0 17:03 NW 26 40.6 51.4 14:52 29.7 23:55 24.4 0.0 0.00 2.0 12.0 0:23 NE 27 39.0 54.0 14:55 23.9 6:42 26.0 0.0 0.00 0.8 9.0 22:13 SSE 28 57.0 62.3 15:26 51.7 0:01 8.0 0.0 1.11 5.4 26.0 18:52 SSE 29 --- 70.7 14:26 52.2 6:48 3.6 0.0 0.42 2.8 13.0 11:15 S 30 53.7 63.3 0:45 44.1 22:00 11.3 0.0 0.46 3.6 20.0 15:50 SW ------------------------------------------------------------------------------------- 54.5 87.7 1 23.9 27 341.1 34.1 2.16 1.7 27.0 19 NW Max >= 90.0: 0 Max <= 32.0: 0 Min <= 32.0: 3 Min <= 0.0: 0 Max Rain: 1.11 ON 11/28/16 Days of Rain: 4 (>.01 in) 4 (>.1 in) 1 (>1 in) Heat Base: 65.0 Cool Base: 65.0 Method: (High + Low) / 2