Warning: file(http://www.wunderground.com/climate/extremes.asp): failed to open stream: HTTP request failed! HTTP/1.0 500 Internal Server Error in /homepages/6/d330860172/htdocs/usaextremes.php on line 55

Warning: implode(): Invalid arguments passed in /homepages/6/d330860172/htdocs/usaextremes.php on line 55

NOAA Style Climate Reports for Lebanon, TN

NOAA style reports

NOAA-style Climate Reports

2018: Jan | Feb | Mar | Apr | May | Jun | Jul | Aug | Sep | Oct | Nov | Dec 
2017: Jan | Feb | Mar | Apr | May | Jun | Jul | Aug | Sep | Oct | Nov | Dec 
2016: Jan | Feb | Mar | Apr | May | Jun | Jul | Aug | Sep | Oct | Nov | Dec 
2015: Jan | Feb | Mar | Apr | May | Jun | Jul | Aug | Sep | Oct | Nov | Dec 
2014: Jan | Feb | Mar | Apr | May | Jun | Jul | Aug | Sep | Oct | Nov | Dec 
2013: Jan | Feb | Mar | Apr | May | Jun | Jul | Aug | Sep | Oct | Nov | Dec 
2012: Jan | Feb | Mar | Apr | May | Jun | Jul | Aug | Sep | Oct | Nov | Dec 
2011: Jan | Feb | Mar | Apr | May | Jun | Jul | Aug | Sep | Oct | Nov | Dec 
2010: Jan | Feb | Mar | Apr | May | Jun | Jul | Aug | Sep | Oct | Nov | Dec 
2009: Jan | Feb | Mar | Apr | May | Jun | Jul | Aug | Sep | Oct | Nov | Dec 
2008: Jan | Feb | Mar | Apr | May | Jun | Jul | Aug | Sep | Oct | Nov | Dec 
2007: Jan | Feb | Mar | Apr | May | Jun | Jul | Aug | Sep | Oct | Nov | Dec 
2006: Jan | Feb | Mar | Apr | May | Jun | Jul | Aug | Sep | Oct | Nov | Dec 
2005: Jan | Feb | Mar | Apr | May | Jun | Jul | Aug | Sep | Oct | Nov | Dec 
2004: Jan | Feb | Mar | Apr | May | Jun | Jul | Aug | Sep | Oct | Nov | Dec 
2003: Jan | Feb | Mar | Apr | May | Jun | Jul | Aug | Sep | Oct | Nov | Dec 
2002: Jan | Feb | Mar | Apr | May | Jun | Jul | Aug | Sep | Oct | Nov | Dec 
2001: Jan | Feb | Mar | Apr | May | Jun | Jul | Aug | Sep | Oct | Nov | Dec 
2000: Jan | Feb | Mar | Apr | May | Jun | Jul | Aug | Sep | Oct | Nov | Dec 
1999: Jan | Feb | Mar | Apr | May | Jun | Jul | Aug | Sep | Oct | Nov | Dec 
1998: Jan | Feb | Mar | Apr | May | Jun | Jul | Aug | Sep | Oct | Nov | Dec 
1997: Jan | Feb | Mar | Apr | May | Jun | Jul | Aug | Sep | Oct | Nov | Dec 
1996: Jan | Feb | Mar | Apr | May | Jun | Jul | Aug | Sep | Oct | Nov | Dec 
1995: Jan | Feb | Mar | Apr | May | Jun | Jul | Aug | Sep | Oct | Nov | Dec 

Report for 2016 12
MONTHLY CLIMATOLOGICAL SUMMARY for DEC. 2016 NAME: HornSpri CITY: Lebanon STATE: TN ELEV: 612 ft LAT: 36 14' 05" N LONG: 86 22' 55" W TEMPERATURE (F), RAIN (in), WIND SPEED (mph) HEAT COOL AVG MEAN DEG DEG WIND DOM DAY TEMP HIGH TIME LOW TIME DAYS DAYS RAIN SPEED HIGH TIME DIR ------------------------------------------------------------------------------------ 1 42.5 51.9 14:58 33.0 23:59 22.5 0.0 0.00 2.5 15.0 10:27 SW 2 42.8 56.8 15:33 28.9 7:10 22.2 0.0 0.00 0.9 9.0 20:51 NW 3 38.8 44.2 13:42 33.5 6:36 26.2 0.0 0.12 1.2 9.0 9:01 NE 4 43.3 47.8 14:00 38.8 0:01 21.7 0.0 0.21 2.4 13.0 7:09 SW 5 45.0 48.3 23:53 41.8 6:50 20.0 0.0 0.01 2.2 11.0 5:31 NE 6 48.1 55.9 6:46 40.2 23:52 16.9 0.0 0.70 3.0 21.0 14:32 WNW 7 41.9 49.4 14:42 34.4 7:11 23.1 0.0 0.00 1.9 10.0 10:55 NNW 8 32.5 39.5 13:01 25.5 23:59 32.5 0.0 0.00 3.6 17.0 4:44 NW 9 28.5 35.7 15:20 21.3 23:58 36.5 0.0 0.00 2.1 12.0 1:46 NW 10 29.1 41.1 14:56 17.2 6:50 35.8 0.0 0.00 0.6 9.0 11:17 E 11 40.8 56.2 15:59 25.4 1:12 24.2 0.0 0.24 5.1 26.0 21:40 S 12 44.4 51.6 0:01 37.3 23:15 20.6 0.0 0.83 1.8 12.0 7:53 NW 13 40.2 44.2 14:48 36.2 19:51 24.8 0.0 0.09 1.9 15.0 20:38 NNW 14 34.4 39.9 13:01 28.9 23:58 30.6 0.0 0.00 2.1 14.0 17:47 NW 15 24.1 29.0 0:12 19.3 23:57 40.8 0.0 0.00 3.7 17.0 8:29 NW 16 36.1 53.4 23:56 18.8 1:23 28.9 0.0 0.00 3.4 21.0 22:27 SSE 17 59.5 72.8 23:00 46.1 00:00 5.5 0.0 0.39 7.2 30.0 23:29 S 18 34.2 46.1 0:01 22.3 00:00 30.8 0.0 1.33 5.7 29.0 0:30 NW 19 23.0 28.7 12:55 17.3 23:57 42.0 0.0 0.01 2.7 13.0 0:12 NNW 20 26.7 38.7 14:40 14.6 6:19 38.3 0.0 0.03 0.5 9.0 13:39 SSE 21 40.2 56.0 14:41 24.3 6:40 24.8 0.0 0.04 1.9 11.0 21:51 S 22 41.3 49.4 0:01 33.1 23:19 23.8 0.0 0.00 2.2 13.0 9:51 N 23 47.0 60.6 13:43 33.5 0:01 18.0 0.0 0.00 3.1 21.0 22:46 S 24 56.6 61.0 0:38 52.2 2:10 8.4 0.0 1.95 2.1 22.0 0:43 S 25 64.9 74.3 14:15 55.4 1:42 0.1 0.0 0.09 2.2 17.0 13:51 S 26 67.9 71.9 13:43 64.0 7:30 0.0 2.9 0.02 6.1 21.0 14:21 S 27 49.7 66.3 0:01 33.0 23:58 15.3 0.0 0.55 2.8 20.0 2:18 NW 28 44.3 59.3 15:34 29.2 6:10 20.8 0.0 0.24 2.5 21.0 23:09 S 29 45.5 53.1 0:01 38.0 23:06 19.5 0.0 0.00 5.3 26.0 14:37 W 30 41.0 47.8 14:53 34.2 6:55 24.0 0.0 0.00 4.2 21.0 0:15 WSW 31 42.6 46.8 12:49 38.4 0:47 22.4 0.0 0.25 3.2 18.0 8:38 S ------------------------------------------------------------------------------------- 41.8 74.3 25 14.6 20 721.0 2.9 7.10 2.9 30.0 17 NW Max >= 90.0: 0 Max <= 32.0: 2 Min <= 32.0: 13 Min <= 0.0: 0 Max Rain: 1.95 ON 12/24/16 Days of Rain: 16 (>.01 in) 11 (>.1 in) 2 (>1 in) Heat Base: 65.0 Cool Base: 65.0 Method: (High + Low) / 2