Warning: file(http://www.wunderground.com/climate/extremes.asp): failed to open stream: HTTP request failed! HTTP/1.0 500 Internal Server Error in /homepages/6/d330860172/htdocs/usaextremes.php on line 55

Warning: implode(): Invalid arguments passed in /homepages/6/d330860172/htdocs/usaextremes.php on line 55

NOAA Style Climate Reports for Lebanon, TN

NOAA style reports

NOAA-style Climate Reports

2018: Jan | Feb | Mar | Apr | May | Jun | Jul | Aug | Sep | Oct | Nov | Dec 
2017: Jan | Feb | Mar | Apr | May | Jun | Jul | Aug | Sep | Oct | Nov | Dec 
2016: Jan | Feb | Mar | Apr | May | Jun | Jul | Aug | Sep | Oct | Nov | Dec 
2015: Jan | Feb | Mar | Apr | May | Jun | Jul | Aug | Sep | Oct | Nov | Dec 
2014: Jan | Feb | Mar | Apr | May | Jun | Jul | Aug | Sep | Oct | Nov | Dec 
2013: Jan | Feb | Mar | Apr | May | Jun | Jul | Aug | Sep | Oct | Nov | Dec 
2012: Jan | Feb | Mar | Apr | May | Jun | Jul | Aug | Sep | Oct | Nov | Dec 
2011: Jan | Feb | Mar | Apr | May | Jun | Jul | Aug | Sep | Oct | Nov | Dec 
2010: Jan | Feb | Mar | Apr | May | Jun | Jul | Aug | Sep | Oct | Nov | Dec 
2009: Jan | Feb | Mar | Apr | May | Jun | Jul | Aug | Sep | Oct | Nov | Dec 
2008: Jan | Feb | Mar | Apr | May | Jun | Jul | Aug | Sep | Oct | Nov | Dec 
2007: Jan | Feb | Mar | Apr | May | Jun | Jul | Aug | Sep | Oct | Nov | Dec 
2006: Jan | Feb | Mar | Apr | May | Jun | Jul | Aug | Sep | Oct | Nov | Dec 
2005: Jan | Feb | Mar | Apr | May | Jun | Jul | Aug | Sep | Oct | Nov | Dec 
2004: Jan | Feb | Mar | Apr | May | Jun | Jul | Aug | Sep | Oct | Nov | Dec 
2003: Jan | Feb | Mar | Apr | May | Jun | Jul | Aug | Sep | Oct | Nov | Dec 
2002: Jan | Feb | Mar | Apr | May | Jun | Jul | Aug | Sep | Oct | Nov | Dec 
2001: Jan | Feb | Mar | Apr | May | Jun | Jul | Aug | Sep | Oct | Nov | Dec 
2000: Jan | Feb | Mar | Apr | May | Jun | Jul | Aug | Sep | Oct | Nov | Dec 
1999: Jan | Feb | Mar | Apr | May | Jun | Jul | Aug | Sep | Oct | Nov | Dec 
1998: Jan | Feb | Mar | Apr | May | Jun | Jul | Aug | Sep | Oct | Nov | Dec 
1997: Jan | Feb | Mar | Apr | May | Jun | Jul | Aug | Sep | Oct | Nov | Dec 
1996: Jan | Feb | Mar | Apr | May | Jun | Jul | Aug | Sep | Oct | Nov | Dec 
1995: Jan | Feb | Mar | Apr | May | Jun | Jul | Aug | Sep | Oct | Nov | Dec 

Report for 2017
ANNUAL CLIMATOLOGICAL SUMMARY NAME: HornSpri CITY: Lebanon STATE: TN ELEV: 612 ft LAT: 36 14' 05" N LONG: 86 22' 55" W TEMPERATURE (F), HEAT BASE 65.0, COOL BASE 65.0 DEP. HEAT COOL MEAN MEAN FROM DEG DEG MAX MAX MIN MIN YR MO MAX MIN MEAN NORM DAYS DAYS HI DATE LOW DATE >=90 <=32 <=32 <=0 ------------------------------------------------------------------------------------ 17 1 54.0 39.0 46.5 10.5 574 0 71.8 16 7.2 8 0 3 8 0 17 2 60.8 40.3 50.6 10.9 410 6 79.0 24 19.9 4 0 0 8 0 17 3 63.7 41.7 52.7 4.5 394 13 82.0 29 18.4 16 0 0 10 0 17 4 76.5 55.0 65.7 8.5 85 107 89.4 29 36.8 8 0 0 0 0 17 5 79.6 58.5 69.0 2.8 49 174 90.2 19 40.7 6 1 0 0 0 17 6 86.0 65.3 75.7 1.0 0 320 93.7 14 52.2 9 6 0 0 0 17 7 90.8 70.3 80.5 1.8 0 482 98.1 22 60.8 30 19 0 0 0 17 8 87.0 67.1 77.1 -0.4 0 374 95.5 20 55.7 5 9 0 0 0 17 9 82.1 59.7 70.9 0.8 22 199 92.6 23 47.9 7 10 0 0 0 17 10 74.3 50.1 62.2 3.7 171 84 86.8 5 30.4 30 0 0 2 0 17 11 61.9 40.7 51.3 2.7 428 18 79.7 5 23.7 23 0 0 8 0 17 12 48.5 30.7 39.6 0.7 787 0 68.2 4 13.2 31 0 2 19 0 ------------------------------------------------------------------------------------ 72.1 51.6 61.9 4.0 2920 1775 98.1 JUL 7.2 JAN 45 5 55 0 PRECIPITATION (in) DEP. MAX DAYS OF RAIN FROM OBS. OVER YR MO TOTAL NORM DAY DATE .01 .1 1 --------------------------------------------- 17 1 2.59 -1.62 0.88 19 10 5 0 17 2 1.33 -3.08 0.28 7 9 6 0 17 3 4.56 -0.03 0.83 9 16 11 0 17 4 5.82 1.65 2.02 22 12 10 1 17 5 6.04 0.34 1.44 27 11 11 2 17 6 5.21 0.79 1.57 18 7 6 2 17 7 5.84 1.27 1.95 15 11 9 1 17 8 6.64 3.00 2.44 31 13 9 1 17 9 3.09 -0.67 1.50 1 8 7 1 17 10 3.61 0.37 1.42 23 8 5 1 17 11 2.16 -2.29 0.75 7 7 4 0 17 12 3.84 -1.22 1.58 23 7 4 1 --------------------------------------------- 50.73 -1.49 2.44 AUG 119 87 10 WIND SPEED (mph) DOM YR MO AVG. HI DATE DIR --------------------------------- 17 1 3.6 30.0 23 S 17 2 3.3 29.0 24 S 17 3 3.5 44.0 1 S 17 4 2.6 36.0 5 S 17 5 1.7 43.0 27 SW 17 6 0.9 36.0 15 SW 17 7 0.7 29.0 1 SW 17 8 0.8 27.0 31 SW 17 9 0.9 22.0 1 NE 17 10 0.8 27.0 23 SW 17 11 2.0 34.0 18 S 17 12 2.6 32.0 12 SSW --------------------------------- 2.0 44.0 MAR SW