Warning: file(http://www.wunderground.com/climate/extremes.asp): failed to open stream: HTTP request failed! HTTP/1.0 500 Internal Server Error in /homepages/6/d330860172/htdocs/usaextremes.php on line 55

Warning: implode(): Invalid arguments passed in /homepages/6/d330860172/htdocs/usaextremes.php on line 55

NOAA Style Climate Reports for Lebanon, TN

NOAA style reports

NOAA-style Climate Reports

2018: Jan | Feb | Mar | Apr | May | Jun | Jul | Aug | Sep | Oct | Nov | Dec 
2017: Jan | Feb | Mar | Apr | May | Jun | Jul | Aug | Sep | Oct | Nov | Dec 
2016: Jan | Feb | Mar | Apr | May | Jun | Jul | Aug | Sep | Oct | Nov | Dec 
2015: Jan | Feb | Mar | Apr | May | Jun | Jul | Aug | Sep | Oct | Nov | Dec 
2014: Jan | Feb | Mar | Apr | May | Jun | Jul | Aug | Sep | Oct | Nov | Dec 
2013: Jan | Feb | Mar | Apr | May | Jun | Jul | Aug | Sep | Oct | Nov | Dec 
2012: Jan | Feb | Mar | Apr | May | Jun | Jul | Aug | Sep | Oct | Nov | Dec 
2011: Jan | Feb | Mar | Apr | May | Jun | Jul | Aug | Sep | Oct | Nov | Dec 
2010: Jan | Feb | Mar | Apr | May | Jun | Jul | Aug | Sep | Oct | Nov | Dec 
2009: Jan | Feb | Mar | Apr | May | Jun | Jul | Aug | Sep | Oct | Nov | Dec 
2008: Jan | Feb | Mar | Apr | May | Jun | Jul | Aug | Sep | Oct | Nov | Dec 
2007: Jan | Feb | Mar | Apr | May | Jun | Jul | Aug | Sep | Oct | Nov | Dec 
2006: Jan | Feb | Mar | Apr | May | Jun | Jul | Aug | Sep | Oct | Nov | Dec 
2005: Jan | Feb | Mar | Apr | May | Jun | Jul | Aug | Sep | Oct | Nov | Dec 
2004: Jan | Feb | Mar | Apr | May | Jun | Jul | Aug | Sep | Oct | Nov | Dec 
2003: Jan | Feb | Mar | Apr | May | Jun | Jul | Aug | Sep | Oct | Nov | Dec 
2002: Jan | Feb | Mar | Apr | May | Jun | Jul | Aug | Sep | Oct | Nov | Dec 
2001: Jan | Feb | Mar | Apr | May | Jun | Jul | Aug | Sep | Oct | Nov | Dec 
2000: Jan | Feb | Mar | Apr | May | Jun | Jul | Aug | Sep | Oct | Nov | Dec 
1999: Jan | Feb | Mar | Apr | May | Jun | Jul | Aug | Sep | Oct | Nov | Dec 
1998: Jan | Feb | Mar | Apr | May | Jun | Jul | Aug | Sep | Oct | Nov | Dec 
1997: Jan | Feb | Mar | Apr | May | Jun | Jul | Aug | Sep | Oct | Nov | Dec 
1996: Jan | Feb | Mar | Apr | May | Jun | Jul | Aug | Sep | Oct | Nov | Dec 
1995: Jan | Feb | Mar | Apr | May | Jun | Jul | Aug | Sep | Oct | Nov | Dec 

Report for 2017 01
MONTHLY CLIMATOLOGICAL SUMMARY for JAN. 2017 NAME: HornSpri CITY: Lebanon STATE: TN ELEV: 612 ft LAT: 36 14' 05" N LONG: 86 22' 55" W TEMPERATURE (F), RAIN (in), WIND SPEED (mph) HEAT COOL AVG MEAN DEG DEG WIND DOM DAY TEMP HIGH TIME LOW TIME DAYS DAYS RAIN SPEED HIGH TIME DIR ------------------------------------------------------------------------------------ 1 49.0 53.7 23:56 44.3 1:33 16.0 0.0 0.04 1.8 10.0 10:18 ENE 2 59.3 65.1 15:05 53.5 5:03 5.7 0.0 0.39 1.7 10.0 19:48 ENE 3 52.8 63.5 12:26 42.0 23:59 12.3 0.0 0.26 5.0 28.0 15:41 SW 4 33.8 42.0 0:03 25.7 23:50 31.2 0.0 0.00 4.0 21.0 4:03 NW 5 28.5 32.2 12:29 24.8 23:53 36.5 0.0 0.00 2.8 13.0 22:08 NW 6 20.5 24.8 0:01 16.3 23:53 44.5 0.0 0.00 5.2 21.0 23:26 NW 7 16.5 22.1 15:04 11.0 7:17 48.5 0.0 0.00 3.7 17.0 0:12 NW 8 18.3 29.4 14:39 7.2 6:59 46.7 0.0 0.00 0.7 8.0 13:38 E 9 34.3 44.1 23:52 24.6 0:01 30.7 0.0 0.00 3.8 21.0 23:46 SSE 10 50.5 57.1 21:52 44.0 0:04 14.5 0.0 0.00 8.1 27.0 13:16 S 11 61.4 67.2 15:08 55.6 0:34 3.6 0.0 0.21 5.2 25.0 22:03 S 12 60.8 70.7 13:45 50.9 23:58 4.2 0.0 0.00 5.6 18.0 0:23 S 13 47.8 50.9 0:01 44.7 5:21 17.2 0.0 0.01 1.7 10.0 2:44 NNW 14 55.5 65.2 14:09 45.8 0:05 9.5 0.0 0.04 1.0 14.0 14:29 NW 15 49.8 55.7 15:14 44.0 6:01 15.2 0.0 0.01 1.0 7.0 1:09 NE 16 60.4 71.8 13:39 49.0 6:18 4.6 0.0 0.05 2.7 15.0 12:41 SSE 17 58.1 65.3 1:21 50.8 23:58 6.9 0.0 0.62 5.0 20.0 12:04 SW 18 46.9 50.8 0:01 43.0 22:00 18.1 0.0 0.00 1.1 10.0 0:10 NW 19 52.3 60.5 20:59 44.2 0:01 12.7 0.0 0.88 2.7 16.0 20:58 ENE 20 61.8 68.3 15:30 55.2 7:03 3.3 0.0 0.00 3.3 17.0 15:03 S 21 61.2 68.4 14:45 54.0 23:56 3.8 0.0 0.00 2.9 21.0 10:59 S 22 59.5 66.5 13:58 52.5 1:53 5.5 0.0 0.01 3.3 21.0 21:46 ENE 23 49.1 56.9 0:12 41.3 22:51 15.9 0.0 0.03 7.6 30.0 5:49 WNW 24 47.4 54.4 15:39 40.4 23:59 17.6 0.0 0.00 2.0 12.0 3:09 NW 25 49.3 58.8 16:13 39.9 0:11 15.7 0.0 0.00 4.3 16.0 22:38 S 26 44.7 52.4 0:01 36.9 23:09 20.3 0.0 0.00 5.3 20.0 1:06 W 27 38.3 43.7 15:44 32.9 8:56 26.7 0.0 0.00 5.3 23.0 19:46 W 28 40.4 52.1 14:35 28.7 2:26 24.6 0.0 0.00 5.4 26.0 12:25 SW 29 36.6 39.4 0:01 33.7 00:00 28.4 0.0 0.04 3.7 22.0 21:59 W 30 40.2 51.9 15:45 28.4 7:29 24.8 0.0 0.00 2.4 16.0 11:53 S 31 56.1 67.9 16:05 44.3 00:00 8.9 0.0 0.00 3.3 17.0 12:35 SSW ------------------------------------------------------------------------------------- 46.5 71.8 16 7.2 8 573.8 0.0 2.59 3.6 30.0 23 S Max >= 90.0: 0 Max <= 32.0: 3 Min <= 32.0: 8 Min <= 0.0: 0 Max Rain: 0.88 ON 01/19/17 Days of Rain: 10 (>.01 in) 5 (>.1 in) 0 (>1 in) Heat Base: 65.0 Cool Base: 65.0 Method: (High + Low) / 2