Warning: file(http://www.wunderground.com/climate/extremes.asp): failed to open stream: HTTP request failed! HTTP/1.0 500 Internal Server Error in /homepages/6/d330860172/htdocs/usaextremes.php on line 55

Warning: implode(): Invalid arguments passed in /homepages/6/d330860172/htdocs/usaextremes.php on line 55

NOAA Style Climate Reports for Lebanon, TN

NOAA style reports

NOAA-style Climate Reports

2018: Jan | Feb | Mar | Apr | May | Jun | Jul | Aug | Sep | Oct | Nov | Dec 
2017: Jan | Feb | Mar | Apr | May | Jun | Jul | Aug | Sep | Oct | Nov | Dec 
2016: Jan | Feb | Mar | Apr | May | Jun | Jul | Aug | Sep | Oct | Nov | Dec 
2015: Jan | Feb | Mar | Apr | May | Jun | Jul | Aug | Sep | Oct | Nov | Dec 
2014: Jan | Feb | Mar | Apr | May | Jun | Jul | Aug | Sep | Oct | Nov | Dec 
2013: Jan | Feb | Mar | Apr | May | Jun | Jul | Aug | Sep | Oct | Nov | Dec 
2012: Jan | Feb | Mar | Apr | May | Jun | Jul | Aug | Sep | Oct | Nov | Dec 
2011: Jan | Feb | Mar | Apr | May | Jun | Jul | Aug | Sep | Oct | Nov | Dec 
2010: Jan | Feb | Mar | Apr | May | Jun | Jul | Aug | Sep | Oct | Nov | Dec 
2009: Jan | Feb | Mar | Apr | May | Jun | Jul | Aug | Sep | Oct | Nov | Dec 
2008: Jan | Feb | Mar | Apr | May | Jun | Jul | Aug | Sep | Oct | Nov | Dec 
2007: Jan | Feb | Mar | Apr | May | Jun | Jul | Aug | Sep | Oct | Nov | Dec 
2006: Jan | Feb | Mar | Apr | May | Jun | Jul | Aug | Sep | Oct | Nov | Dec 
2005: Jan | Feb | Mar | Apr | May | Jun | Jul | Aug | Sep | Oct | Nov | Dec 
2004: Jan | Feb | Mar | Apr | May | Jun | Jul | Aug | Sep | Oct | Nov | Dec 
2003: Jan | Feb | Mar | Apr | May | Jun | Jul | Aug | Sep | Oct | Nov | Dec 
2002: Jan | Feb | Mar | Apr | May | Jun | Jul | Aug | Sep | Oct | Nov | Dec 
2001: Jan | Feb | Mar | Apr | May | Jun | Jul | Aug | Sep | Oct | Nov | Dec 
2000: Jan | Feb | Mar | Apr | May | Jun | Jul | Aug | Sep | Oct | Nov | Dec 
1999: Jan | Feb | Mar | Apr | May | Jun | Jul | Aug | Sep | Oct | Nov | Dec 
1998: Jan | Feb | Mar | Apr | May | Jun | Jul | Aug | Sep | Oct | Nov | Dec 
1997: Jan | Feb | Mar | Apr | May | Jun | Jul | Aug | Sep | Oct | Nov | Dec 
1996: Jan | Feb | Mar | Apr | May | Jun | Jul | Aug | Sep | Oct | Nov | Dec 
1995: Jan | Feb | Mar | Apr | May | Jun | Jul | Aug | Sep | Oct | Nov | Dec 

Report for 2017 02
MONTHLY CLIMATOLOGICAL SUMMARY for FEB. 2017 NAME: HornSpri CITY: Lebanon STATE: TN ELEV: 612 ft LAT: 36 14' 05" N LONG: 86 22' 55" W TEMPERATURE (F), RAIN (in), WIND SPEED (mph) HEAT COOL AVG MEAN DEG DEG WIND DOM DAY TEMP HIGH TIME LOW TIME DAYS DAYS RAIN SPEED HIGH TIME DIR ------------------------------------------------------------------------------------ 1 48.0 59.0 14:31 37.1 5:58 17.0 0.0 0.00 1.9 14.0 14:32 NNE 2 41.8 47.9 14:13 35.6 7:04 23.3 0.0 0.00 4.1 16.0 1:50 NNW 3 33.7 42.0 14:48 25.4 23:58 31.3 0.0 0.00 4.5 19.0 15:04 NW 4 34.3 48.6 15:40 19.9 5:50 30.8 0.0 0.00 2.5 14.0 22:23 NE 5 50.3 58.2 15:05 42.5 23:56 14.7 0.0 0.00 3.3 16.0 5:15 SSW 6 51.6 61.0 21:32 42.2 2:24 13.4 0.0 0.16 3.3 15.0 15:13 S 7 59.7 63.5 10:04 55.9 12:11 5.3 0.0 0.28 5.8 26.0 10:56 S 8 50.9 65.6 14:53 36.3 23:59 14.1 0.0 0.18 3.7 26.0 18:12 NW 9 31.9 37.4 14:32 26.4 22:01 33.1 0.0 0.00 5.0 21.0 0:26 NW 10 43.8 64.1 15:46 23.5 6:04 21.2 0.0 0.00 4.4 24.0 14:03 S 11 62.4 67.8 23:08 56.9 0:37 2.6 0.0 0.00 4.4 15.0 20:23 S 12 57.4 70.9 9:34 43.9 23:59 7.6 0.0 0.00 6.2 23.0 12:55 NW 13 45.3 57.2 15:34 33.3 6:49 19.8 0.0 0.00 2.1 16.0 11:14 NNW 14 38.7 44.2 12:19 33.1 1:25 26.3 0.0 0.25 0.5 8.0 7:03 NW 15 39.7 49.6 13:18 29.8 23:58 25.3 0.0 0.22 3.3 19.0 13:46 NW 16 42.8 58.0 15:23 27.5 3:19 22.3 0.0 0.00 2.0 15.0 13:12 SSW 17 55.8 69.5 15:18 42.2 3:31 9.2 0.0 0.00 3.9 20.0 15:41 S 18 52.2 55.3 2:01 49.0 10:34 12.8 0.0 0.03 1.5 13.0 9:01 S 19 56.4 67.8 15:47 44.9 6:28 8.6 0.0 0.00 0.7 10.0 13:46 WNW 20 59.6 75.2 14:42 44.0 6:14 5.4 0.0 0.00 1.0 10.0 9:39 E 21 62.0 69.3 10:25 54.7 2:59 3.0 0.0 0.02 2.7 18.0 14:51 E 22 62.3 69.3 14:37 55.2 2:18 2.8 0.0 0.04 1.3 11.0 11:52 SSE 23 64.9 74.3 12:59 55.5 7:13 0.1 0.0 0.00 2.4 14.0 13:06 SSE 24 70.7 79.0 14:11 62.4 5:29 0.0 5.7 0.01 6.1 29.0 13:26 S 25 46.2 62.0 0:03 30.3 23:58 18.8 0.0 0.00 5.3 25.0 2:37 W 26 40.2 56.1 15:11 24.3 6:24 24.8 0.0 0.00 1.6 11.0 12:15 ENE 27 53.9 62.1 15:13 45.7 3:59 11.1 0.0 0.01 3.1 19.0 12:40 ESE 28 59.6 67.9 23:41 51.2 0:02 5.4 0.0 0.13 5.7 20.0 23:39 S ------------------------------------------------------------------------------------- 50.6 79.0 24 19.9 4 409.9 5.7 1.33 3.3 29.0 24 S Max >= 90.0: 0 Max <= 32.0: 0 Min <= 32.0: 8 Min <= 0.0: 0 Max Rain: 0.28 ON 02/07/17 Days of Rain: 9 (>.01 in) 6 (>.1 in) 0 (>1 in) Heat Base: 65.0 Cool Base: 65.0 Method: (High + Low) / 2