Warning: file(http://www.wunderground.com/climate/extremes.asp): failed to open stream: HTTP request failed! HTTP/1.0 500 Internal Server Error in /homepages/6/d330860172/htdocs/usaextremes.php on line 55

Warning: implode(): Invalid arguments passed in /homepages/6/d330860172/htdocs/usaextremes.php on line 55

NOAA Style Climate Reports for Lebanon, TN

NOAA style reports

NOAA-style Climate Reports

2018: Jan | Feb | Mar | Apr | May | Jun | Jul | Aug | Sep | Oct | Nov | Dec 
2017: Jan | Feb | Mar | Apr | May | Jun | Jul | Aug | Sep | Oct | Nov | Dec 
2016: Jan | Feb | Mar | Apr | May | Jun | Jul | Aug | Sep | Oct | Nov | Dec 
2015: Jan | Feb | Mar | Apr | May | Jun | Jul | Aug | Sep | Oct | Nov | Dec 
2014: Jan | Feb | Mar | Apr | May | Jun | Jul | Aug | Sep | Oct | Nov | Dec 
2013: Jan | Feb | Mar | Apr | May | Jun | Jul | Aug | Sep | Oct | Nov | Dec 
2012: Jan | Feb | Mar | Apr | May | Jun | Jul | Aug | Sep | Oct | Nov | Dec 
2011: Jan | Feb | Mar | Apr | May | Jun | Jul | Aug | Sep | Oct | Nov | Dec 
2010: Jan | Feb | Mar | Apr | May | Jun | Jul | Aug | Sep | Oct | Nov | Dec 
2009: Jan | Feb | Mar | Apr | May | Jun | Jul | Aug | Sep | Oct | Nov | Dec 
2008: Jan | Feb | Mar | Apr | May | Jun | Jul | Aug | Sep | Oct | Nov | Dec 
2007: Jan | Feb | Mar | Apr | May | Jun | Jul | Aug | Sep | Oct | Nov | Dec 
2006: Jan | Feb | Mar | Apr | May | Jun | Jul | Aug | Sep | Oct | Nov | Dec 
2005: Jan | Feb | Mar | Apr | May | Jun | Jul | Aug | Sep | Oct | Nov | Dec 
2004: Jan | Feb | Mar | Apr | May | Jun | Jul | Aug | Sep | Oct | Nov | Dec 
2003: Jan | Feb | Mar | Apr | May | Jun | Jul | Aug | Sep | Oct | Nov | Dec 
2002: Jan | Feb | Mar | Apr | May | Jun | Jul | Aug | Sep | Oct | Nov | Dec 
2001: Jan | Feb | Mar | Apr | May | Jun | Jul | Aug | Sep | Oct | Nov | Dec 
2000: Jan | Feb | Mar | Apr | May | Jun | Jul | Aug | Sep | Oct | Nov | Dec 
1999: Jan | Feb | Mar | Apr | May | Jun | Jul | Aug | Sep | Oct | Nov | Dec 
1998: Jan | Feb | Mar | Apr | May | Jun | Jul | Aug | Sep | Oct | Nov | Dec 
1997: Jan | Feb | Mar | Apr | May | Jun | Jul | Aug | Sep | Oct | Nov | Dec 
1996: Jan | Feb | Mar | Apr | May | Jun | Jul | Aug | Sep | Oct | Nov | Dec 
1995: Jan | Feb | Mar | Apr | May | Jun | Jul | Aug | Sep | Oct | Nov | Dec 

Report for 2017 03
MONTHLY CLIMATOLOGICAL SUMMARY for MAR. 2017 NAME: HornSpri CITY: Lebanon STATE: TN ELEV: 612 ft LAT: 36 14' 05" N LONG: 86 22' 55" W TEMPERATURE (F), RAIN (in), WIND SPEED (mph) HEAT COOL AVG MEAN DEG DEG WIND DOM DAY TEMP HIGH TIME LOW TIME DAYS DAYS RAIN SPEED HIGH TIME DIR ------------------------------------------------------------------------------------ 1 56.7 69.8 14:34 43.5 23:59 8.3 0.0 0.60 7.1 44.0 7:31 SSW 2 43.0 53.9 14:20 32.0 6:53 22.0 0.0 0.00 3.0 17.0 9:08 NW 3 40.2 49.2 14:39 31.1 23:02 24.8 0.0 0.00 2.7 21.0 12:53 NW 4 48.1 67.3 15:10 28.8 6:43 16.9 0.0 0.00 2.4 18.0 13:12 S 5 58.8 67.6 13:45 49.9 4:31 6.3 0.0 0.00 3.6 22.0 13:23 S 6 62.4 69.1 13:30 55.8 3:55 2.6 0.0 0.02 5.2 23.0 11:38 SSE 7 54.7 65.9 0:20 43.5 23:59 10.3 0.0 0.67 4.4 23.0 2:52 S 8 53.3 67.9 15:20 38.7 3:05 11.7 0.0 0.01 2.2 20.0 10:41 SW 9 57.6 75.8 15:31 39.4 6:15 7.4 0.0 0.83 2.8 21.0 23:18 S 10 47.6 56.8 0:01 38.4 23:04 17.4 0.0 0.03 5.4 23.0 5:45 NW 11 35.8 41.2 16:25 30.5 7:55 29.2 0.0 0.07 2.5 23.0 6:34 N 12 41.3 53.0 16:09 29.7 7:12 23.7 0.0 0.00 2.8 16.0 12:48 NNE 13 37.3 47.3 13:54 27.4 6:03 27.7 0.0 0.05 2.2 14.0 23:54 W 14 34.5 40.6 0:01 28.5 23:58 30.5 0.0 0.01 6.3 23.0 9:02 NW 15 30.9 39.7 16:14 22.1 7:24 34.1 0.0 0.00 4.0 21.0 15:33 NW 16 34.3 50.3 16:54 18.4 6:58 30.7 0.0 0.00 0.9 12.0 15:08 E 17 50.2 60.6 15:18 39.7 0:05 14.8 0.0 0.62 3.0 20.0 14:57 SSW 18 50.6 60.9 15:01 40.2 23:59 14.4 0.0 0.29 4.4 25.0 15:06 WNW 19 45.8 61.3 17:02 30.2 7:10 19.3 0.0 0.00 1.2 12.0 9:12 NNE 20 61.1 81.2 16:31 41.1 2:23 3.9 0.0 0.13 3.2 19.0 15:24 S 21 66.1 78.0 14:51 54.2 23:43 0.0 1.1 0.18 2.0 30.0 16:47 NW 22 51.0 58.5 16:37 43.5 00:00 14.0 0.0 0.00 4.9 22.0 4:08 NNE 23 52.7 69.5 17:35 35.8 5:48 12.3 0.0 0.00 2.3 15.0 16:35 NE 24 66.5 74.6 13:58 58.4 2:28 0.0 1.5 0.00 5.1 24.0 10:22 SSE 25 66.6 74.5 12:09 58.6 23:51 0.0 1.6 0.34 5.9 24.0 10:47 SSE 26 64.4 71.7 14:52 57.1 3:07 0.6 0.0 0.23 3.1 19.0 15:08 S 27 67.8 77.1 15:07 58.4 21:58 0.0 2.8 0.21 3.5 24.0 16:48 S 28 62.0 69.0 15:57 54.9 00:00 3.0 0.0 0.00 2.1 12.0 11:57 WSW 29 66.2 82.0 16:27 50.4 6:25 0.0 1.2 0.00 1.5 12.0 17:12 E 30 70.1 78.2 15:39 62.1 00:00 0.0 5.1 0.10 5.4 26.0 20:02 S 31 56.8 62.1 0:01 51.6 5:37 8.2 0.0 0.17 4.6 19.0 10:39 SW ------------------------------------------------------------------------------------- 52.7 82.0 29 18.4 16 394.0 13.2 4.56 3.5 44.0 1 S Max >= 90.0: 0 Max <= 32.0: 0 Min <= 32.0: 10 Min <= 0.0: 0 Max Rain: 0.83 ON 03/09/17 Days of Rain: 16 (>.01 in) 11 (>.1 in) 0 (>1 in) Heat Base: 65.0 Cool Base: 65.0 Method: (High + Low) / 2