Warning: file(http://www.wunderground.com/climate/extremes.asp): failed to open stream: HTTP request failed! HTTP/1.0 500 Internal Server Error in /homepages/6/d330860172/htdocs/usaextremes.php on line 55

Warning: implode(): Invalid arguments passed in /homepages/6/d330860172/htdocs/usaextremes.php on line 55

NOAA Style Climate Reports for Lebanon, TN

NOAA style reports

NOAA-style Climate Reports

2018: Jan | Feb | Mar | Apr | May | Jun | Jul | Aug | Sep | Oct | Nov | Dec 
2017: Jan | Feb | Mar | Apr | May | Jun | Jul | Aug | Sep | Oct | Nov | Dec 
2016: Jan | Feb | Mar | Apr | May | Jun | Jul | Aug | Sep | Oct | Nov | Dec 
2015: Jan | Feb | Mar | Apr | May | Jun | Jul | Aug | Sep | Oct | Nov | Dec 
2014: Jan | Feb | Mar | Apr | May | Jun | Jul | Aug | Sep | Oct | Nov | Dec 
2013: Jan | Feb | Mar | Apr | May | Jun | Jul | Aug | Sep | Oct | Nov | Dec 
2012: Jan | Feb | Mar | Apr | May | Jun | Jul | Aug | Sep | Oct | Nov | Dec 
2011: Jan | Feb | Mar | Apr | May | Jun | Jul | Aug | Sep | Oct | Nov | Dec 
2010: Jan | Feb | Mar | Apr | May | Jun | Jul | Aug | Sep | Oct | Nov | Dec 
2009: Jan | Feb | Mar | Apr | May | Jun | Jul | Aug | Sep | Oct | Nov | Dec 
2008: Jan | Feb | Mar | Apr | May | Jun | Jul | Aug | Sep | Oct | Nov | Dec 
2007: Jan | Feb | Mar | Apr | May | Jun | Jul | Aug | Sep | Oct | Nov | Dec 
2006: Jan | Feb | Mar | Apr | May | Jun | Jul | Aug | Sep | Oct | Nov | Dec 
2005: Jan | Feb | Mar | Apr | May | Jun | Jul | Aug | Sep | Oct | Nov | Dec 
2004: Jan | Feb | Mar | Apr | May | Jun | Jul | Aug | Sep | Oct | Nov | Dec 
2003: Jan | Feb | Mar | Apr | May | Jun | Jul | Aug | Sep | Oct | Nov | Dec 
2002: Jan | Feb | Mar | Apr | May | Jun | Jul | Aug | Sep | Oct | Nov | Dec 
2001: Jan | Feb | Mar | Apr | May | Jun | Jul | Aug | Sep | Oct | Nov | Dec 
2000: Jan | Feb | Mar | Apr | May | Jun | Jul | Aug | Sep | Oct | Nov | Dec 
1999: Jan | Feb | Mar | Apr | May | Jun | Jul | Aug | Sep | Oct | Nov | Dec 
1998: Jan | Feb | Mar | Apr | May | Jun | Jul | Aug | Sep | Oct | Nov | Dec 
1997: Jan | Feb | Mar | Apr | May | Jun | Jul | Aug | Sep | Oct | Nov | Dec 
1996: Jan | Feb | Mar | Apr | May | Jun | Jul | Aug | Sep | Oct | Nov | Dec 
1995: Jan | Feb | Mar | Apr | May | Jun | Jul | Aug | Sep | Oct | Nov | Dec 

Report for 2017 05
MONTHLY CLIMATOLOGICAL SUMMARY for MAY. 2017 NAME: HornSpri CITY: Lebanon STATE: TN ELEV: 612 ft LAT: 36 14' 05" N LONG: 86 22' 55" W TEMPERATURE (F), RAIN (in), WIND SPEED (mph) HEAT COOL AVG MEAN DEG DEG WIND DOM DAY TEMP HIGH TIME LOW TIME DAYS DAYS RAIN SPEED HIGH TIME DIR ------------------------------------------------------------------------------------ 1 61.9 68.6 13:36 55.2 5:13 3.1 0.0 0.37 5.4 31.0 13:10 SW 2 63.8 78.1 16:02 49.6 6:17 1.2 0.0 0.00 3.5 28.0 13:36 SW 3 65.8 78.9 15:31 52.8 6:10 0.0 0.8 0.00 1.8 15.0 9:26 NE 4 63.5 72.8 0:28 54.1 23:49 1.5 0.0 0.73 2.3 19.0 0:37 SSE 5 49.7 54.3 0:45 45.1 00:00 15.3 0.0 0.18 2.9 21.0 15:27 NW 6 52.4 64.2 14:54 40.7 4:53 12.6 0.0 0.01 1.6 19.0 15:44 NW 7 56.3 71.6 15:04 41.0 6:06 8.7 0.0 0.00 1.2 12.0 14:06 W 8 63.5 80.2 17:11 46.9 5:55 1.5 0.0 0.00 0.8 9.0 9:47 SW 9 73.3 85.0 15:43 61.7 6:09 0.0 8.3 0.00 3.0 20.0 14:23 SW 10 73.1 85.0 14:47 61.1 5:06 0.0 8.1 0.00 2.0 16.0 10:08 SW 11 74.9 84.8 14:46 65.1 23:59 0.0 9.9 0.30 2.5 21.0 12:28 SW 12 65.7 71.0 14:30 60.4 23:57 0.0 0.7 1.06 1.2 12.0 20:39 NNW 13 67.2 77.8 15:33 56.6 23:56 0.0 2.2 0.00 2.4 16.0 13:17 NE 14 68.6 85.7 16:05 51.5 5:38 0.0 3.6 0.00 0.3 8.0 16:10 SW 15 72.2 88.3 16:30 56.0 6:18 0.0 7.2 0.00 0.3 9.0 14:39 SW 16 73.9 88.7 15:08 59.2 5:48 0.0 8.9 0.00 0.9 15.0 11:20 SW 17 79.6 88.4 15:37 70.8 5:09 0.0 14.6 0.00 1.5 19.0 12:40 S 18 80.1 87.1 13:33 73.0 6:23 0.0 15.1 0.00 1.8 17.0 9:50 SSW 19 80.8 90.2 15:31 71.5 3:11 0.0 15.8 0.00 1.0 16.0 12:29 SW 20 78.8 89.8 15:11 67.7 22:46 0.0 13.8 0.57 1.4 30.0 16:50 SW 21 74.8 83.1 16:18 66.5 5:20 0.0 9.8 0.00 1.3 12.0 15:45 SW 22 68.1 77.0 15:23 59.1 6:25 0.0 3.1 0.00 1.5 13.0 7:48 NE 23 69.4 78.2 13:46 60.6 5:43 0.0 4.4 0.25 0.4 15.0 16:08 ENE 24 60.3 64.4 12:16 56.3 23:45 4.7 0.0 0.74 2.0 23.0 13:19 WSW 25 64.2 73.5 16:43 54.9 4:27 0.8 0.0 0.00 4.4 23.0 14:08 SW 26 71.3 85.7 15:51 56.9 4:51 0.0 6.3 0.00 1.0 16.0 15:37 SW 27 73.8 83.8 14:10 63.8 23:44 0.0 8.8 1.44 1.3 43.0 19:28 SW 28 71.9 80.0 16:23 63.8 3:29 0.0 6.9 0.13 2.4 17.0 12:16 SW 29 73.8 82.1 14:21 65.4 5:06 0.0 8.8 0.00 0.3 9.0 13:19 SW 30 73.4 82.3 12:07 64.6 6:20 0.0 8.4 0.26 0.5 18.0 12:28 SW 31 73.3 86.1 16:07 60.5 5:36 0.0 8.3 0.00 1.3 13.0 11:11 SW ------------------------------------------------------------------------------------- 69.0 90.2 19 40.7 6 49.3 173.8 6.04 1.7 43.0 27 SW Max >= 90.0: 1 Max <= 32.0: 0 Min <= 32.0: 0 Min <= 0.0: 0 Max Rain: 1.44 ON 05/27/17 Days of Rain: 11 (>.01 in) 11 (>.1 in) 2 (>1 in) Heat Base: 65.0 Cool Base: 65.0 Method: (High + Low) / 2