Warning: file(http://www.wunderground.com/climate/extremes.asp): failed to open stream: HTTP request failed! HTTP/1.0 500 Internal Server Error in /homepages/6/d330860172/htdocs/usaextremes.php on line 55

Warning: implode(): Invalid arguments passed in /homepages/6/d330860172/htdocs/usaextremes.php on line 55

NOAA Style Climate Reports for Lebanon, TN

NOAA style reports

NOAA-style Climate Reports

2018: Jan | Feb | Mar | Apr | May | Jun | Jul | Aug | Sep | Oct | Nov | Dec 
2017: Jan | Feb | Mar | Apr | May | Jun | Jul | Aug | Sep | Oct | Nov | Dec 
2016: Jan | Feb | Mar | Apr | May | Jun | Jul | Aug | Sep | Oct | Nov | Dec 
2015: Jan | Feb | Mar | Apr | May | Jun | Jul | Aug | Sep | Oct | Nov | Dec 
2014: Jan | Feb | Mar | Apr | May | Jun | Jul | Aug | Sep | Oct | Nov | Dec 
2013: Jan | Feb | Mar | Apr | May | Jun | Jul | Aug | Sep | Oct | Nov | Dec 
2012: Jan | Feb | Mar | Apr | May | Jun | Jul | Aug | Sep | Oct | Nov | Dec 
2011: Jan | Feb | Mar | Apr | May | Jun | Jul | Aug | Sep | Oct | Nov | Dec 
2010: Jan | Feb | Mar | Apr | May | Jun | Jul | Aug | Sep | Oct | Nov | Dec 
2009: Jan | Feb | Mar | Apr | May | Jun | Jul | Aug | Sep | Oct | Nov | Dec 
2008: Jan | Feb | Mar | Apr | May | Jun | Jul | Aug | Sep | Oct | Nov | Dec 
2007: Jan | Feb | Mar | Apr | May | Jun | Jul | Aug | Sep | Oct | Nov | Dec 
2006: Jan | Feb | Mar | Apr | May | Jun | Jul | Aug | Sep | Oct | Nov | Dec 
2005: Jan | Feb | Mar | Apr | May | Jun | Jul | Aug | Sep | Oct | Nov | Dec 
2004: Jan | Feb | Mar | Apr | May | Jun | Jul | Aug | Sep | Oct | Nov | Dec 
2003: Jan | Feb | Mar | Apr | May | Jun | Jul | Aug | Sep | Oct | Nov | Dec 
2002: Jan | Feb | Mar | Apr | May | Jun | Jul | Aug | Sep | Oct | Nov | Dec 
2001: Jan | Feb | Mar | Apr | May | Jun | Jul | Aug | Sep | Oct | Nov | Dec 
2000: Jan | Feb | Mar | Apr | May | Jun | Jul | Aug | Sep | Oct | Nov | Dec 
1999: Jan | Feb | Mar | Apr | May | Jun | Jul | Aug | Sep | Oct | Nov | Dec 
1998: Jan | Feb | Mar | Apr | May | Jun | Jul | Aug | Sep | Oct | Nov | Dec 
1997: Jan | Feb | Mar | Apr | May | Jun | Jul | Aug | Sep | Oct | Nov | Dec 
1996: Jan | Feb | Mar | Apr | May | Jun | Jul | Aug | Sep | Oct | Nov | Dec 
1995: Jan | Feb | Mar | Apr | May | Jun | Jul | Aug | Sep | Oct | Nov | Dec 

Report for 2017 07
MONTHLY CLIMATOLOGICAL SUMMARY for JUL. 2017 NAME: HornSpri CITY: Lebanon STATE: TN ELEV: 612 ft LAT: 36 14' 05" N LONG: 86 22' 55" W TEMPERATURE (F), RAIN (in), WIND SPEED (mph) HEAT COOL AVG MEAN DEG DEG WIND DOM DAY TEMP HIGH TIME LOW TIME DAYS DAYS RAIN SPEED HIGH TIME DIR ------------------------------------------------------------------------------------ 1 80.2 91.0 13:53 69.4 23:48 0.0 15.2 0.32 1.1 29.0 16:11 SW 2 77.2 86.9 14:03 67.5 6:03 0.0 12.2 0.04 0.3 12.0 17:11 NE 3 78.6 87.3 12:16 69.8 5:42 0.0 13.6 0.66 0.6 25.0 12:31 W 4 76.1 83.0 17:56 69.1 4:47 0.0 11.1 0.49 1.2 15.0 13:26 SW 5 76.8 82.1 9:38 71.6 10:49 0.0 11.8 0.95 0.6 28.0 9:44 SW 6 78.9 87.3 15:19 70.5 2:44 0.0 13.9 0.82 1.1 15.0 15:43 SW 7 80.6 89.6 15:31 71.6 3:18 0.0 15.6 0.00 0.7 10.0 16:33 WSW 8 79.3 89.6 16:46 69.0 23:57 0.0 14.3 0.00 1.4 13.0 15:25 SW 9 77.4 90.4 16:34 64.3 5:31 0.0 12.4 0.00 0.6 10.0 10:40 NE 10 79.7 92.7 16:08 66.7 5:13 0.0 14.7 0.00 0.4 11.0 16:29 SW 11 82.7 94.3 15:55 71.1 6:25 0.0 17.7 0.00 0.6 13.0 11:27 SW 12 83.3 94.0 15:37 72.5 3:11 0.0 18.3 0.00 0.8 12.0 10:43 SW 13 84.2 92.8 14:05 75.5 5:24 0.0 19.2 0.02 0.8 11.0 14:18 SW 14 81.8 88.6 12:51 74.9 5:04 0.0 16.8 0.00 0.5 10.0 11:07 SW 15 79.3 87.1 16:53 71.4 9:51 0.0 14.3 1.95 0.4 12.0 8:36 E 16 79.4 90.6 15:33 68.3 6:08 0.0 14.4 0.01 0.5 11.0 16:46 NW 17 79.1 91.7 15:46 66.6 5:57 0.0 14.1 0.00 0.5 8.0 11:00 WNW 18 80.5 93.6 15:37 67.4 3:36 0.0 15.5 0.00 0.2 9.0 12:36 NW 19 83.3 95.8 15:46 70.8 4:11 0.0 18.3 0.16 0.9 20.0 16:21 NW 20 82.9 94.6 14:30 71.2 6:02 0.0 17.9 0.00 0.6 12.0 11:03 WNW 21 85.3 97.4 15:45 73.1 6:11 0.0 20.3 0.00 0.0 6.0 12:17 WSW 22 87.4 98.1 15:33 76.8 6:13 0.0 22.4 0.00 0.8 12.0 13:55 SW 23 84.4 95.2 16:22 73.6 23:52 0.0 19.4 0.19 0.9 13.0 18:38 SW 24 80.8 92.2 16:33 69.3 6:16 0.0 15.8 0.00 0.3 7.0 11:01 SW 25 84.4 95.7 14:44 73.2 5:11 0.0 19.4 0.00 0.3 9.0 16:15 NE 26 85.3 97.2 15:01 73.3 6:15 0.0 20.3 0.00 0.4 12.0 15:58 SW 27 84.5 92.1 14:33 76.9 5:24 0.0 19.5 0.00 1.2 14.0 12:13 SW 28 80.3 86.8 16:55 73.8 3:35 0.0 15.3 0.23 1.1 14.0 0:57 SW 29 73.8 80.1 17:25 67.5 23:59 0.0 8.8 0.00 2.1 16.0 14:59 N 30 73.3 85.9 15:20 60.8 5:44 0.0 8.3 0.00 1.5 13.0 16:14 NE 31 76.1 91.2 17:01 61.1 6:18 0.0 11.1 0.00 0.6 10.0 14:30 ENE ------------------------------------------------------------------------------------- 80.5 98.1 22 60.8 30 0.0 481.7 5.84 0.7 29.0 1 SW Max >= 90.0: 19 Max <= 32.0: 0 Min <= 32.0: 0 Min <= 0.0: 0 Max Rain: 1.95 ON 07/15/17 Days of Rain: 11 (>.01 in) 9 (>.1 in) 1 (>1 in) Heat Base: 65.0 Cool Base: 65.0 Method: (High + Low) / 2