Warning: file(http://www.wunderground.com/climate/extremes.asp): failed to open stream: HTTP request failed! HTTP/1.0 500 Internal Server Error in /homepages/6/d330860172/htdocs/usaextremes.php on line 55

Warning: implode(): Invalid arguments passed in /homepages/6/d330860172/htdocs/usaextremes.php on line 55

NOAA Style Climate Reports for Lebanon, TN

NOAA style reports

NOAA-style Climate Reports

2018: Jan | Feb | Mar | Apr | May | Jun | Jul | Aug | Sep | Oct | Nov | Dec 
2017: Jan | Feb | Mar | Apr | May | Jun | Jul | Aug | Sep | Oct | Nov | Dec 
2016: Jan | Feb | Mar | Apr | May | Jun | Jul | Aug | Sep | Oct | Nov | Dec 
2015: Jan | Feb | Mar | Apr | May | Jun | Jul | Aug | Sep | Oct | Nov | Dec 
2014: Jan | Feb | Mar | Apr | May | Jun | Jul | Aug | Sep | Oct | Nov | Dec 
2013: Jan | Feb | Mar | Apr | May | Jun | Jul | Aug | Sep | Oct | Nov | Dec 
2012: Jan | Feb | Mar | Apr | May | Jun | Jul | Aug | Sep | Oct | Nov | Dec 
2011: Jan | Feb | Mar | Apr | May | Jun | Jul | Aug | Sep | Oct | Nov | Dec 
2010: Jan | Feb | Mar | Apr | May | Jun | Jul | Aug | Sep | Oct | Nov | Dec 
2009: Jan | Feb | Mar | Apr | May | Jun | Jul | Aug | Sep | Oct | Nov | Dec 
2008: Jan | Feb | Mar | Apr | May | Jun | Jul | Aug | Sep | Oct | Nov | Dec 
2007: Jan | Feb | Mar | Apr | May | Jun | Jul | Aug | Sep | Oct | Nov | Dec 
2006: Jan | Feb | Mar | Apr | May | Jun | Jul | Aug | Sep | Oct | Nov | Dec 
2005: Jan | Feb | Mar | Apr | May | Jun | Jul | Aug | Sep | Oct | Nov | Dec 
2004: Jan | Feb | Mar | Apr | May | Jun | Jul | Aug | Sep | Oct | Nov | Dec 
2003: Jan | Feb | Mar | Apr | May | Jun | Jul | Aug | Sep | Oct | Nov | Dec 
2002: Jan | Feb | Mar | Apr | May | Jun | Jul | Aug | Sep | Oct | Nov | Dec 
2001: Jan | Feb | Mar | Apr | May | Jun | Jul | Aug | Sep | Oct | Nov | Dec 
2000: Jan | Feb | Mar | Apr | May | Jun | Jul | Aug | Sep | Oct | Nov | Dec 
1999: Jan | Feb | Mar | Apr | May | Jun | Jul | Aug | Sep | Oct | Nov | Dec 
1998: Jan | Feb | Mar | Apr | May | Jun | Jul | Aug | Sep | Oct | Nov | Dec 
1997: Jan | Feb | Mar | Apr | May | Jun | Jul | Aug | Sep | Oct | Nov | Dec 
1996: Jan | Feb | Mar | Apr | May | Jun | Jul | Aug | Sep | Oct | Nov | Dec 
1995: Jan | Feb | Mar | Apr | May | Jun | Jul | Aug | Sep | Oct | Nov | Dec 

Report for 2017 08
MONTHLY CLIMATOLOGICAL SUMMARY for AUG. 2017 NAME: HornSpri CITY: Lebanon STATE: TN ELEV: 612 ft LAT: 36 14' 05" N LONG: 86 22' 55" W TEMPERATURE (F), RAIN (in), WIND SPEED (mph) HEAT COOL AVG MEAN DEG DEG WIND DOM DAY TEMP HIGH TIME LOW TIME DAYS DAYS RAIN SPEED HIGH TIME DIR ------------------------------------------------------------------------------------ 1 76.7 87.3 14:13 66.0 6:16 0.0 11.7 0.53 0.2 20.0 15:32 WSW 2 78.6 88.6 13:04 68.6 5:54 0.0 13.6 0.42 0.3 20.0 13:36 ENE 3 79.0 90.1 14:35 67.9 5:51 0.0 14.0 0.00 0.4 9.0 9:53 SW 4 73.9 82.5 13:17 65.4 00:00 0.0 8.9 0.82 1.3 16.0 15:44 SW 5 69.4 83.2 16:46 55.7 6:45 0.0 4.4 0.00 0.8 13.0 10:08 ENE 6 76.1 89.8 15:43 62.3 6:04 0.0 11.1 0.44 0.8 14.0 18:44 E 7 75.9 80.7 11:55 71.2 23:58 0.0 10.9 0.48 1.2 15.0 11:10 NW 8 75.6 83.8 15:21 67.4 23:57 0.0 10.6 0.00 1.5 13.0 10:24 NE 9 76.1 87.8 14:27 64.3 6:14 0.0 11.1 0.00 0.8 8.0 8:24 E 10 81.5 90.4 15:57 72.6 5:04 0.0 16.5 0.02 0.7 11.0 13:10 NW 11 80.4 89.8 15:12 71.1 6:45 0.0 15.4 0.01 0.2 7.0 8:08 SW 12 79.5 86.6 14:43 72.4 5:23 0.0 14.5 0.00 1.2 12.0 13:05 NW 13 77.2 89.2 14:21 65.2 6:28 0.0 12.2 0.00 0.4 10.0 15:03 NW 14 75.6 78.7 12:11 72.6 3:42 0.0 10.6 0.15 0.3 8.0 10:36 SW 15 80.9 89.1 15:53 72.8 4:35 0.0 15.9 0.01 1.2 12.0 15:35 SW 16 82.0 91.0 15:29 73.0 4:58 0.0 17.0 0.21 0.3 8.0 7:41 SW 17 82.4 90.0 15:26 74.9 6:48 0.0 17.4 0.01 1.3 17.0 12:32 SW 18 78.9 87.9 14:31 69.9 23:53 0.0 13.9 0.03 2.1 17.0 12:19 SW 19 79.8 92.2 14:29 67.5 5:14 0.0 14.8 0.00 0.2 7.0 14:20 WSW 20 83.0 95.5 16:30 70.5 5:15 0.0 18.0 0.00 0.2 8.0 15:07 SW 21 81.7 94.5 15:19 68.8 5:28 0.0 16.7 0.00 0.2 8.0 12:01 SW 22 82.1 91.1 16:14 73.1 21:24 0.0 17.1 0.95 1.5 23.0 19:29 SW 23 74.3 83.5 16:05 65.0 23:57 0.0 9.3 0.00 1.3 15.0 12:25 NW 24 71.7 84.3 16:05 59.1 6:56 0.0 6.7 0.00 1.2 13.0 12:14 NNE 25 70.4 83.0 15:46 57.9 6:23 0.0 5.4 0.00 1.5 15.0 15:39 NE 26 73.3 85.8 15:17 60.8 4:12 0.0 8.3 0.00 1.2 11.0 15:15 NE 27 74.9 90.4 16:02 59.5 6:22 0.0 9.9 0.00 0.6 9.0 14:27 ENE 28 71.3 74.8 12:33 67.7 23:31 0.0 6.3 0.10 0.2 6.0 8:30 ESE 29 75.9 87.8 15:58 64.0 6:51 0.0 10.9 0.00 0.3 7.0 16:10 NW 30 --- 85.6 12:19 65.6 4:14 0.0 10.6 0.02 0.4 8.0 11:18 NE 31 74.9 81.4 15:42 68.4 4:54 0.0 9.9 2.44 2.5 27.0 22:54 NE ------------------------------------------------------------------------------------- 77.1 95.5 20 55.7 5 0.0 373.8 6.64 0.8 27.0 31 SW Max >= 90.0: 9 Max <= 32.0: 0 Min <= 32.0: 0 Min <= 0.0: 0 Max Rain: 2.44 ON 08/31/17 Days of Rain: 13 (>.01 in) 9 (>.1 in) 1 (>1 in) Heat Base: 65.0 Cool Base: 65.0 Method: (High + Low) / 2