Warning: file(http://www.wunderground.com/climate/extremes.asp): failed to open stream: HTTP request failed! HTTP/1.0 500 Internal Server Error in /homepages/6/d330860172/htdocs/usaextremes.php on line 55

Warning: implode(): Invalid arguments passed in /homepages/6/d330860172/htdocs/usaextremes.php on line 55

NOAA Style Climate Reports for Lebanon, TN

NOAA style reports

NOAA-style Climate Reports

2018: Jan | Feb | Mar | Apr | May | Jun | Jul | Aug | Sep | Oct | Nov | Dec 
2017: Jan | Feb | Mar | Apr | May | Jun | Jul | Aug | Sep | Oct | Nov | Dec 
2016: Jan | Feb | Mar | Apr | May | Jun | Jul | Aug | Sep | Oct | Nov | Dec 
2015: Jan | Feb | Mar | Apr | May | Jun | Jul | Aug | Sep | Oct | Nov | Dec 
2014: Jan | Feb | Mar | Apr | May | Jun | Jul | Aug | Sep | Oct | Nov | Dec 
2013: Jan | Feb | Mar | Apr | May | Jun | Jul | Aug | Sep | Oct | Nov | Dec 
2012: Jan | Feb | Mar | Apr | May | Jun | Jul | Aug | Sep | Oct | Nov | Dec 
2011: Jan | Feb | Mar | Apr | May | Jun | Jul | Aug | Sep | Oct | Nov | Dec 
2010: Jan | Feb | Mar | Apr | May | Jun | Jul | Aug | Sep | Oct | Nov | Dec 
2009: Jan | Feb | Mar | Apr | May | Jun | Jul | Aug | Sep | Oct | Nov | Dec 
2008: Jan | Feb | Mar | Apr | May | Jun | Jul | Aug | Sep | Oct | Nov | Dec 
2007: Jan | Feb | Mar | Apr | May | Jun | Jul | Aug | Sep | Oct | Nov | Dec 
2006: Jan | Feb | Mar | Apr | May | Jun | Jul | Aug | Sep | Oct | Nov | Dec 
2005: Jan | Feb | Mar | Apr | May | Jun | Jul | Aug | Sep | Oct | Nov | Dec 
2004: Jan | Feb | Mar | Apr | May | Jun | Jul | Aug | Sep | Oct | Nov | Dec 
2003: Jan | Feb | Mar | Apr | May | Jun | Jul | Aug | Sep | Oct | Nov | Dec 
2002: Jan | Feb | Mar | Apr | May | Jun | Jul | Aug | Sep | Oct | Nov | Dec 
2001: Jan | Feb | Mar | Apr | May | Jun | Jul | Aug | Sep | Oct | Nov | Dec 
2000: Jan | Feb | Mar | Apr | May | Jun | Jul | Aug | Sep | Oct | Nov | Dec 
1999: Jan | Feb | Mar | Apr | May | Jun | Jul | Aug | Sep | Oct | Nov | Dec 
1998: Jan | Feb | Mar | Apr | May | Jun | Jul | Aug | Sep | Oct | Nov | Dec 
1997: Jan | Feb | Mar | Apr | May | Jun | Jul | Aug | Sep | Oct | Nov | Dec 
1996: Jan | Feb | Mar | Apr | May | Jun | Jul | Aug | Sep | Oct | Nov | Dec 
1995: Jan | Feb | Mar | Apr | May | Jun | Jul | Aug | Sep | Oct | Nov | Dec 

Report for 2017 10
MONTHLY CLIMATOLOGICAL SUMMARY for OCT. 2017 NAME: HornSpri CITY: Lebanon STATE: TN ELEV: 612 ft LAT: 36 14' 05" N LONG: 86 22' 55" W TEMPERATURE (F), RAIN (in), WIND SPEED (mph) HEAT COOL AVG MEAN DEG DEG WIND DOM DAY TEMP HIGH TIME LOW TIME DAYS DAYS RAIN SPEED HIGH TIME DIR ------------------------------------------------------------------------------------ 1 65.3 81.2 14:37 49.3 6:53 0.0 0.3 0.00 1.1 16.0 14:49 ESE 2 65.2 77.8 13:36 52.6 6:58 0.0 0.2 0.00 1.1 11.0 11:54 ESE 3 72.1 85.9 15:00 58.3 7:25 0.0 7.1 0.00 0.9 10.0 9:26 ESE 4 70.3 84.8 15:08 55.8 7:26 0.0 5.3 0.00 0.5 13.0 10:31 SW 5 71.3 86.8 16:29 55.8 6:19 0.0 6.3 0.00 0.0 6.0 11:22 SW 6 70.7 86.1 15:29 55.2 7:10 0.0 5.7 0.00 0.7 19.0 12:14 SSE 7 75.8 84.0 15:19 67.7 5:39 0.0 10.8 0.02 0.5 13.0 21:39 SSE 8 73.6 76.2 0:01 71.1 18:53 0.0 8.6 0.35 1.6 14.0 16:04 NE 9 78.6 86.7 15:37 70.4 6:02 0.0 13.6 0.00 0.6 11.0 0:44 SW 10 76.8 82.1 13:48 71.6 6:24 0.0 11.8 0.05 0.1 7.0 14:42 S 11 65.6 73.7 2:05 57.4 23:57 0.0 0.6 0.00 0.0 7.0 17:04 SW 12 57.8 64.8 16:36 50.8 23:58 7.2 0.0 0.00 0.0 7.0 7:56 NNE 13 63.6 80.4 16:33 46.8 6:45 1.4 0.0 0.01 0.0 5.0 8:20 NNE 14 69.5 84.4 13:23 54.6 3:06 0.0 4.5 0.03 0.4 9.0 22:33 S 15 67.6 80.8 12:08 54.4 21:39 0.0 2.6 0.47 0.9 17.0 16:39 S 16 56.3 66.7 15:36 45.9 23:57 8.7 0.0 0.00 0.4 17.0 7:50 NNW 17 55.3 70.3 15:13 40.2 5:59 9.8 0.0 0.00 0.1 7.0 12:23 NE 18 57.0 74.0 15:00 39.9 7:11 8.0 0.0 0.00 0.0 6.0 17:07 SE 19 60.7 77.6 16:08 43.8 7:35 4.3 0.0 0.00 0.1 7.0 13:03 SW 20 62.4 80.6 16:23 44.3 7:05 2.6 0.0 0.00 0.1 7.0 14:36 NNW 21 63.3 78.0 13:45 48.5 4:16 1.8 0.0 0.00 0.4 11.0 10:31 ENE 22 71.4 79.0 12:56 63.9 4:30 0.0 6.4 0.00 1.6 17.0 12:51 SE 23 62.3 73.2 0:31 51.3 22:36 2.8 0.0 1.42 1.0 27.0 4:07 SW 24 52.7 61.4 12:58 44.0 23:57 12.3 0.0 0.00 0.7 17.0 17:29 SW 25 50.0 58.1 15:11 42.0 7:25 15.0 0.0 0.00 2.4 18.0 11:35 SW 26 57.3 73.1 15:45 41.4 7:03 7.8 0.0 0.00 1.1 10.0 21:18 SSE 27 56.9 72.3 14:27 41.4 23:53 8.1 0.0 0.84 3.5 19.0 17:40 S 28 43.8 49.0 14:49 38.6 23:45 21.2 0.0 0.42 2.3 15.0 13:32 NW 29 37.4 44.2 17:08 30.6 22:53 27.6 0.0 0.00 1.1 14.0 11:36 NW 30 50.1 69.8 16:33 30.4 0:20 14.9 0.0 0.00 2.2 19.0 14:19 S 31 47.5 59.5 16:04 35.6 5:43 17.5 0.0 0.00 0.5 10.0 10:07 NNW ------------------------------------------------------------------------------------- 62.2 86.8 5 30.4 30 170.7 83.8 3.61 0.8 27.0 23 SW Max >= 90.0: 0 Max <= 32.0: 0 Min <= 32.0: 2 Min <= 0.0: 0 Max Rain: 1.42 ON 10/23/17 Days of Rain: 8 (>.01 in) 5 (>.1 in) 1 (>1 in) Heat Base: 65.0 Cool Base: 65.0 Method: (High + Low) / 2